{"id":1901963,"date":"2026-04-23T23:12:30","date_gmt":"2026-04-23T23:12:30","guid":{"rendered":"https:\/\/culture.ixelles.be\/events\/panorama-of-iberian-cinema-2\/"},"modified":"2026-04-23T23:12:30","modified_gmt":"2026-04-23T23:12:30","slug":"panorama-of-iberian-cinema-2","status":"publish","type":"events","link":"https:\/\/culture.ixelles.be\/en\/events\/panorama-of-iberian-cinema-2\/","title":{"rendered":"Panorama of Iberian cinema"},"content":{"rendered":"<p>Double screening of Carmen y Lola and Duas Vezes Jo\u00e3o Liberada, followed by a discussion with Jo\u00e3o Ferreira<\/p>\n<p>Organized by the Department of Hispanic Studies at Universit\u00e9 libre de Bruxelles (ULB) in collaboration with the Instituto Cervantes, the Instituto Cam\u00f5es, and the Embassies of Spain and Portugal in Belgium, Panorama: Iberian Cinema returns for its second edition. The festival celebrates the film production of Portugal and Spain around a shared theme, offering multiple artistic perspectives on common realities.<\/p>\n<p>While the first edition was dedicated to commemorating the arrival of democracy in both countries and the struggles that made it possible, this second edition, titled Iridescent Gazes, highlights narrative diversity and aesthetic forms representing queer individuals through six feature films and eight short films, a visual arts exhibition, and discussions with artists, researchers, and activists.<\/p>\n<p>The festival will open with screenings of Carmen y Lola by Arantxa Echevarr\u00eda and Duas Vezes Jo\u00e3o Liberada by Paula Tom\u00e1s Marques, followed by a discussion with Jo\u00e3o Ferreira, artistic director of Queer Lisboa 29 \u2013 International Queer Film Festival.<\/p>\n<p>Synopsis of &#8216;Carmen y Lola&#8217;:<br \/>\nCarmen lives in a Roma community on the outskirts of Madrid. Like all the women she knows, she is expected to follow a traditional path: marry young and have children. But her life changes when she meets Lola, a different kind of Roma girl who dreams of going to university, draws bird graffiti, and embraces her attraction to women. A bond grows between them that gradually turns into love. However, in a community deeply rooted in its traditions, their relationship becomes a taboo, exposing them to rejection from their families and those around them.<\/p>\n<p>Synopsis of &#8216;Duas Vezes Jo\u00e3o Liberada&#8217;:<br \/>\nLiberada, a historical figure who did not conform to gender norms, was targeted by the Inquisition. When the director falls ill, the protagonist must overcome obstacles to complete the film and do justice to the legacy of its central figure.<\/p>\n","protected":false},"excerpt":{"rendered":"<p>Double screening of Carmen y Lola and Duas Vezes Jo\u00e3o Liberada, followed by a discussion with Jo\u00e3o Ferreira Organized by the Department of Hispanic Studies at Universit\u00e9 libre de Bruxelles (ULB) in collaboration with the Instituto Cervantes, the Instituto Cam\u00f5es, and the Embassies of Spain and Portugal in Belgium, Panorama: Iberian Cinema returns for its [&hellip;]<\/p>\n","protected":false},"author":1,"featured_media":1901964,"comment_status":"","ping_status":"closed","template":"","acf":[],"yoast_head":"<!-- This site is optimized with the Yoast SEO plugin v24.5 - https:\/\/yoast.com\/wordpress\/plugins\/seo\/ -->\n<title>Panorama of Iberian cinema - Ixelles<\/title>\n<meta name=\"robots\" content=\"index, follow, max-snippet:-1, max-image-preview:large, max-video-preview:-1\" \/>\n<link rel=\"canonical\" href=\"https:\/\/culture.ixelles.be\/en\/events\/panorama-of-iberian-cinema-2\/\" \/>\n<meta property=\"og:locale\" content=\"en_US\" \/>\n<meta property=\"og:type\" content=\"article\" \/>\n<meta property=\"og:title\" content=\"Panorama of Iberian cinema - Ixelles\" \/>\n<meta property=\"og:url\" content=\"https:\/\/culture.ixelles.be\/en\/events\/panorama-of-iberian-cinema-2\/\" \/>\n<meta property=\"og:site_name\" content=\"Ixelles\" \/>\n<meta name=\"twitter:card\" content=\"summary_large_image\" \/>\n<meta name=\"twitter:label1\" content=\"Est. reading time\" \/>\n\t<meta name=\"twitter:data1\" content=\"2 minutes\" \/>\n<script type=\"application\/ld+json\" class=\"yoast-schema-graph\">{\"@context\":\"https:\/\/schema.org\",\"@graph\":[{\"@type\":\"WebPage\",\"@id\":\"https:\/\/culture.ixelles.be\/en\/events\/panorama-of-iberian-cinema-2\/\",\"url\":\"https:\/\/culture.ixelles.be\/en\/events\/panorama-of-iberian-cinema-2\/\",\"name\":\"Panorama of Iberian cinema - Ixelles\",\"isPartOf\":{\"@id\":\"https:\/\/culture.ixelles.be\/en\/#website\"},\"primaryImageOfPage\":{\"@id\":\"https:\/\/culture.ixelles.be\/en\/events\/panorama-of-iberian-cinema-2\/#primaryimage\"},\"image\":{\"@id\":\"https:\/\/culture.ixelles.be\/en\/events\/panorama-of-iberian-cinema-2\/#primaryimage\"},\"thumbnailUrl\":\"https:\/\/culture.ixelles.be\/wp-content\/uploads\/2026\/04\/c8bbc613bdc86bfcf6754829ac4c1a1d43b6c37e.jpg\",\"datePublished\":\"2026-04-23T23:12:30+00:00\",\"breadcrumb\":{\"@id\":\"https:\/\/culture.ixelles.be\/en\/events\/panorama-of-iberian-cinema-2\/#breadcrumb\"},\"inLanguage\":\"en-US\",\"potentialAction\":[{\"@type\":\"ReadAction\",\"target\":[\"https:\/\/culture.ixelles.be\/en\/events\/panorama-of-iberian-cinema-2\/\"]}]},{\"@type\":\"ImageObject\",\"inLanguage\":\"en-US\",\"@id\":\"https:\/\/culture.ixelles.be\/en\/events\/panorama-of-iberian-cinema-2\/#primaryimage\",\"url\":\"https:\/\/culture.ixelles.be\/wp-content\/uploads\/2026\/04\/c8bbc613bdc86bfcf6754829ac4c1a1d43b6c37e.jpg\",\"contentUrl\":\"https:\/\/culture.ixelles.be\/wp-content\/uploads\/2026\/04\/c8bbc613bdc86bfcf6754829ac4c1a1d43b6c37e.jpg\",\"width\":500,\"height\":500},{\"@type\":\"BreadcrumbList\",\"@id\":\"https:\/\/culture.ixelles.be\/en\/events\/panorama-of-iberian-cinema-2\/#breadcrumb\",\"itemListElement\":[{\"@type\":\"ListItem\",\"position\":1,\"name\":\"Accueil\",\"item\":\"https:\/\/culture.ixelles.be\/en\/\"},{\"@type\":\"ListItem\",\"position\":2,\"name\":\"Events\",\"item\":\"https:\/\/culture.ixelles.be\/en\/events\/\"},{\"@type\":\"ListItem\",\"position\":3,\"name\":\"Panorama of Iberian cinema\"}]},{\"@type\":\"WebSite\",\"@id\":\"https:\/\/culture.ixelles.be\/en\/#website\",\"url\":\"https:\/\/culture.ixelles.be\/en\/\",\"name\":\"Ixelles\",\"description\":\"\",\"publisher\":{\"@id\":\"https:\/\/culture.ixelles.be\/en\/#organization\"},\"potentialAction\":[{\"@type\":\"SearchAction\",\"target\":{\"@type\":\"EntryPoint\",\"urlTemplate\":\"https:\/\/culture.ixelles.be\/en\/?s={search_term_string}\"},\"query-input\":{\"@type\":\"PropertyValueSpecification\",\"valueRequired\":true,\"valueName\":\"search_term_string\"}}],\"inLanguage\":\"en-US\"},{\"@type\":\"Organization\",\"@id\":\"https:\/\/culture.ixelles.be\/en\/#organization\",\"name\":\"Service culture Ixelles\",\"url\":\"https:\/\/culture.ixelles.be\/en\/\",\"logo\":{\"@type\":\"ImageObject\",\"inLanguage\":\"en-US\",\"@id\":\"https:\/\/culture.ixelles.be\/en\/#\/schema\/logo\/image\/\",\"url\":\"https:\/\/culture.ixelles.be\/wp-content\/uploads\/2021\/05\/ixelles_green.svg\",\"contentUrl\":\"https:\/\/culture.ixelles.be\/wp-content\/uploads\/2021\/05\/ixelles_green.svg\",\"width\":1,\"height\":1,\"caption\":\"Service culture Ixelles\"},\"image\":{\"@id\":\"https:\/\/culture.ixelles.be\/en\/#\/schema\/logo\/image\/\"}}]}<\/script>\n<!-- \/ Yoast SEO plugin. -->","yoast_head_json":{"title":"Panorama of Iberian cinema - Ixelles","robots":{"index":"index","follow":"follow","max-snippet":"max-snippet:-1","max-image-preview":"max-image-preview:large","max-video-preview":"max-video-preview:-1"},"canonical":"https:\/\/culture.ixelles.be\/en\/events\/panorama-of-iberian-cinema-2\/","og_locale":"en_US","og_type":"article","og_title":"Panorama of Iberian cinema - Ixelles","og_url":"https:\/\/culture.ixelles.be\/en\/events\/panorama-of-iberian-cinema-2\/","og_site_name":"Ixelles","twitter_card":"summary_large_image","twitter_misc":{"Est. reading time":"2 minutes"},"schema":{"@context":"https:\/\/schema.org","@graph":[{"@type":"WebPage","@id":"https:\/\/culture.ixelles.be\/en\/events\/panorama-of-iberian-cinema-2\/","url":"https:\/\/culture.ixelles.be\/en\/events\/panorama-of-iberian-cinema-2\/","name":"Panorama of Iberian cinema - Ixelles","isPartOf":{"@id":"https:\/\/culture.ixelles.be\/en\/#website"},"primaryImageOfPage":{"@id":"https:\/\/culture.ixelles.be\/en\/events\/panorama-of-iberian-cinema-2\/#primaryimage"},"image":{"@id":"https:\/\/culture.ixelles.be\/en\/events\/panorama-of-iberian-cinema-2\/#primaryimage"},"thumbnailUrl":"https:\/\/culture.ixelles.be\/wp-content\/uploads\/2026\/04\/c8bbc613bdc86bfcf6754829ac4c1a1d43b6c37e.jpg","datePublished":"2026-04-23T23:12:30+00:00","breadcrumb":{"@id":"https:\/\/culture.ixelles.be\/en\/events\/panorama-of-iberian-cinema-2\/#breadcrumb"},"inLanguage":"en-US","potentialAction":[{"@type":"ReadAction","target":["https:\/\/culture.ixelles.be\/en\/events\/panorama-of-iberian-cinema-2\/"]}]},{"@type":"ImageObject","inLanguage":"en-US","@id":"https:\/\/culture.ixelles.be\/en\/events\/panorama-of-iberian-cinema-2\/#primaryimage","url":"https:\/\/culture.ixelles.be\/wp-content\/uploads\/2026\/04\/c8bbc613bdc86bfcf6754829ac4c1a1d43b6c37e.jpg","contentUrl":"https:\/\/culture.ixelles.be\/wp-content\/uploads\/2026\/04\/c8bbc613bdc86bfcf6754829ac4c1a1d43b6c37e.jpg","width":500,"height":500},{"@type":"BreadcrumbList","@id":"https:\/\/culture.ixelles.be\/en\/events\/panorama-of-iberian-cinema-2\/#breadcrumb","itemListElement":[{"@type":"ListItem","position":1,"name":"Accueil","item":"https:\/\/culture.ixelles.be\/en\/"},{"@type":"ListItem","position":2,"name":"Events","item":"https:\/\/culture.ixelles.be\/en\/events\/"},{"@type":"ListItem","position":3,"name":"Panorama of Iberian cinema"}]},{"@type":"WebSite","@id":"https:\/\/culture.ixelles.be\/en\/#website","url":"https:\/\/culture.ixelles.be\/en\/","name":"Ixelles","description":"","publisher":{"@id":"https:\/\/culture.ixelles.be\/en\/#organization"},"potentialAction":[{"@type":"SearchAction","target":{"@type":"EntryPoint","urlTemplate":"https:\/\/culture.ixelles.be\/en\/?s={search_term_string}"},"query-input":{"@type":"PropertyValueSpecification","valueRequired":true,"valueName":"search_term_string"}}],"inLanguage":"en-US"},{"@type":"Organization","@id":"https:\/\/culture.ixelles.be\/en\/#organization","name":"Service culture Ixelles","url":"https:\/\/culture.ixelles.be\/en\/","logo":{"@type":"ImageObject","inLanguage":"en-US","@id":"https:\/\/culture.ixelles.be\/en\/#\/schema\/logo\/image\/","url":"https:\/\/culture.ixelles.be\/wp-content\/uploads\/2021\/05\/ixelles_green.svg","contentUrl":"https:\/\/culture.ixelles.be\/wp-content\/uploads\/2021\/05\/ixelles_green.svg","width":1,"height":1,"caption":"Service culture Ixelles"},"image":{"@id":"https:\/\/culture.ixelles.be\/en\/#\/schema\/logo\/image\/"}}]}},"_links":{"self":[{"href":"https:\/\/culture.ixelles.be\/en\/wp-json\/wp\/v2\/events\/1901963"}],"collection":[{"href":"https:\/\/culture.ixelles.be\/en\/wp-json\/wp\/v2\/events"}],"about":[{"href":"https:\/\/culture.ixelles.be\/en\/wp-json\/wp\/v2\/types\/events"}],"author":[{"embeddable":true,"href":"https:\/\/culture.ixelles.be\/en\/wp-json\/wp\/v2\/users\/1"}],"replies":[{"embeddable":true,"href":"https:\/\/culture.ixelles.be\/en\/wp-json\/wp\/v2\/comments?post=1901963"}],"version-history":[{"count":0,"href":"https:\/\/culture.ixelles.be\/en\/wp-json\/wp\/v2\/events\/1901963\/revisions"}],"wp:featuredmedia":[{"embeddable":true,"href":"https:\/\/culture.ixelles.be\/en\/wp-json\/wp\/v2\/media\/1901964"}],"wp:attachment":[{"href":"https:\/\/culture.ixelles.be\/en\/wp-json\/wp\/v2\/media?parent=1901963"}],"curies":[{"name":"wp","href":"https:\/\/api.w.org\/{rel}","templated":true}]}}

<p>Double screening of Carmen y Lola and Duas Vezes João Liberada, followed by a discussion with João Ferreira</p>
<p>Organized by the Department of Hispanic Studies at Université libre de Bruxelles (ULB) in collaboration with the Instituto Cervantes, the Instituto Camões, and the Embassies of Spain and Portugal in Belgium, Panorama: Iberian Cinema returns for its second edition. The festival celebrates the film production of Portugal and Spain around a shared theme, offering multiple artistic perspectives on common realities.</p>
<p>While the first edition was dedicated to commemorating the arrival of democracy in both countries and the struggles that made it possible, this second edition, titled Iridescent Gazes, highlights narrative diversity and aesthetic forms representing queer individuals through six feature films and eight short films, a visual arts exhibition, and discussions with artists, researchers, and activists.</p>
<p>The festival will open with screenings of Carmen y Lola by Arantxa Echevarría and Duas Vezes João Liberada by Paula Tomás Marques, followed by a discussion with João Ferreira, artistic director of Queer Lisboa 29 – International Queer Film Festival.</p>
<p>Synopsis of &#8216;Carmen y Lola&#8217;:<br />
Carmen lives in a Roma community on the outskirts of Madrid. Like all the women she knows, she is expected to follow a traditional path: marry young and have children. But her life changes when she meets Lola, a different kind of Roma girl who dreams of going to university, draws bird graffiti, and embraces her attraction to women. A bond grows between them that gradually turns into love. However, in a community deeply rooted in its traditions, their relationship becomes a taboo, exposing them to rejection from their families and those around them.</p>
<p>Synopsis of &#8216;Duas Vezes João Liberada&#8217;:<br />
Liberada, a historical figure who did not conform to gender norms, was targeted by the Inquisition. When the director falls ill, the protagonist must overcome obstacles to complete the film and do justice to the legacy of its central figure.</p>

<p>Double screening of Carmen y Lola and Duas Vezes João Liberada, followed by a discussion with João Ferreira Organized by the Department of Hispanic Studies at Université libre de Bruxelles (ULB) in collaboration with the Instituto Cervantes, the Instituto Camões, and the Embassies of Spain and Portugal in Belgium, Panorama: Iberian Cinema returns for its [&hellip;]</p>
