{"id":1982280,"date":"2026-08-20T23:24:59","date_gmt":"2026-08-20T23:24:59","guid":{"rendered":"https:\/\/culture.ixelles.be\/events\/las-lineas-discontinuas-2\/"},"modified":"2026-08-20T23:24:59","modified_gmt":"2026-08-20T23:24:59","slug":"las-lineas-discontinuas-2","status":"publish","type":"events","link":"https:\/\/culture.ixelles.be\/en\/events\/las-lineas-discontinuas-2\/","title":{"rendered":"Las l\u00edneas discontinuas"},"content":{"rendered":"<p>Screening and discussion of &#8216;Las l\u00edneas discontinuas&#8217; with director Anxos Faz\u00e1ns<\/p>\n<p>As part of the Mestre Mateo Awards, the Instituto Cervantes in Brussels will host a cycle of Galician cinema, whose second screening will be &#8216;Las l\u00edneas discontinuas&#8217;, directed and written by Anxos Faz\u00e1ns.<\/p>\n<p>Synopsis<\/p>\n<p>Bea is a 50-year-old woman who is separating from her husband. On the day she has to leave the home where she has lived for the past twenty years, she arrives home to find everything in disarray and one of the burglars asleep in her bed.<\/p>\n<p>Den\u00eds is a 28-year-old man who, despite having a university degree, struggles with job insecurity and a lack of opportunities. After spending three days together, each of them must continue on their own path. When they return to their lives, they are no longer the same.<\/p>\n<p>About the director<\/p>\n<p>Anxos Faz\u00e1ns (Pontevedra, 1992) is a director and screenwriter. She has recently released her second feature film, &#8216;Las l\u00edneas discontinuas&#8217;, which had its international premiere in the Official Selection of the Tallinn Black Nights Festival 2025, and its Spanish premiere at the Gij\u00f3n International Film Festival (FICX), where it received the \u00abDAMA\u00bb Award for Best Screenplay for a Spanish Film. It has also been screened at numerous national festivals such as Novos Cinemas, Rizoma and REC Tarragona. In addition, it is part of the Smart 7 International Selection, which will take it to festivals such as Vilnius, IndieLisboa, New Horizons and Thessaloniki.<\/p>\n<p>Her first feature film, &#8216;A Estaci\u00f3n Violenta&#8217; (2017, Matriuska), travelled to several festivals, including the Seville European Film Festival, BAFICI, D\u2019La Film Festival, SANFIC and Cinespa\u00f1a Toulouse. It also received an Honourable Mention at the Cali International Film Festival. Her short films have likewise been selected for various festivals: Area (2016, Matriuska) was screened at Zinebi, Anal\u00f3gica (2019, Erika Lust) competed at BAFICI and Curtocircuito, and Habitar (2023, S\u00e9ptima) was selected for Play-Doc and the Gij\u00f3n International Film Festival, among others. In 2019, she took part in the Injuve Artistic Residencies.<\/p>\n<p>In 2018, she founded the production company S\u00e9tima together with Silvia Fuentes, where she produces and supports directors such as Javier Ferreiro, \u00c1ngel Filgueira, Sara Traba, Berio Molina and \u00c1lvaro Gago. She also worked as an assistant director on the feature films &#8216;Naci\u00f3n&#8217; by Margarita Ledo and &#8216;Cando toco un animal&#8217; by \u00c1ngel Filgueira. She combines her professional career with teaching, as part of the teaching team of the Degree in Audiovisual Communication at UVigo and the ACT Galicia school, among other activities. In terms of her academic background, she completed a Master&#8217;s Degree in Film Direction at ESCAC and a Master&#8217;s Degree in Contemporary Art, Creation and Research at UVigo.<\/p>\n","protected":false},"excerpt":{"rendered":"<p>Screening and discussion of &#8216;Las l\u00edneas discontinuas&#8217; with director Anxos Faz\u00e1ns As part of the Mestre Mateo Awards, the Instituto Cervantes in Brussels will host a cycle of Galician cinema, whose second screening will be &#8216;Las l\u00edneas discontinuas&#8217;, directed and written by Anxos Faz\u00e1ns. Synopsis Bea is a 50-year-old woman who is separating from her [&hellip;]<\/p>\n","protected":false},"author":1,"featured_media":1982281,"comment_status":"","ping_status":"closed","template":"","acf":[],"yoast_head":"<!-- This site is optimized with the Yoast SEO plugin v24.5 - https:\/\/yoast.com\/wordpress\/plugins\/seo\/ -->\n<title>Las l\u00edneas discontinuas - Ixelles<\/title>\n<meta name=\"robots\" content=\"index, follow, max-snippet:-1, max-image-preview:large, max-video-preview:-1\" \/>\n<link rel=\"canonical\" href=\"https:\/\/culture.ixelles.be\/en\/events\/las-lineas-discontinuas-2\/\" \/>\n<meta property=\"og:locale\" content=\"en_US\" \/>\n<meta property=\"og:type\" content=\"article\" \/>\n<meta property=\"og:title\" content=\"Las l\u00edneas discontinuas - Ixelles\" \/>\n<meta property=\"og:url\" content=\"https:\/\/culture.ixelles.be\/en\/events\/las-lineas-discontinuas-2\/\" \/>\n<meta property=\"og:site_name\" content=\"Ixelles\" \/>\n<meta name=\"twitter:card\" content=\"summary_large_image\" \/>\n<meta name=\"twitter:label1\" content=\"Est. reading time\" \/>\n\t<meta name=\"twitter:data1\" content=\"2 minutes\" \/>\n<script type=\"application\/ld+json\" class=\"yoast-schema-graph\">{\"@context\":\"https:\/\/schema.org\",\"@graph\":[{\"@type\":\"WebPage\",\"@id\":\"https:\/\/culture.ixelles.be\/en\/events\/las-lineas-discontinuas-2\/\",\"url\":\"https:\/\/culture.ixelles.be\/en\/events\/las-lineas-discontinuas-2\/\",\"name\":\"Las l\u00edneas discontinuas - Ixelles\",\"isPartOf\":{\"@id\":\"https:\/\/culture.ixelles.be\/en\/#website\"},\"primaryImageOfPage\":{\"@id\":\"https:\/\/culture.ixelles.be\/en\/events\/las-lineas-discontinuas-2\/#primaryimage\"},\"image\":{\"@id\":\"https:\/\/culture.ixelles.be\/en\/events\/las-lineas-discontinuas-2\/#primaryimage\"},\"thumbnailUrl\":\"https:\/\/culture.ixelles.be\/wp-content\/uploads\/2026\/08\/fe9c4ad9bd1763522e16cc24efb001b9756bc99e.jpg\",\"datePublished\":\"2026-08-20T23:24:59+00:00\",\"breadcrumb\":{\"@id\":\"https:\/\/culture.ixelles.be\/en\/events\/las-lineas-discontinuas-2\/#breadcrumb\"},\"inLanguage\":\"en-US\",\"potentialAction\":[{\"@type\":\"ReadAction\",\"target\":[\"https:\/\/culture.ixelles.be\/en\/events\/las-lineas-discontinuas-2\/\"]}]},{\"@type\":\"ImageObject\",\"inLanguage\":\"en-US\",\"@id\":\"https:\/\/culture.ixelles.be\/en\/events\/las-lineas-discontinuas-2\/#primaryimage\",\"url\":\"https:\/\/culture.ixelles.be\/wp-content\/uploads\/2026\/08\/fe9c4ad9bd1763522e16cc24efb001b9756bc99e.jpg\",\"contentUrl\":\"https:\/\/culture.ixelles.be\/wp-content\/uploads\/2026\/08\/fe9c4ad9bd1763522e16cc24efb001b9756bc99e.jpg\",\"width\":500,\"height\":500},{\"@type\":\"BreadcrumbList\",\"@id\":\"https:\/\/culture.ixelles.be\/en\/events\/las-lineas-discontinuas-2\/#breadcrumb\",\"itemListElement\":[{\"@type\":\"ListItem\",\"position\":1,\"name\":\"Accueil\",\"item\":\"https:\/\/culture.ixelles.be\/en\/\"},{\"@type\":\"ListItem\",\"position\":2,\"name\":\"Events\",\"item\":\"https:\/\/culture.ixelles.be\/en\/events\/\"},{\"@type\":\"ListItem\",\"position\":3,\"name\":\"Las l\u00edneas discontinuas\"}]},{\"@type\":\"WebSite\",\"@id\":\"https:\/\/culture.ixelles.be\/en\/#website\",\"url\":\"https:\/\/culture.ixelles.be\/en\/\",\"name\":\"Ixelles\",\"description\":\"\",\"publisher\":{\"@id\":\"https:\/\/culture.ixelles.be\/en\/#organization\"},\"potentialAction\":[{\"@type\":\"SearchAction\",\"target\":{\"@type\":\"EntryPoint\",\"urlTemplate\":\"https:\/\/culture.ixelles.be\/en\/?s={search_term_string}\"},\"query-input\":{\"@type\":\"PropertyValueSpecification\",\"valueRequired\":true,\"valueName\":\"search_term_string\"}}],\"inLanguage\":\"en-US\"},{\"@type\":\"Organization\",\"@id\":\"https:\/\/culture.ixelles.be\/en\/#organization\",\"name\":\"Service culture Ixelles\",\"url\":\"https:\/\/culture.ixelles.be\/en\/\",\"logo\":{\"@type\":\"ImageObject\",\"inLanguage\":\"en-US\",\"@id\":\"https:\/\/culture.ixelles.be\/en\/#\/schema\/logo\/image\/\",\"url\":\"https:\/\/culture.ixelles.be\/wp-content\/uploads\/2021\/05\/ixelles_green.svg\",\"contentUrl\":\"https:\/\/culture.ixelles.be\/wp-content\/uploads\/2021\/05\/ixelles_green.svg\",\"width\":1,\"height\":1,\"caption\":\"Service culture Ixelles\"},\"image\":{\"@id\":\"https:\/\/culture.ixelles.be\/en\/#\/schema\/logo\/image\/\"}}]}<\/script>\n<!-- \/ Yoast SEO plugin. -->","yoast_head_json":{"title":"Las l\u00edneas discontinuas - Ixelles","robots":{"index":"index","follow":"follow","max-snippet":"max-snippet:-1","max-image-preview":"max-image-preview:large","max-video-preview":"max-video-preview:-1"},"canonical":"https:\/\/culture.ixelles.be\/en\/events\/las-lineas-discontinuas-2\/","og_locale":"en_US","og_type":"article","og_title":"Las l\u00edneas discontinuas - Ixelles","og_url":"https:\/\/culture.ixelles.be\/en\/events\/las-lineas-discontinuas-2\/","og_site_name":"Ixelles","twitter_card":"summary_large_image","twitter_misc":{"Est. reading time":"2 minutes"},"schema":{"@context":"https:\/\/schema.org","@graph":[{"@type":"WebPage","@id":"https:\/\/culture.ixelles.be\/en\/events\/las-lineas-discontinuas-2\/","url":"https:\/\/culture.ixelles.be\/en\/events\/las-lineas-discontinuas-2\/","name":"Las l\u00edneas discontinuas - Ixelles","isPartOf":{"@id":"https:\/\/culture.ixelles.be\/en\/#website"},"primaryImageOfPage":{"@id":"https:\/\/culture.ixelles.be\/en\/events\/las-lineas-discontinuas-2\/#primaryimage"},"image":{"@id":"https:\/\/culture.ixelles.be\/en\/events\/las-lineas-discontinuas-2\/#primaryimage"},"thumbnailUrl":"https:\/\/culture.ixelles.be\/wp-content\/uploads\/2026\/08\/fe9c4ad9bd1763522e16cc24efb001b9756bc99e.jpg","datePublished":"2026-08-20T23:24:59+00:00","breadcrumb":{"@id":"https:\/\/culture.ixelles.be\/en\/events\/las-lineas-discontinuas-2\/#breadcrumb"},"inLanguage":"en-US","potentialAction":[{"@type":"ReadAction","target":["https:\/\/culture.ixelles.be\/en\/events\/las-lineas-discontinuas-2\/"]}]},{"@type":"ImageObject","inLanguage":"en-US","@id":"https:\/\/culture.ixelles.be\/en\/events\/las-lineas-discontinuas-2\/#primaryimage","url":"https:\/\/culture.ixelles.be\/wp-content\/uploads\/2026\/08\/fe9c4ad9bd1763522e16cc24efb001b9756bc99e.jpg","contentUrl":"https:\/\/culture.ixelles.be\/wp-content\/uploads\/2026\/08\/fe9c4ad9bd1763522e16cc24efb001b9756bc99e.jpg","width":500,"height":500},{"@type":"BreadcrumbList","@id":"https:\/\/culture.ixelles.be\/en\/events\/las-lineas-discontinuas-2\/#breadcrumb","itemListElement":[{"@type":"ListItem","position":1,"name":"Accueil","item":"https:\/\/culture.ixelles.be\/en\/"},{"@type":"ListItem","position":2,"name":"Events","item":"https:\/\/culture.ixelles.be\/en\/events\/"},{"@type":"ListItem","position":3,"name":"Las l\u00edneas discontinuas"}]},{"@type":"WebSite","@id":"https:\/\/culture.ixelles.be\/en\/#website","url":"https:\/\/culture.ixelles.be\/en\/","name":"Ixelles","description":"","publisher":{"@id":"https:\/\/culture.ixelles.be\/en\/#organization"},"potentialAction":[{"@type":"SearchAction","target":{"@type":"EntryPoint","urlTemplate":"https:\/\/culture.ixelles.be\/en\/?s={search_term_string}"},"query-input":{"@type":"PropertyValueSpecification","valueRequired":true,"valueName":"search_term_string"}}],"inLanguage":"en-US"},{"@type":"Organization","@id":"https:\/\/culture.ixelles.be\/en\/#organization","name":"Service culture Ixelles","url":"https:\/\/culture.ixelles.be\/en\/","logo":{"@type":"ImageObject","inLanguage":"en-US","@id":"https:\/\/culture.ixelles.be\/en\/#\/schema\/logo\/image\/","url":"https:\/\/culture.ixelles.be\/wp-content\/uploads\/2021\/05\/ixelles_green.svg","contentUrl":"https:\/\/culture.ixelles.be\/wp-content\/uploads\/2021\/05\/ixelles_green.svg","width":1,"height":1,"caption":"Service culture Ixelles"},"image":{"@id":"https:\/\/culture.ixelles.be\/en\/#\/schema\/logo\/image\/"}}]}},"_links":{"self":[{"href":"https:\/\/culture.ixelles.be\/en\/wp-json\/wp\/v2\/events\/1982280"}],"collection":[{"href":"https:\/\/culture.ixelles.be\/en\/wp-json\/wp\/v2\/events"}],"about":[{"href":"https:\/\/culture.ixelles.be\/en\/wp-json\/wp\/v2\/types\/events"}],"author":[{"embeddable":true,"href":"https:\/\/culture.ixelles.be\/en\/wp-json\/wp\/v2\/users\/1"}],"replies":[{"embeddable":true,"href":"https:\/\/culture.ixelles.be\/en\/wp-json\/wp\/v2\/comments?post=1982280"}],"version-history":[{"count":0,"href":"https:\/\/culture.ixelles.be\/en\/wp-json\/wp\/v2\/events\/1982280\/revisions"}],"wp:featuredmedia":[{"embeddable":true,"href":"https:\/\/culture.ixelles.be\/en\/wp-json\/wp\/v2\/media\/1982281"}],"wp:attachment":[{"href":"https:\/\/culture.ixelles.be\/en\/wp-json\/wp\/v2\/media?parent=1982280"}],"curies":[{"name":"wp","href":"https:\/\/api.w.org\/{rel}","templated":true}]}}

Las líneas discontinuas

<p>Screening and discussion of &#8216;Las líneas discontinuas&#8217; with director Anxos Fazáns</p>
<p>As part of the Mestre Mateo Awards, the Instituto Cervantes in Brussels will host a cycle of Galician cinema, whose second screening will be &#8216;Las líneas discontinuas&#8217;, directed and written by Anxos Fazáns.</p>
<p>Synopsis</p>
<p>Bea is a 50-year-old woman who is separating from her husband. On the day she has to leave the home where she has lived for the past twenty years, she arrives home to find everything in disarray and one of the burglars asleep in her bed.</p>
<p>Denís is a 28-year-old man who, despite having a university degree, struggles with job insecurity and a lack of opportunities. After spending three days together, each of them must continue on their own path. When they return to their lives, they are no longer the same.</p>
<p>About the director</p>
<p>Anxos Fazáns (Pontevedra, 1992) is a director and screenwriter. She has recently released her second feature film, &#8216;Las líneas discontinuas&#8217;, which had its international premiere in the Official Selection of the Tallinn Black Nights Festival 2025, and its Spanish premiere at the Gijón International Film Festival (FICX), where it received the «DAMA» Award for Best Screenplay for a Spanish Film. It has also been screened at numerous national festivals such as Novos Cinemas, Rizoma and REC Tarragona. In addition, it is part of the Smart 7 International Selection, which will take it to festivals such as Vilnius, IndieLisboa, New Horizons and Thessaloniki.</p>
<p>Her first feature film, &#8216;A Estación Violenta&#8217; (2017, Matriuska), travelled to several festivals, including the Seville European Film Festival, BAFICI, D’La Film Festival, SANFIC and Cinespaña Toulouse. It also received an Honourable Mention at the Cali International Film Festival. Her short films have likewise been selected for various festivals: Area (2016, Matriuska) was screened at Zinebi, Analógica (2019, Erika Lust) competed at BAFICI and Curtocircuito, and Habitar (2023, Séptima) was selected for Play-Doc and the Gijón International Film Festival, among others. In 2019, she took part in the Injuve Artistic Residencies.</p>
<p>In 2018, she founded the production company Sétima together with Silvia Fuentes, where she produces and supports directors such as Javier Ferreiro, Ángel Filgueira, Sara Traba, Berio Molina and Álvaro Gago. She also worked as an assistant director on the feature films &#8216;Nación&#8217; by Margarita Ledo and &#8216;Cando toco un animal&#8217; by Ángel Filgueira. She combines her professional career with teaching, as part of the teaching team of the Degree in Audiovisual Communication at UVigo and the ACT Galicia school, among other activities. In terms of her academic background, she completed a Master&#8217;s Degree in Film Direction at ESCAC and a Master&#8217;s Degree in Contemporary Art, Creation and Research at UVigo.</p>

<p>Screening and discussion of &#8216;Las líneas discontinuas&#8217; with director Anxos Fazáns As part of the Mestre Mateo Awards, the Instituto Cervantes in Brussels will host a cycle of Galician cinema, whose second screening will be &#8216;Las líneas discontinuas&#8217;, directed and written by Anxos Fazáns. Synopsis Bea is a 50-year-old woman who is separating from her [&hellip;]</p>

<!-- This site is optimized with the Yoast SEO plugin v24.5 - https://yoast.com/wordpress/plugins/seo/ -->
<title>Las líneas discontinuas - Ixelles</title>
<meta name="robots" content="index, follow, max-snippet:-1, max-image-preview:large, max-video-preview:-1" />
<link rel="canonical" href="https://culture.ixelles.be/en/events/las-lineas-discontinuas-2/" />
<meta property="og:locale" content="en_US" />
<meta property="og:type" content="article" />
<meta property="og:title" content="Las líneas discontinuas - Ixelles" />
<meta property="og:url" content="https://culture.ixelles.be/en/events/las-lineas-discontinuas-2/" />
<meta property="og:site_name" content="Ixelles" />
<meta name="twitter:card" content="summary_large_image" />
<meta name="twitter:label1" content="Est. reading time" />
	<meta name="twitter:data1" content="2 minutes" />
<script type="application/ld+json" class="yoast-schema-graph">{"@context":"https://schema.org","@graph":[{"@type":"WebPage","@id":"https://culture.ixelles.be/en/events/las-lineas-discontinuas-2/","url":"https://culture.ixelles.be/en/events/las-lineas-discontinuas-2/","name":"Las líneas discontinuas - Ixelles","isPartOf":{"@id":"https://culture.ixelles.be/en/#website"},"primaryImageOfPage":{"@id":"https://culture.ixelles.be/en/events/las-lineas-discontinuas-2/#primaryimage"},"image":{"@id":"https://culture.ixelles.be/en/events/las-lineas-discontinuas-2/#primaryimage"},"thumbnailUrl":"https://culture.ixelles.be/wp-content/uploads/2026/08/fe9c4ad9bd1763522e16cc24efb001b9756bc99e.jpg","datePublished":"2026-08-20T23:24:59+00:00","breadcrumb":{"@id":"https://culture.ixelles.be/en/events/las-lineas-discontinuas-2/#breadcrumb"},"inLanguage":"en-US","potentialAction":[{"@type":"ReadAction","target":["https://culture.ixelles.be/en/events/las-lineas-discontinuas-2/"]}]},{"@type":"ImageObject","inLanguage":"en-US","@id":"https://culture.ixelles.be/en/events/las-lineas-discontinuas-2/#primaryimage","url":"https://culture.ixelles.be/wp-content/uploads/2026/08/fe9c4ad9bd1763522e16cc24efb001b9756bc99e.jpg","contentUrl":"https://culture.ixelles.be/wp-content/uploads/2026/08/fe9c4ad9bd1763522e16cc24efb001b9756bc99e.jpg","width":500,"height":500},{"@type":"BreadcrumbList","@id":"https://culture.ixelles.be/en/events/las-lineas-discontinuas-2/#breadcrumb","itemListElement":[{"@type":"ListItem","position":1,"name":"Accueil","item":"https://culture.ixelles.be/en/"},{"@type":"ListItem","position":2,"name":"Events","item":"https://culture.ixelles.be/en/events/"},{"@type":"ListItem","position":3,"name":"Las líneas discontinuas"}]},{"@type":"WebSite","@id":"https://culture.ixelles.be/en/#website","url":"https://culture.ixelles.be/en/","name":"Ixelles","description":"","publisher":{"@id":"https://culture.ixelles.be/en/#organization"},"potentialAction":[{"@type":"SearchAction","target":{"@type":"EntryPoint","urlTemplate":"https://culture.ixelles.be/en/?s={search_term_string}"},"query-input":{"@type":"PropertyValueSpecification","valueRequired":true,"valueName":"search_term_string"}}],"inLanguage":"en-US"},{"@type":"Organization","@id":"https://culture.ixelles.be/en/#organization","name":"Service culture Ixelles","url":"https://culture.ixelles.be/en/","logo":{"@type":"ImageObject","inLanguage":"en-US","@id":"https://culture.ixelles.be/en/#/schema/logo/image/","url":"https://culture.ixelles.be/wp-content/uploads/2021/05/ixelles_green.svg","contentUrl":"https://culture.ixelles.be/wp-content/uploads/2021/05/ixelles_green.svg","width":1,"height":1,"caption":"Service culture Ixelles"},"image":{"@id":"https://culture.ixelles.be/en/#/schema/logo/image/"}}]}</script>
<!-- / Yoast SEO plugin. -->

Las líneas discontinuas - Ixelles
