{"id":1983371,"date":"2026-08-22T00:12:05","date_gmt":"2026-08-22T00:12:05","guid":{"rendered":"https:\/\/culture.ixelles.be\/events\/conference-de-pascal-chabot-nos-vies-encapsulees-2\/"},"modified":"2026-08-22T00:12:05","modified_gmt":"2026-08-22T00:12:05","slug":"conference-de-pascal-chabot-nos-vies-encapsulees-2","status":"publish","type":"events","link":"https:\/\/culture.ixelles.be\/en\/events\/conference-de-pascal-chabot-nos-vies-encapsulees-2\/","title":{"rendered":"Conf\u00e9rence de Pascal Chabot &#8220;Nos vies encapsul\u00e9es&#8221;"},"content":{"rendered":"<p>O\u00f9 \u00eates-vous en ce moment ? Probablement dans une capsule, objet technique total offrant autonomie, confort et connexion permanente, dans laquelle nos existences se sont peu \u00e0 peu install\u00e9es.<\/p>\n<p>Cette vie encapsul\u00e9e nous a permis d\u2019aller plus vite, plus loin, de communiquer davantage, parfois m\u00eame de nous sentir plus libres. Mais la promesse moderne d\u2019\u00e9mancipation semble aujourd\u2019hui se retourner contre elle, pour produire narcissisme et d\u00e9pendance. Continuons-nous vraiment d\u2019exister dans ces capsules ? Ne serions-nous pas tous atteints de cette \u00ab digitose \u00bb, ce mal digital par excellence ?<\/p>\n<p>Comme dans le mythe de la caverne, il nous faut apprendre \u00e0 sortir de ces capsules et retrouver les liens subtils qui nous unissent au monde. \u00c0 travers des exemples concrets \u2014 une couveuse, une mandarine dans une chambre d\u2019h\u00f4tel, une capsule temporelle laiss\u00e9e par Baudelaire, un bar europ\u00e9en \u00e0 Bruxelles \u2014, Pascal Chabot explore les voies possibles d\u2019une existence plus habit\u00e9e et pose les grandes questions qui traversent notre \u00e9poque : que d\u00e9sirons-nous devenir ? Et comment r\u00e9inventer le progr\u00e8s ?<\/p>\n<p>\u00c0 l\u2019occasion de cette conf\u00e9rence, il nous invitera \u00e0 prendre du recul sur les grandes transformations de notre \u00e9poque. Avec la profondeur et la clart\u00e9 qui caract\u00e9risent son travail, il proposera une r\u00e9flexion accessible sur notre rapport au temps, \u00e0 la technique, au lien avec les autres, au sens de nos choix et \u00e0 la mani\u00e8re dont nous souhaitons construire notre avenir.<\/p>\n<p>Ces questions r\u00e9sonnent tout particuli\u00e8rement avec les pr\u00e9occupations des jeunes adultes, au c\u0153ur de la mission de la Fondation Benoit. Trouver sa place dans un monde en mutation, faire des choix, pr\u00e9server sa libert\u00e9, donner du sens \u00e0 son parcours\u2026 autant de d\u00e9fis auxquels cette rencontre apportera un \u00e9clairage pr\u00e9cieux.<\/p>\n<p>La conf\u00e9rence sera suivie d\u2019un \u00e9change avec le public et d\u2019une s\u00e9ance de d\u00e9dicaces.<\/p>\n","protected":false},"excerpt":{"rendered":"<p>O\u00f9 \u00eates-vous en ce moment ? Probablement dans une capsule, objet technique total offrant autonomie, confort et connexion permanente, dans laquelle nos existences se sont peu \u00e0 peu install\u00e9es. Cette vie encapsul\u00e9e nous a permis d\u2019aller plus vite, plus loin, de communiquer davantage, parfois m\u00eame de nous sentir plus libres. Mais la promesse moderne d\u2019\u00e9mancipation [&hellip;]<\/p>\n","protected":false},"author":1,"featured_media":1983372,"comment_status":"","ping_status":"closed","template":"","acf":[],"yoast_head":"<!-- This site is optimized with the Yoast SEO plugin v24.5 - https:\/\/yoast.com\/wordpress\/plugins\/seo\/ -->\n<title>Conf\u00e9rence de Pascal Chabot &quot;Nos vies encapsul\u00e9es&quot; - Ixelles<\/title>\n<meta name=\"robots\" content=\"index, follow, max-snippet:-1, max-image-preview:large, max-video-preview:-1\" \/>\n<link rel=\"canonical\" href=\"https:\/\/culture.ixelles.be\/en\/events\/conference-de-pascal-chabot-nos-vies-encapsulees-2\/\" \/>\n<meta property=\"og:locale\" content=\"en_US\" \/>\n<meta property=\"og:type\" content=\"article\" \/>\n<meta property=\"og:title\" content=\"Conf\u00e9rence de Pascal Chabot &quot;Nos vies encapsul\u00e9es&quot; - Ixelles\" \/>\n<meta property=\"og:url\" content=\"https:\/\/culture.ixelles.be\/en\/events\/conference-de-pascal-chabot-nos-vies-encapsulees-2\/\" \/>\n<meta property=\"og:site_name\" content=\"Ixelles\" \/>\n<meta name=\"twitter:card\" content=\"summary_large_image\" \/>\n<meta name=\"twitter:label1\" content=\"Est. reading time\" \/>\n\t<meta name=\"twitter:data1\" content=\"2 minutes\" \/>\n<script type=\"application\/ld+json\" class=\"yoast-schema-graph\">{\"@context\":\"https:\/\/schema.org\",\"@graph\":[{\"@type\":\"WebPage\",\"@id\":\"https:\/\/culture.ixelles.be\/en\/events\/conference-de-pascal-chabot-nos-vies-encapsulees-2\/\",\"url\":\"https:\/\/culture.ixelles.be\/en\/events\/conference-de-pascal-chabot-nos-vies-encapsulees-2\/\",\"name\":\"Conf\u00e9rence de Pascal Chabot \\\"Nos vies encapsul\u00e9es\\\" - Ixelles\",\"isPartOf\":{\"@id\":\"https:\/\/culture.ixelles.be\/en\/#website\"},\"primaryImageOfPage\":{\"@id\":\"https:\/\/culture.ixelles.be\/en\/events\/conference-de-pascal-chabot-nos-vies-encapsulees-2\/#primaryimage\"},\"image\":{\"@id\":\"https:\/\/culture.ixelles.be\/en\/events\/conference-de-pascal-chabot-nos-vies-encapsulees-2\/#primaryimage\"},\"thumbnailUrl\":\"https:\/\/culture.ixelles.be\/wp-content\/uploads\/2026\/08\/87bf6967a50e9e18b5cdfcba3136debc16eab28c.png\",\"datePublished\":\"2026-08-22T00:12:05+00:00\",\"breadcrumb\":{\"@id\":\"https:\/\/culture.ixelles.be\/en\/events\/conference-de-pascal-chabot-nos-vies-encapsulees-2\/#breadcrumb\"},\"inLanguage\":\"en-US\",\"potentialAction\":[{\"@type\":\"ReadAction\",\"target\":[\"https:\/\/culture.ixelles.be\/en\/events\/conference-de-pascal-chabot-nos-vies-encapsulees-2\/\"]}]},{\"@type\":\"ImageObject\",\"inLanguage\":\"en-US\",\"@id\":\"https:\/\/culture.ixelles.be\/en\/events\/conference-de-pascal-chabot-nos-vies-encapsulees-2\/#primaryimage\",\"url\":\"https:\/\/culture.ixelles.be\/wp-content\/uploads\/2026\/08\/87bf6967a50e9e18b5cdfcba3136debc16eab28c.png\",\"contentUrl\":\"https:\/\/culture.ixelles.be\/wp-content\/uploads\/2026\/08\/87bf6967a50e9e18b5cdfcba3136debc16eab28c.png\",\"width\":1200,\"height\":550},{\"@type\":\"BreadcrumbList\",\"@id\":\"https:\/\/culture.ixelles.be\/en\/events\/conference-de-pascal-chabot-nos-vies-encapsulees-2\/#breadcrumb\",\"itemListElement\":[{\"@type\":\"ListItem\",\"position\":1,\"name\":\"Accueil\",\"item\":\"https:\/\/culture.ixelles.be\/en\/\"},{\"@type\":\"ListItem\",\"position\":2,\"name\":\"Events\",\"item\":\"https:\/\/culture.ixelles.be\/en\/events\/\"},{\"@type\":\"ListItem\",\"position\":3,\"name\":\"Conf\u00e9rence de Pascal Chabot \u00ab\u00a0Nos vies encapsul\u00e9es\u00a0\u00bb\"}]},{\"@type\":\"WebSite\",\"@id\":\"https:\/\/culture.ixelles.be\/en\/#website\",\"url\":\"https:\/\/culture.ixelles.be\/en\/\",\"name\":\"Ixelles\",\"description\":\"\",\"publisher\":{\"@id\":\"https:\/\/culture.ixelles.be\/en\/#organization\"},\"potentialAction\":[{\"@type\":\"SearchAction\",\"target\":{\"@type\":\"EntryPoint\",\"urlTemplate\":\"https:\/\/culture.ixelles.be\/en\/?s={search_term_string}\"},\"query-input\":{\"@type\":\"PropertyValueSpecification\",\"valueRequired\":true,\"valueName\":\"search_term_string\"}}],\"inLanguage\":\"en-US\"},{\"@type\":\"Organization\",\"@id\":\"https:\/\/culture.ixelles.be\/en\/#organization\",\"name\":\"Service culture Ixelles\",\"url\":\"https:\/\/culture.ixelles.be\/en\/\",\"logo\":{\"@type\":\"ImageObject\",\"inLanguage\":\"en-US\",\"@id\":\"https:\/\/culture.ixelles.be\/en\/#\/schema\/logo\/image\/\",\"url\":\"https:\/\/culture.ixelles.be\/wp-content\/uploads\/2021\/05\/ixelles_green.svg\",\"contentUrl\":\"https:\/\/culture.ixelles.be\/wp-content\/uploads\/2021\/05\/ixelles_green.svg\",\"width\":1,\"height\":1,\"caption\":\"Service culture Ixelles\"},\"image\":{\"@id\":\"https:\/\/culture.ixelles.be\/en\/#\/schema\/logo\/image\/\"}}]}<\/script>\n<!-- \/ Yoast SEO plugin. -->","yoast_head_json":{"title":"Conf\u00e9rence de Pascal Chabot \"Nos vies encapsul\u00e9es\" - Ixelles","robots":{"index":"index","follow":"follow","max-snippet":"max-snippet:-1","max-image-preview":"max-image-preview:large","max-video-preview":"max-video-preview:-1"},"canonical":"https:\/\/culture.ixelles.be\/en\/events\/conference-de-pascal-chabot-nos-vies-encapsulees-2\/","og_locale":"en_US","og_type":"article","og_title":"Conf\u00e9rence de Pascal Chabot \"Nos vies encapsul\u00e9es\" - Ixelles","og_url":"https:\/\/culture.ixelles.be\/en\/events\/conference-de-pascal-chabot-nos-vies-encapsulees-2\/","og_site_name":"Ixelles","twitter_card":"summary_large_image","twitter_misc":{"Est. reading time":"2 minutes"},"schema":{"@context":"https:\/\/schema.org","@graph":[{"@type":"WebPage","@id":"https:\/\/culture.ixelles.be\/en\/events\/conference-de-pascal-chabot-nos-vies-encapsulees-2\/","url":"https:\/\/culture.ixelles.be\/en\/events\/conference-de-pascal-chabot-nos-vies-encapsulees-2\/","name":"Conf\u00e9rence de Pascal Chabot \"Nos vies encapsul\u00e9es\" - Ixelles","isPartOf":{"@id":"https:\/\/culture.ixelles.be\/en\/#website"},"primaryImageOfPage":{"@id":"https:\/\/culture.ixelles.be\/en\/events\/conference-de-pascal-chabot-nos-vies-encapsulees-2\/#primaryimage"},"image":{"@id":"https:\/\/culture.ixelles.be\/en\/events\/conference-de-pascal-chabot-nos-vies-encapsulees-2\/#primaryimage"},"thumbnailUrl":"https:\/\/culture.ixelles.be\/wp-content\/uploads\/2026\/08\/87bf6967a50e9e18b5cdfcba3136debc16eab28c.png","datePublished":"2026-08-22T00:12:05+00:00","breadcrumb":{"@id":"https:\/\/culture.ixelles.be\/en\/events\/conference-de-pascal-chabot-nos-vies-encapsulees-2\/#breadcrumb"},"inLanguage":"en-US","potentialAction":[{"@type":"ReadAction","target":["https:\/\/culture.ixelles.be\/en\/events\/conference-de-pascal-chabot-nos-vies-encapsulees-2\/"]}]},{"@type":"ImageObject","inLanguage":"en-US","@id":"https:\/\/culture.ixelles.be\/en\/events\/conference-de-pascal-chabot-nos-vies-encapsulees-2\/#primaryimage","url":"https:\/\/culture.ixelles.be\/wp-content\/uploads\/2026\/08\/87bf6967a50e9e18b5cdfcba3136debc16eab28c.png","contentUrl":"https:\/\/culture.ixelles.be\/wp-content\/uploads\/2026\/08\/87bf6967a50e9e18b5cdfcba3136debc16eab28c.png","width":1200,"height":550},{"@type":"BreadcrumbList","@id":"https:\/\/culture.ixelles.be\/en\/events\/conference-de-pascal-chabot-nos-vies-encapsulees-2\/#breadcrumb","itemListElement":[{"@type":"ListItem","position":1,"name":"Accueil","item":"https:\/\/culture.ixelles.be\/en\/"},{"@type":"ListItem","position":2,"name":"Events","item":"https:\/\/culture.ixelles.be\/en\/events\/"},{"@type":"ListItem","position":3,"name":"Conf\u00e9rence de Pascal Chabot \u00ab\u00a0Nos vies encapsul\u00e9es\u00a0\u00bb"}]},{"@type":"WebSite","@id":"https:\/\/culture.ixelles.be\/en\/#website","url":"https:\/\/culture.ixelles.be\/en\/","name":"Ixelles","description":"","publisher":{"@id":"https:\/\/culture.ixelles.be\/en\/#organization"},"potentialAction":[{"@type":"SearchAction","target":{"@type":"EntryPoint","urlTemplate":"https:\/\/culture.ixelles.be\/en\/?s={search_term_string}"},"query-input":{"@type":"PropertyValueSpecification","valueRequired":true,"valueName":"search_term_string"}}],"inLanguage":"en-US"},{"@type":"Organization","@id":"https:\/\/culture.ixelles.be\/en\/#organization","name":"Service culture Ixelles","url":"https:\/\/culture.ixelles.be\/en\/","logo":{"@type":"ImageObject","inLanguage":"en-US","@id":"https:\/\/culture.ixelles.be\/en\/#\/schema\/logo\/image\/","url":"https:\/\/culture.ixelles.be\/wp-content\/uploads\/2021\/05\/ixelles_green.svg","contentUrl":"https:\/\/culture.ixelles.be\/wp-content\/uploads\/2021\/05\/ixelles_green.svg","width":1,"height":1,"caption":"Service culture Ixelles"},"image":{"@id":"https:\/\/culture.ixelles.be\/en\/#\/schema\/logo\/image\/"}}]}},"_links":{"self":[{"href":"https:\/\/culture.ixelles.be\/en\/wp-json\/wp\/v2\/events\/1983371"}],"collection":[{"href":"https:\/\/culture.ixelles.be\/en\/wp-json\/wp\/v2\/events"}],"about":[{"href":"https:\/\/culture.ixelles.be\/en\/wp-json\/wp\/v2\/types\/events"}],"author":[{"embeddable":true,"href":"https:\/\/culture.ixelles.be\/en\/wp-json\/wp\/v2\/users\/1"}],"replies":[{"embeddable":true,"href":"https:\/\/culture.ixelles.be\/en\/wp-json\/wp\/v2\/comments?post=1983371"}],"version-history":[{"count":0,"href":"https:\/\/culture.ixelles.be\/en\/wp-json\/wp\/v2\/events\/1983371\/revisions"}],"wp:featuredmedia":[{"embeddable":true,"href":"https:\/\/culture.ixelles.be\/en\/wp-json\/wp\/v2\/media\/1983372"}],"wp:attachment":[{"href":"https:\/\/culture.ixelles.be\/en\/wp-json\/wp\/v2\/media?parent=1983371"}],"curies":[{"name":"wp","href":"https:\/\/api.w.org\/{rel}","templated":true}]}}

Conférence de Pascal Chabot &#8220;Nos vies encapsulées&#8221;

<p>Où êtes-vous en ce moment ? Probablement dans une capsule, objet technique total offrant autonomie, confort et connexion permanente, dans laquelle nos existences se sont peu à peu installées.</p>
<p>Cette vie encapsulée nous a permis d’aller plus vite, plus loin, de communiquer davantage, parfois même de nous sentir plus libres. Mais la promesse moderne d’émancipation semble aujourd’hui se retourner contre elle, pour produire narcissisme et dépendance. Continuons-nous vraiment d’exister dans ces capsules ? Ne serions-nous pas tous atteints de cette « digitose », ce mal digital par excellence ?</p>
<p>Comme dans le mythe de la caverne, il nous faut apprendre à sortir de ces capsules et retrouver les liens subtils qui nous unissent au monde. À travers des exemples concrets — une couveuse, une mandarine dans une chambre d’hôtel, une capsule temporelle laissée par Baudelaire, un bar européen à Bruxelles —, Pascal Chabot explore les voies possibles d’une existence plus habitée et pose les grandes questions qui traversent notre époque : que désirons-nous devenir ? Et comment réinventer le progrès ?</p>
<p>À l’occasion de cette conférence, il nous invitera à prendre du recul sur les grandes transformations de notre époque. Avec la profondeur et la clarté qui caractérisent son travail, il proposera une réflexion accessible sur notre rapport au temps, à la technique, au lien avec les autres, au sens de nos choix et à la manière dont nous souhaitons construire notre avenir.</p>
<p>Ces questions résonnent tout particulièrement avec les préoccupations des jeunes adultes, au cœur de la mission de la Fondation Benoit. Trouver sa place dans un monde en mutation, faire des choix, préserver sa liberté, donner du sens à son parcours… autant de défis auxquels cette rencontre apportera un éclairage précieux.</p>
<p>La conférence sera suivie d’un échange avec le public et d’une séance de dédicaces.</p>

<p>Où êtes-vous en ce moment ? Probablement dans une capsule, objet technique total offrant autonomie, confort et connexion permanente, dans laquelle nos existences se sont peu à peu installées. Cette vie encapsulée nous a permis d’aller plus vite, plus loin, de communiquer davantage, parfois même de nous sentir plus libres. Mais la promesse moderne d’émancipation [&hellip;]</p>

<!-- This site is optimized with the Yoast SEO plugin v24.5 - https://yoast.com/wordpress/plugins/seo/ -->
<title>Conférence de Pascal Chabot &quot;Nos vies encapsulées&quot; - Ixelles</title>
<meta name="robots" content="index, follow, max-snippet:-1, max-image-preview:large, max-video-preview:-1" />
<link rel="canonical" href="https://culture.ixelles.be/en/events/conference-de-pascal-chabot-nos-vies-encapsulees-2/" />
<meta property="og:locale" content="en_US" />
<meta property="og:type" content="article" />
<meta property="og:title" content="Conférence de Pascal Chabot &quot;Nos vies encapsulées&quot; - Ixelles" />
<meta property="og:url" content="https://culture.ixelles.be/en/events/conference-de-pascal-chabot-nos-vies-encapsulees-2/" />
<meta property="og:site_name" content="Ixelles" />
<meta name="twitter:card" content="summary_large_image" />
<meta name="twitter:label1" content="Est. reading time" />
	<meta name="twitter:data1" content="2 minutes" />
<script type="application/ld+json" class="yoast-schema-graph">{"@context":"https://schema.org","@graph":[{"@type":"WebPage","@id":"https://culture.ixelles.be/en/events/conference-de-pascal-chabot-nos-vies-encapsulees-2/","url":"https://culture.ixelles.be/en/events/conference-de-pascal-chabot-nos-vies-encapsulees-2/","name":"Conférence de Pascal Chabot \"Nos vies encapsulées\" - Ixelles","isPartOf":{"@id":"https://culture.ixelles.be/en/#website"},"primaryImageOfPage":{"@id":"https://culture.ixelles.be/en/events/conference-de-pascal-chabot-nos-vies-encapsulees-2/#primaryimage"},"image":{"@id":"https://culture.ixelles.be/en/events/conference-de-pascal-chabot-nos-vies-encapsulees-2/#primaryimage"},"thumbnailUrl":"https://culture.ixelles.be/wp-content/uploads/2026/08/87bf6967a50e9e18b5cdfcba3136debc16eab28c.png","datePublished":"2026-08-22T00:12:05+00:00","breadcrumb":{"@id":"https://culture.ixelles.be/en/events/conference-de-pascal-chabot-nos-vies-encapsulees-2/#breadcrumb"},"inLanguage":"en-US","potentialAction":[{"@type":"ReadAction","target":["https://culture.ixelles.be/en/events/conference-de-pascal-chabot-nos-vies-encapsulees-2/"]}]},{"@type":"ImageObject","inLanguage":"en-US","@id":"https://culture.ixelles.be/en/events/conference-de-pascal-chabot-nos-vies-encapsulees-2/#primaryimage","url":"https://culture.ixelles.be/wp-content/uploads/2026/08/87bf6967a50e9e18b5cdfcba3136debc16eab28c.png","contentUrl":"https://culture.ixelles.be/wp-content/uploads/2026/08/87bf6967a50e9e18b5cdfcba3136debc16eab28c.png","width":1200,"height":550},{"@type":"BreadcrumbList","@id":"https://culture.ixelles.be/en/events/conference-de-pascal-chabot-nos-vies-encapsulees-2/#breadcrumb","itemListElement":[{"@type":"ListItem","position":1,"name":"Accueil","item":"https://culture.ixelles.be/en/"},{"@type":"ListItem","position":2,"name":"Events","item":"https://culture.ixelles.be/en/events/"},{"@type":"ListItem","position":3,"name":"Conférence de Pascal Chabot « Nos vies encapsulées »"}]},{"@type":"WebSite","@id":"https://culture.ixelles.be/en/#website","url":"https://culture.ixelles.be/en/","name":"Ixelles","description":"","publisher":{"@id":"https://culture.ixelles.be/en/#organization"},"potentialAction":[{"@type":"SearchAction","target":{"@type":"EntryPoint","urlTemplate":"https://culture.ixelles.be/en/?s={search_term_string}"},"query-input":{"@type":"PropertyValueSpecification","valueRequired":true,"valueName":"search_term_string"}}],"inLanguage":"en-US"},{"@type":"Organization","@id":"https://culture.ixelles.be/en/#organization","name":"Service culture Ixelles","url":"https://culture.ixelles.be/en/","logo":{"@type":"ImageObject","inLanguage":"en-US","@id":"https://culture.ixelles.be/en/#/schema/logo/image/","url":"https://culture.ixelles.be/wp-content/uploads/2021/05/ixelles_green.svg","contentUrl":"https://culture.ixelles.be/wp-content/uploads/2021/05/ixelles_green.svg","width":1,"height":1,"caption":"Service culture Ixelles"},"image":{"@id":"https://culture.ixelles.be/en/#/schema/logo/image/"}}]}</script>
<!-- / Yoast SEO plugin. -->

Conférence de Pascal Chabot "Nos vies encapsulées" - Ixelles

Conférence de Pascal Chabot « Nos vies encapsulées »
