{"id":1989276,"date":"2026-09-01T23:01:32","date_gmt":"2026-09-01T23:01:32","guid":{"rendered":"https:\/\/culture.ixelles.be\/events\/chamber-music-evenings-season-opening-concert-nevera-trio\/"},"modified":"2026-09-01T23:01:32","modified_gmt":"2026-09-01T23:01:32","slug":"chamber-music-evenings-season-opening-concert-nevera-trio","status":"publish","type":"events","link":"https:\/\/culture.ixelles.be\/en\/events\/chamber-music-evenings-season-opening-concert-nevera-trio\/","title":{"rendered":"Chamber Music Evenings &#8211; SEASON OPENING Concert &#8211; NEVERA Trio"},"content":{"rendered":"<p>The Nevera Trio opens the new season of Chamber Music Evenings at the Maison Hongroise with a vibrant journey through the musical traditions of the Balkans.<\/p>\n<p>Graduates of the Royal Conservatories of Brussels, the three musicians draw inspiration from Balkan folk traditions, weaving captivating melodies and irresistible rhythms into a dynamic programme \u2013 from Bart\u00f3k to Bogdanovi\u0107.<\/p>\n<p>Constance G\u00e9rault \u2013 violin,<br \/>\nAna\u00efs Dumont \u2013 cello,<br \/>\nMathias Euillet \u2013 guitar.<\/p>\n<p>Programme:<br \/>\nDu\u0161an Bogdanovi\u0107 \u2013 Balkan Sketches,<br \/>\nMiroslav Tadi\u0107 \u2013 4 Macedonian Pieces,<br \/>\nB\u00e9la Bart\u00f3k \u2013 Transylvanian Dances,<br \/>\nAnton\u00edn Dvo\u0159\u00e1k &#8211; Songs my mother taught me<\/p>\n","protected":false},"excerpt":{"rendered":"<p>The Nevera Trio opens the new season of Chamber Music Evenings at the Maison Hongroise with a vibrant journey through the musical traditions of the Balkans. Graduates of the Royal Conservatories of Brussels, the three musicians draw inspiration from Balkan folk traditions, weaving captivating melodies and irresistible rhythms into a dynamic programme \u2013 from Bart\u00f3k [&hellip;]<\/p>\n","protected":false},"author":1,"featured_media":1989277,"comment_status":"","ping_status":"closed","template":"","acf":[],"yoast_head":"<!-- This site is optimized with the Yoast SEO plugin v24.5 - https:\/\/yoast.com\/wordpress\/plugins\/seo\/ -->\n<title>Chamber Music Evenings - SEASON OPENING Concert - NEVERA Trio - Ixelles<\/title>\n<meta name=\"robots\" content=\"index, follow, max-snippet:-1, max-image-preview:large, max-video-preview:-1\" \/>\n<link rel=\"canonical\" href=\"https:\/\/culture.ixelles.be\/en\/events\/chamber-music-evenings-season-opening-concert-nevera-trio\/\" \/>\n<meta property=\"og:locale\" content=\"en_US\" \/>\n<meta property=\"og:type\" content=\"article\" \/>\n<meta property=\"og:title\" content=\"Chamber Music Evenings - SEASON OPENING Concert - NEVERA Trio - Ixelles\" \/>\n<meta property=\"og:url\" content=\"https:\/\/culture.ixelles.be\/en\/events\/chamber-music-evenings-season-opening-concert-nevera-trio\/\" \/>\n<meta property=\"og:site_name\" content=\"Ixelles\" \/>\n<meta name=\"twitter:card\" content=\"summary_large_image\" \/>\n<script type=\"application\/ld+json\" class=\"yoast-schema-graph\">{\"@context\":\"https:\/\/schema.org\",\"@graph\":[{\"@type\":\"WebPage\",\"@id\":\"https:\/\/culture.ixelles.be\/en\/events\/chamber-music-evenings-season-opening-concert-nevera-trio\/\",\"url\":\"https:\/\/culture.ixelles.be\/en\/events\/chamber-music-evenings-season-opening-concert-nevera-trio\/\",\"name\":\"Chamber Music Evenings - SEASON OPENING Concert - NEVERA Trio - Ixelles\",\"isPartOf\":{\"@id\":\"https:\/\/culture.ixelles.be\/en\/#website\"},\"primaryImageOfPage\":{\"@id\":\"https:\/\/culture.ixelles.be\/en\/events\/chamber-music-evenings-season-opening-concert-nevera-trio\/#primaryimage\"},\"image\":{\"@id\":\"https:\/\/culture.ixelles.be\/en\/events\/chamber-music-evenings-season-opening-concert-nevera-trio\/#primaryimage\"},\"thumbnailUrl\":\"https:\/\/culture.ixelles.be\/wp-content\/uploads\/2026\/09\/7f947a63e95ad7fb1c4ccd4da148d725a0ed2dc3.jpg\",\"datePublished\":\"2026-09-01T23:01:32+00:00\",\"breadcrumb\":{\"@id\":\"https:\/\/culture.ixelles.be\/en\/events\/chamber-music-evenings-season-opening-concert-nevera-trio\/#breadcrumb\"},\"inLanguage\":\"en-US\",\"potentialAction\":[{\"@type\":\"ReadAction\",\"target\":[\"https:\/\/culture.ixelles.be\/en\/events\/chamber-music-evenings-season-opening-concert-nevera-trio\/\"]}]},{\"@type\":\"ImageObject\",\"inLanguage\":\"en-US\",\"@id\":\"https:\/\/culture.ixelles.be\/en\/events\/chamber-music-evenings-season-opening-concert-nevera-trio\/#primaryimage\",\"url\":\"https:\/\/culture.ixelles.be\/wp-content\/uploads\/2026\/09\/7f947a63e95ad7fb1c4ccd4da148d725a0ed2dc3.jpg\",\"contentUrl\":\"https:\/\/culture.ixelles.be\/wp-content\/uploads\/2026\/09\/7f947a63e95ad7fb1c4ccd4da148d725a0ed2dc3.jpg\",\"width\":1241,\"height\":1755},{\"@type\":\"BreadcrumbList\",\"@id\":\"https:\/\/culture.ixelles.be\/en\/events\/chamber-music-evenings-season-opening-concert-nevera-trio\/#breadcrumb\",\"itemListElement\":[{\"@type\":\"ListItem\",\"position\":1,\"name\":\"Accueil\",\"item\":\"https:\/\/culture.ixelles.be\/en\/\"},{\"@type\":\"ListItem\",\"position\":2,\"name\":\"Events\",\"item\":\"https:\/\/culture.ixelles.be\/en\/events\/\"},{\"@type\":\"ListItem\",\"position\":3,\"name\":\"Chamber Music Evenings &#8211; SEASON OPENING Concert &#8211; NEVERA Trio\"}]},{\"@type\":\"WebSite\",\"@id\":\"https:\/\/culture.ixelles.be\/en\/#website\",\"url\":\"https:\/\/culture.ixelles.be\/en\/\",\"name\":\"Ixelles\",\"description\":\"\",\"publisher\":{\"@id\":\"https:\/\/culture.ixelles.be\/en\/#organization\"},\"potentialAction\":[{\"@type\":\"SearchAction\",\"target\":{\"@type\":\"EntryPoint\",\"urlTemplate\":\"https:\/\/culture.ixelles.be\/en\/?s={search_term_string}\"},\"query-input\":{\"@type\":\"PropertyValueSpecification\",\"valueRequired\":true,\"valueName\":\"search_term_string\"}}],\"inLanguage\":\"en-US\"},{\"@type\":\"Organization\",\"@id\":\"https:\/\/culture.ixelles.be\/en\/#organization\",\"name\":\"Service culture Ixelles\",\"url\":\"https:\/\/culture.ixelles.be\/en\/\",\"logo\":{\"@type\":\"ImageObject\",\"inLanguage\":\"en-US\",\"@id\":\"https:\/\/culture.ixelles.be\/en\/#\/schema\/logo\/image\/\",\"url\":\"https:\/\/culture.ixelles.be\/wp-content\/uploads\/2021\/05\/ixelles_green.svg\",\"contentUrl\":\"https:\/\/culture.ixelles.be\/wp-content\/uploads\/2021\/05\/ixelles_green.svg\",\"width\":1,\"height\":1,\"caption\":\"Service culture Ixelles\"},\"image\":{\"@id\":\"https:\/\/culture.ixelles.be\/en\/#\/schema\/logo\/image\/\"}}]}<\/script>\n<!-- \/ Yoast SEO plugin. -->","yoast_head_json":{"title":"Chamber Music Evenings - SEASON OPENING Concert - NEVERA Trio - Ixelles","robots":{"index":"index","follow":"follow","max-snippet":"max-snippet:-1","max-image-preview":"max-image-preview:large","max-video-preview":"max-video-preview:-1"},"canonical":"https:\/\/culture.ixelles.be\/en\/events\/chamber-music-evenings-season-opening-concert-nevera-trio\/","og_locale":"en_US","og_type":"article","og_title":"Chamber Music Evenings - SEASON OPENING Concert - NEVERA Trio - Ixelles","og_url":"https:\/\/culture.ixelles.be\/en\/events\/chamber-music-evenings-season-opening-concert-nevera-trio\/","og_site_name":"Ixelles","twitter_card":"summary_large_image","schema":{"@context":"https:\/\/schema.org","@graph":[{"@type":"WebPage","@id":"https:\/\/culture.ixelles.be\/en\/events\/chamber-music-evenings-season-opening-concert-nevera-trio\/","url":"https:\/\/culture.ixelles.be\/en\/events\/chamber-music-evenings-season-opening-concert-nevera-trio\/","name":"Chamber Music Evenings - SEASON OPENING Concert - NEVERA Trio - Ixelles","isPartOf":{"@id":"https:\/\/culture.ixelles.be\/en\/#website"},"primaryImageOfPage":{"@id":"https:\/\/culture.ixelles.be\/en\/events\/chamber-music-evenings-season-opening-concert-nevera-trio\/#primaryimage"},"image":{"@id":"https:\/\/culture.ixelles.be\/en\/events\/chamber-music-evenings-season-opening-concert-nevera-trio\/#primaryimage"},"thumbnailUrl":"https:\/\/culture.ixelles.be\/wp-content\/uploads\/2026\/09\/7f947a63e95ad7fb1c4ccd4da148d725a0ed2dc3.jpg","datePublished":"2026-09-01T23:01:32+00:00","breadcrumb":{"@id":"https:\/\/culture.ixelles.be\/en\/events\/chamber-music-evenings-season-opening-concert-nevera-trio\/#breadcrumb"},"inLanguage":"en-US","potentialAction":[{"@type":"ReadAction","target":["https:\/\/culture.ixelles.be\/en\/events\/chamber-music-evenings-season-opening-concert-nevera-trio\/"]}]},{"@type":"ImageObject","inLanguage":"en-US","@id":"https:\/\/culture.ixelles.be\/en\/events\/chamber-music-evenings-season-opening-concert-nevera-trio\/#primaryimage","url":"https:\/\/culture.ixelles.be\/wp-content\/uploads\/2026\/09\/7f947a63e95ad7fb1c4ccd4da148d725a0ed2dc3.jpg","contentUrl":"https:\/\/culture.ixelles.be\/wp-content\/uploads\/2026\/09\/7f947a63e95ad7fb1c4ccd4da148d725a0ed2dc3.jpg","width":1241,"height":1755},{"@type":"BreadcrumbList","@id":"https:\/\/culture.ixelles.be\/en\/events\/chamber-music-evenings-season-opening-concert-nevera-trio\/#breadcrumb","itemListElement":[{"@type":"ListItem","position":1,"name":"Accueil","item":"https:\/\/culture.ixelles.be\/en\/"},{"@type":"ListItem","position":2,"name":"Events","item":"https:\/\/culture.ixelles.be\/en\/events\/"},{"@type":"ListItem","position":3,"name":"Chamber Music Evenings &#8211; SEASON OPENING Concert &#8211; NEVERA Trio"}]},{"@type":"WebSite","@id":"https:\/\/culture.ixelles.be\/en\/#website","url":"https:\/\/culture.ixelles.be\/en\/","name":"Ixelles","description":"","publisher":{"@id":"https:\/\/culture.ixelles.be\/en\/#organization"},"potentialAction":[{"@type":"SearchAction","target":{"@type":"EntryPoint","urlTemplate":"https:\/\/culture.ixelles.be\/en\/?s={search_term_string}"},"query-input":{"@type":"PropertyValueSpecification","valueRequired":true,"valueName":"search_term_string"}}],"inLanguage":"en-US"},{"@type":"Organization","@id":"https:\/\/culture.ixelles.be\/en\/#organization","name":"Service culture Ixelles","url":"https:\/\/culture.ixelles.be\/en\/","logo":{"@type":"ImageObject","inLanguage":"en-US","@id":"https:\/\/culture.ixelles.be\/en\/#\/schema\/logo\/image\/","url":"https:\/\/culture.ixelles.be\/wp-content\/uploads\/2021\/05\/ixelles_green.svg","contentUrl":"https:\/\/culture.ixelles.be\/wp-content\/uploads\/2021\/05\/ixelles_green.svg","width":1,"height":1,"caption":"Service culture Ixelles"},"image":{"@id":"https:\/\/culture.ixelles.be\/en\/#\/schema\/logo\/image\/"}}]}},"_links":{"self":[{"href":"https:\/\/culture.ixelles.be\/en\/wp-json\/wp\/v2\/events\/1989276"}],"collection":[{"href":"https:\/\/culture.ixelles.be\/en\/wp-json\/wp\/v2\/events"}],"about":[{"href":"https:\/\/culture.ixelles.be\/en\/wp-json\/wp\/v2\/types\/events"}],"author":[{"embeddable":true,"href":"https:\/\/culture.ixelles.be\/en\/wp-json\/wp\/v2\/users\/1"}],"replies":[{"embeddable":true,"href":"https:\/\/culture.ixelles.be\/en\/wp-json\/wp\/v2\/comments?post=1989276"}],"version-history":[{"count":0,"href":"https:\/\/culture.ixelles.be\/en\/wp-json\/wp\/v2\/events\/1989276\/revisions"}],"wp:featuredmedia":[{"embeddable":true,"href":"https:\/\/culture.ixelles.be\/en\/wp-json\/wp\/v2\/media\/1989277"}],"wp:attachment":[{"href":"https:\/\/culture.ixelles.be\/en\/wp-json\/wp\/v2\/media?parent=1989276"}],"curies":[{"name":"wp","href":"https:\/\/api.w.org\/{rel}","templated":true}]}}

<p>The Nevera Trio opens the new season of Chamber Music Evenings at the Maison Hongroise with a vibrant journey through the musical traditions of the Balkans.</p>
<p>Graduates of the Royal Conservatories of Brussels, the three musicians draw inspiration from Balkan folk traditions, weaving captivating melodies and irresistible rhythms into a dynamic programme – from Bartók to Bogdanović.</p>
<p>Constance Gérault – violin,<br />
Anaïs Dumont – cello,<br />
Mathias Euillet – guitar.</p>
<p>Programme:<br />
Dušan Bogdanović – Balkan Sketches,<br />
Miroslav Tadić – 4 Macedonian Pieces,<br />
Béla Bartók – Transylvanian Dances,<br />
Antonín Dvořák &#8211; Songs my mother taught me</p>

<p>The Nevera Trio opens the new season of Chamber Music Evenings at the Maison Hongroise with a vibrant journey through the musical traditions of the Balkans. Graduates of the Royal Conservatories of Brussels, the three musicians draw inspiration from Balkan folk traditions, weaving captivating melodies and irresistible rhythms into a dynamic programme – from Bartók [&hellip;]</p>
