{"version":"1.0","provider_name":"Ixelles","provider_url":"https:\/\/culture.ixelles.be\/fr\/","author_name":"Sara Vanhegen","author_url":"https:\/\/culture.ixelles.be\/fr\/author\/sara-vanhegenixelles-brussels\/","title":"Camille Dufour & Rafa\u00ebl Klepfisch - Ixelles","type":"rich","width":600,"height":338,"html":"<blockquote class=\"wp-embedded-content\" data-secret=\"777ruWZCeO\"><a href=\"https:\/\/culture.ixelles.be\/fr\/camille-dufour-rafael-klepfisch\/\">Camille Dufour &#038; Rafa\u00ebl Klepfisch<\/a><\/blockquote><iframe sandbox=\"allow-scripts\" security=\"restricted\" src=\"https:\/\/culture.ixelles.be\/fr\/camille-dufour-rafael-klepfisch\/embed\/#?secret=777ruWZCeO\" width=\"600\" height=\"338\" title=\"\u00ab\u00a0Camille Dufour &#038; Rafa\u00ebl Klepfisch\u00a0\u00bb &#8212; Ixelles\" data-secret=\"777ruWZCeO\" frameborder=\"0\" marginwidth=\"0\" marginheight=\"0\" scrolling=\"no\" class=\"wp-embedded-content\"><\/iframe><script type=\"text\/javascript\">\n\/* <![CDATA[ *\/\n\/*! This file is auto-generated *\/\n!function(d,l){\"use strict\";l.querySelector&&d.addEventListener&&\"undefined\"!=typeof URL&&(d.wp=d.wp||{},d.wp.receiveEmbedMessage||(d.wp.receiveEmbedMessage=function(e){var t=e.data;if((t||t.secret||t.message||t.value)&&!\/[^a-zA-Z0-9]\/.test(t.secret)){for(var s,r,n,a=l.querySelectorAll('iframe[data-secret=\"'+t.secret+'\"]'),o=l.querySelectorAll('blockquote[data-secret=\"'+t.secret+'\"]'),c=new RegExp(\"^https?:$\",\"i\"),i=0;i<o.length;i++)o[i].style.display=\"none\";for(i=0;i<a.length;i++)s=a[i],e.source===s.contentWindow&&(s.removeAttribute(\"style\"),\"height\"===t.message?(1e3<(r=parseInt(t.value,10))?r=1e3:~~r<200&&(r=200),s.height=r):\"link\"===t.message&&(r=new URL(s.getAttribute(\"src\")),n=new URL(t.value),c.test(n.protocol))&&n.host===r.host&&l.activeElement===s&&(d.top.location.href=t.value))}},d.addEventListener(\"message\",d.wp.receiveEmbedMessage,!1),l.addEventListener(\"DOMContentLoaded\",function(){for(var e,t,s=l.querySelectorAll(\"iframe.wp-embedded-content\"),r=0;r<s.length;r++)(t=(e=s[r]).getAttribute(\"data-secret\"))||(t=Math.random().toString(36).substring(2,12),e.src+=\"#?secret=\"+t,e.setAttribute(\"data-secret\",t)),e.contentWindow.postMessage({message:\"ready\",secret:t},\"*\")},!1)))}(window,document);\n\/* ]]> *\/\n<\/script>\n","description":"[vc_row][vc_column][vc_column_text]Camille et Rafa\u00ebl d\u00e9veloppent une approche de la gravure qui allie installation, vid\u00e9o et performance. Faire de leur art un projet participatif est au c\u0153ur de leurs pr\u00e9occupations. Cherchant \u00e0 donner la parole au plus grand nombre, le duo redonne \u00e0 la gravure sa fonction premi\u00e8re de d\u00e9mocratisation de l&rsquo;art. Des menaces pesant sur la [&hellip;]"}

Camille Dufour & Rafaël Klepfisch - Ixelles

<blockquote class="wp-embedded-content" data-secret="777ruWZCeO"><a href="https://culture.ixelles.be/fr/camille-dufour-rafael-klepfisch/">Camille Dufour &#038; Rafaël Klepfisch</a></blockquote><iframe sandbox="allow-scripts" security="restricted" src="https://culture.ixelles.be/fr/camille-dufour-rafael-klepfisch/embed/#?secret=777ruWZCeO" width="600" height="338" title="« Camille Dufour &#038; Rafaël Klepfisch » &#8212; Ixelles" data-secret="777ruWZCeO" frameborder="0" marginwidth="0" marginheight="0" scrolling="no" class="wp-embedded-content"></iframe><script type="text/javascript">
/* <![CDATA[ */
/*! This file is auto-generated */
!function(d,l){"use strict";l.querySelector&&d.addEventListener&&"undefined"!=typeof URL&&(d.wp=d.wp||{},d.wp.receiveEmbedMessage||(d.wp.receiveEmbedMessage=function(e){var t=e.data;if((t||t.secret||t.message||t.value)&&!/[^a-zA-Z0-9]/.test(t.secret)){for(var s,r,n,a=l.querySelectorAll('iframe[data-secret="'+t.secret+'"]'),o=l.querySelectorAll('blockquote[data-secret="'+t.secret+'"]'),c=new RegExp("^https?:$","i"),i=0;i<o.length;i++)o[i].style.display="none";for(i=0;i<a.length;i++)s=a[i],e.source===s.contentWindow&&(s.removeAttribute("style"),"height"===t.message?(1e3<(r=parseInt(t.value,10))?r=1e3:~~r<200&&(r=200),s.height=r):"link"===t.message&&(r=new URL(s.getAttribute("src")),n=new URL(t.value),c.test(n.protocol))&&n.host===r.host&&l.activeElement===s&&(d.top.location.href=t.value))}},d.addEventListener("message",d.wp.receiveEmbedMessage,!1),l.addEventListener("DOMContentLoaded",function(){for(var e,t,s=l.querySelectorAll("iframe.wp-embedded-content"),r=0;r<s.length;r++)(t=(e=s[r]).getAttribute("data-secret"))||(t=Math.random().toString(36).substring(2,12),e.src+="#?secret="+t,e.setAttribute("data-secret",t)),e.contentWindow.postMessage({message:"ready",secret:t},"*")},!1)))}(window,document);
/* ]]> */
</script>

[vc_row][vc_column][vc_column_text]Camille et Rafaël développent une approche de la gravure qui allie installation, vidéo et performance. Faire de leur art un projet participatif est au cœur de leurs préoccupations. Cherchant à donner la parole au plus grand nombre, le duo redonne à la gravure sa fonction première de démocratisation de l&rsquo;art. Des menaces pesant sur la [&hellip;]
