{"version":"1.0","provider_name":"Ixelles","provider_url":"https:\/\/culture.ixelles.be\/fr\/","author_name":"Frederique Van Brussel","author_url":"https:\/\/culture.ixelles.be\/fr\/author\/fvanbrussel\/","title":"EXPO : Laboratoire des eaux sensibles - Ixelles","type":"rich","width":600,"height":338,"html":"<blockquote class=\"wp-embedded-content\" data-secret=\"hwyjnmHaYe\"><a href=\"https:\/\/culture.ixelles.be\/fr\/expo-laboratoire-des-eaux-sensibles\/\">EXPO : Laboratoire des eaux sensibles<\/a><\/blockquote><iframe sandbox=\"allow-scripts\" security=\"restricted\" src=\"https:\/\/culture.ixelles.be\/fr\/expo-laboratoire-des-eaux-sensibles\/embed\/#?secret=hwyjnmHaYe\" width=\"600\" height=\"338\" title=\"\u00ab\u00a0EXPO : Laboratoire des eaux sensibles\u00a0\u00bb &#8212; Ixelles\" data-secret=\"hwyjnmHaYe\" frameborder=\"0\" marginwidth=\"0\" marginheight=\"0\" scrolling=\"no\" class=\"wp-embedded-content\"><\/iframe><script type=\"text\/javascript\">\n\/* <![CDATA[ *\/\n\/*! This file is auto-generated *\/\n!function(d,l){\"use strict\";l.querySelector&&d.addEventListener&&\"undefined\"!=typeof URL&&(d.wp=d.wp||{},d.wp.receiveEmbedMessage||(d.wp.receiveEmbedMessage=function(e){var t=e.data;if((t||t.secret||t.message||t.value)&&!\/[^a-zA-Z0-9]\/.test(t.secret)){for(var s,r,n,a=l.querySelectorAll('iframe[data-secret=\"'+t.secret+'\"]'),o=l.querySelectorAll('blockquote[data-secret=\"'+t.secret+'\"]'),c=new RegExp(\"^https?:$\",\"i\"),i=0;i<o.length;i++)o[i].style.display=\"none\";for(i=0;i<a.length;i++)s=a[i],e.source===s.contentWindow&&(s.removeAttribute(\"style\"),\"height\"===t.message?(1e3<(r=parseInt(t.value,10))?r=1e3:~~r<200&&(r=200),s.height=r):\"link\"===t.message&&(r=new URL(s.getAttribute(\"src\")),n=new URL(t.value),c.test(n.protocol))&&n.host===r.host&&l.activeElement===s&&(d.top.location.href=t.value))}},d.addEventListener(\"message\",d.wp.receiveEmbedMessage,!1),l.addEventListener(\"DOMContentLoaded\",function(){for(var e,t,s=l.querySelectorAll(\"iframe.wp-embedded-content\"),r=0;r<s.length;r++)(t=(e=s[r]).getAttribute(\"data-secret\"))||(t=Math.random().toString(36).substring(2,12),e.src+=\"#?secret=\"+t,e.setAttribute(\"data-secret\",t)),e.contentWindow.postMessage({message:\"ready\",secret:t},\"*\")},!1)))}(window,document);\n\/* ]]> *\/\n<\/script>\n","description":"[vc_row][vc_column][vc_column_text css=\u00a0\u00bb\u00a0\u00bb] EXPO : Laboratoire des eaux sensibles [\/vc_column_text][vc_column_text css=\u00a0\u00bb\u00a0\u00bb] Dans cette exposition \u00e0 la chapelle de Boondael, Ma\u00eblle Dufour et Doriane Biot pr\u00e9sentent le deuxi\u00e8me volet d\u2019un triptyque o\u00f9 la cr\u00e9ation se met au service d\u2019une recherche empathique questionnant notre rapport \u00e0 l\u2019eau. Ensemble, elles y explorent les gestes et les outils d\u00e9velopp\u00e9s par [&hellip;]"}

[vc_row][vc_column][vc_column_text css= » »] EXPO : Laboratoire des eaux sensibles [/vc_column_text][vc_column_text css= » »] Dans cette exposition à la chapelle de Boondael, Maëlle Dufour et Doriane Biot présentent le deuxième volet d’un triptyque où la création se met au service d’une recherche empathique questionnant notre rapport à l’eau. Ensemble, elles y explorent les gestes et les outils développés par [&hellip;]
