{"version":"1.0","provider_name":"Ixelles","provider_url":"https:\/\/culture.ixelles.be\/fr\/","author_name":"simon_laroche","author_url":"https:\/\/culture.ixelles.be\/fr\/author\/simon_laroche\/","title":"La rentr\u00e9e des arts visuels : ce qui reste, ce qui se transforme - Ixelles","type":"rich","width":600,"height":338,"html":"<blockquote class=\"wp-embedded-content\" data-secret=\"PdbuOaygrd\"><a href=\"https:\/\/culture.ixelles.be\/fr\/la-rentree-des-arts-visuels\/\">La rentr\u00e9e des arts visuels : ce qui reste, ce qui se transforme<\/a><\/blockquote><iframe sandbox=\"allow-scripts\" security=\"restricted\" src=\"https:\/\/culture.ixelles.be\/fr\/la-rentree-des-arts-visuels\/embed\/#?secret=PdbuOaygrd\" width=\"600\" height=\"338\" title=\"\u00ab\u00a0La rentr\u00e9e des arts visuels : ce qui reste, ce qui se transforme\u00a0\u00bb &#8212; Ixelles\" data-secret=\"PdbuOaygrd\" frameborder=\"0\" marginwidth=\"0\" marginheight=\"0\" scrolling=\"no\" class=\"wp-embedded-content\"><\/iframe><script type=\"text\/javascript\">\n\/* <![CDATA[ *\/\n\/*! This file is auto-generated *\/\n!function(d,l){\"use strict\";l.querySelector&&d.addEventListener&&\"undefined\"!=typeof URL&&(d.wp=d.wp||{},d.wp.receiveEmbedMessage||(d.wp.receiveEmbedMessage=function(e){var t=e.data;if((t||t.secret||t.message||t.value)&&!\/[^a-zA-Z0-9]\/.test(t.secret)){for(var s,r,n,a=l.querySelectorAll('iframe[data-secret=\"'+t.secret+'\"]'),o=l.querySelectorAll('blockquote[data-secret=\"'+t.secret+'\"]'),c=new RegExp(\"^https?:$\",\"i\"),i=0;i<o.length;i++)o[i].style.display=\"none\";for(i=0;i<a.length;i++)s=a[i],e.source===s.contentWindow&&(s.removeAttribute(\"style\"),\"height\"===t.message?(1e3<(r=parseInt(t.value,10))?r=1e3:~~r<200&&(r=200),s.height=r):\"link\"===t.message&&(r=new URL(s.getAttribute(\"src\")),n=new URL(t.value),c.test(n.protocol))&&n.host===r.host&&l.activeElement===s&&(d.top.location.href=t.value))}},d.addEventListener(\"message\",d.wp.receiveEmbedMessage,!1),l.addEventListener(\"DOMContentLoaded\",function(){for(var e,t,s=l.querySelectorAll(\"iframe.wp-embedded-content\"),r=0;r<s.length;r++)(t=(e=s[r]).getAttribute(\"data-secret\"))||(t=Math.random().toString(36).substring(2,12),e.src+=\"#?secret=\"+t,e.setAttribute(\"data-secret\",t)),e.contentWindow.postMessage({message:\"ready\",secret:t},\"*\")},!1)))}(window,document);\n\/* ]]> *\/\n<\/script>\n","thumbnail_url":"https:\/\/culture.ixelles.be\/wp-content\/uploads\/2026\/09\/778139728_1697599692365491_2284714718376037763_n.jpg","thumbnail_width":1474,"thumbnail_height":2048,"description":"Voltigez d\u2019\u00e9motions le temps d\u2019une apr\u00e8s-midi gratuite de musique, de spectacle et d'animations : partez \u00e0 la rencontre des acteurs culturels ixelloisLa rentr\u00e9e scolaire marque aussi le d\u00e9but d\u2019une nouvelle saison culturelle \u00e0 Ixelles. Pour la lancer, les partenaires culturels de la Commune vous donnent rendez-vous le samedi 19 septembre sur la place Fernand Cocq."}

La rentrée des arts visuels : ce qui reste, ce qui se transforme - Ixelles

<blockquote class="wp-embedded-content" data-secret="PdbuOaygrd"><a href="https://culture.ixelles.be/fr/la-rentree-des-arts-visuels/">La rentrée des arts visuels : ce qui reste, ce qui se transforme</a></blockquote><iframe sandbox="allow-scripts" security="restricted" src="https://culture.ixelles.be/fr/la-rentree-des-arts-visuels/embed/#?secret=PdbuOaygrd" width="600" height="338" title="« La rentrée des arts visuels : ce qui reste, ce qui se transforme » &#8212; Ixelles" data-secret="PdbuOaygrd" frameborder="0" marginwidth="0" marginheight="0" scrolling="no" class="wp-embedded-content"></iframe><script type="text/javascript">
/* <![CDATA[ */
/*! This file is auto-generated */
!function(d,l){"use strict";l.querySelector&&d.addEventListener&&"undefined"!=typeof URL&&(d.wp=d.wp||{},d.wp.receiveEmbedMessage||(d.wp.receiveEmbedMessage=function(e){var t=e.data;if((t||t.secret||t.message||t.value)&&!/[^a-zA-Z0-9]/.test(t.secret)){for(var s,r,n,a=l.querySelectorAll('iframe[data-secret="'+t.secret+'"]'),o=l.querySelectorAll('blockquote[data-secret="'+t.secret+'"]'),c=new RegExp("^https?:$","i"),i=0;i<o.length;i++)o[i].style.display="none";for(i=0;i<a.length;i++)s=a[i],e.source===s.contentWindow&&(s.removeAttribute("style"),"height"===t.message?(1e3<(r=parseInt(t.value,10))?r=1e3:~~r<200&&(r=200),s.height=r):"link"===t.message&&(r=new URL(s.getAttribute("src")),n=new URL(t.value),c.test(n.protocol))&&n.host===r.host&&l.activeElement===s&&(d.top.location.href=t.value))}},d.addEventListener("message",d.wp.receiveEmbedMessage,!1),l.addEventListener("DOMContentLoaded",function(){for(var e,t,s=l.querySelectorAll("iframe.wp-embedded-content"),r=0;r<s.length;r++)(t=(e=s[r]).getAttribute("data-secret"))||(t=Math.random().toString(36).substring(2,12),e.src+="#?secret="+t,e.setAttribute("data-secret",t)),e.contentWindow.postMessage({message:"ready",secret:t},"*")},!1)))}(window,document);
/* ]]> */
</script>

Voltigez d’émotions le temps d’une après-midi gratuite de musique, de spectacle et d'animations : partez à la rencontre des acteurs culturels ixelloisLa rentrée scolaire marque aussi le début d’une nouvelle saison culturelle à Ixelles. Pour la lancer, les partenaires culturels de la Commune vous donnent rendez-vous le samedi 19 septembre sur la place Fernand Cocq.
