{"id":1903546,"date":"2026-04-24T23:10:09","date_gmt":"2026-04-24T23:10:09","guid":{"rendered":"https:\/\/culture.ixelles.be\/events\/la-trilogie-du-travail\/"},"modified":"2026-04-24T23:10:09","modified_gmt":"2026-04-24T23:10:09","slug":"la-trilogie-du-travail","status":"publish","type":"events","link":"https:\/\/culture.ixelles.be\/fr\/events\/la-trilogie-du-travail\/","title":{"rendered":"La Trilogie du Travail"},"content":{"rendered":"<p>Pour dire au revoir \u00e0 Kinof\u00e9roce, l&rsquo;\u00e9quipe a choisi de vous proposer cette trilogie du travail, compos\u00e9e de trois courts m\u00e9trages r\u00e9alis\u00e9s entre 2019 et 2025, qui explorent plusieurs situations de travail derri\u00e8re les \u00e9crans. Depuis Salut Travail, nous suivons avec enthousiasme le travail de ce duo de r\u00e9alisateur\u00b7ices.<\/p>\n<p>Dans Salut travail, une entreprise aux buts inconnus nous ouvre ses portes et ses messages de communication interne, depuis l\u2019embauche jusqu\u2019au licenciement d\u2019un des employ\u00e9s.<\/p>\n<p>Dans Veille, en 202*, tout citoyen\u00b7ne belge doit d\u00e9sormais, par pr\u00e9vention, se filmer chez soi 24h\/7j. Un vigile charg\u00e9 de d\u00e9tecter les infractions domestiques observe ces images.<\/p>\n<p>Dans Fosse commune, quatre entrepreneureuses cherchent le storytelling de leur nouvelle startup verte et vertueuse, aid\u00e9\u00b7e\u00b7s en cela par une application: MagicStories.<\/p>\n<p>Dans ces trois films, les \u00e9crans sont comme des meurtri\u00e8res derri\u00e8re lesquelles on observe, amolli\u00b7e, des portions de mondes pr\u00e9fabriqu\u00e9s, des mots us\u00e9s, des cauchemars banals. Peut-\u00eatre que quelque chose d\u00e9raillera.<\/p>\n<p>Cineflagey by Cinematek &amp; Kinograph<\/p>\n<p>\u20ac 10,5 &gt; \u20ac 7<\/p>\n","protected":false},"excerpt":{"rendered":"<p>Pour dire au revoir \u00e0 Kinof\u00e9roce, l&rsquo;\u00e9quipe a choisi de vous proposer cette trilogie du travail, compos\u00e9e de trois courts m\u00e9trages r\u00e9alis\u00e9s entre 2019 et 2025, qui explorent plusieurs situations de travail derri\u00e8re les \u00e9crans. Depuis Salut Travail, nous suivons avec enthousiasme le travail de ce duo de r\u00e9alisateur\u00b7ices. Dans Salut travail, une entreprise aux [&hellip;]<\/p>\n","protected":false},"author":1,"featured_media":1903549,"comment_status":"","ping_status":"closed","template":"","acf":[],"yoast_head":"<!-- This site is optimized with the Yoast SEO plugin v24.5 - https:\/\/yoast.com\/wordpress\/plugins\/seo\/ -->\n<title>La Trilogie du Travail - Ixelles<\/title>\n<meta name=\"robots\" content=\"index, follow, max-snippet:-1, max-image-preview:large, max-video-preview:-1\" \/>\n<link rel=\"canonical\" href=\"https:\/\/culture.ixelles.be\/fr\/events\/la-trilogie-du-travail\/\" \/>\n<meta property=\"og:locale\" content=\"fr_FR\" \/>\n<meta property=\"og:type\" content=\"article\" \/>\n<meta property=\"og:title\" content=\"La Trilogie du Travail - Ixelles\" \/>\n<meta property=\"og:url\" content=\"https:\/\/culture.ixelles.be\/fr\/events\/la-trilogie-du-travail\/\" \/>\n<meta property=\"og:site_name\" content=\"Ixelles\" \/>\n<meta name=\"twitter:card\" content=\"summary_large_image\" \/>\n<meta name=\"twitter:label1\" content=\"Dur\u00e9e de lecture estim\u00e9e\" \/>\n\t<meta name=\"twitter:data1\" content=\"1 minute\" \/>\n<script type=\"application\/ld+json\" class=\"yoast-schema-graph\">{\"@context\":\"https:\/\/schema.org\",\"@graph\":[{\"@type\":\"WebPage\",\"@id\":\"https:\/\/culture.ixelles.be\/fr\/events\/la-trilogie-du-travail\/\",\"url\":\"https:\/\/culture.ixelles.be\/fr\/events\/la-trilogie-du-travail\/\",\"name\":\"La Trilogie du Travail - Ixelles\",\"isPartOf\":{\"@id\":\"https:\/\/culture.ixelles.be\/fr\/#website\"},\"primaryImageOfPage\":{\"@id\":\"https:\/\/culture.ixelles.be\/fr\/events\/la-trilogie-du-travail\/#primaryimage\"},\"image\":{\"@id\":\"https:\/\/culture.ixelles.be\/fr\/events\/la-trilogie-du-travail\/#primaryimage\"},\"thumbnailUrl\":\"https:\/\/culture.ixelles.be\/wp-content\/uploads\/2026\/04\/1777005158820-a39991fb3e6565fb66a6df2cb82a6a130aa06fb4.jpg\",\"datePublished\":\"2026-04-24T23:10:09+00:00\",\"breadcrumb\":{\"@id\":\"https:\/\/culture.ixelles.be\/fr\/events\/la-trilogie-du-travail\/#breadcrumb\"},\"inLanguage\":\"fr-FR\",\"potentialAction\":[{\"@type\":\"ReadAction\",\"target\":[\"https:\/\/culture.ixelles.be\/fr\/events\/la-trilogie-du-travail\/\"]}]},{\"@type\":\"ImageObject\",\"inLanguage\":\"fr-FR\",\"@id\":\"https:\/\/culture.ixelles.be\/fr\/events\/la-trilogie-du-travail\/#primaryimage\",\"url\":\"https:\/\/culture.ixelles.be\/wp-content\/uploads\/2026\/04\/1777005158820-a39991fb3e6565fb66a6df2cb82a6a130aa06fb4.jpg\",\"contentUrl\":\"https:\/\/culture.ixelles.be\/wp-content\/uploads\/2026\/04\/1777005158820-a39991fb3e6565fb66a6df2cb82a6a130aa06fb4.jpg\",\"width\":1200,\"height\":630},{\"@type\":\"BreadcrumbList\",\"@id\":\"https:\/\/culture.ixelles.be\/fr\/events\/la-trilogie-du-travail\/#breadcrumb\",\"itemListElement\":[{\"@type\":\"ListItem\",\"position\":1,\"name\":\"Accueil\",\"item\":\"https:\/\/culture.ixelles.be\/fr\/\"},{\"@type\":\"ListItem\",\"position\":2,\"name\":\"Events\",\"item\":\"https:\/\/culture.ixelles.be\/fr\/events\/\"},{\"@type\":\"ListItem\",\"position\":3,\"name\":\"La Trilogie du Travail\"}]},{\"@type\":\"WebSite\",\"@id\":\"https:\/\/culture.ixelles.be\/fr\/#website\",\"url\":\"https:\/\/culture.ixelles.be\/fr\/\",\"name\":\"Ixelles\",\"description\":\"\",\"publisher\":{\"@id\":\"https:\/\/culture.ixelles.be\/fr\/#organization\"},\"potentialAction\":[{\"@type\":\"SearchAction\",\"target\":{\"@type\":\"EntryPoint\",\"urlTemplate\":\"https:\/\/culture.ixelles.be\/fr\/?s={search_term_string}\"},\"query-input\":{\"@type\":\"PropertyValueSpecification\",\"valueRequired\":true,\"valueName\":\"search_term_string\"}}],\"inLanguage\":\"fr-FR\"},{\"@type\":\"Organization\",\"@id\":\"https:\/\/culture.ixelles.be\/fr\/#organization\",\"name\":\"Service culture Ixelles\",\"url\":\"https:\/\/culture.ixelles.be\/fr\/\",\"logo\":{\"@type\":\"ImageObject\",\"inLanguage\":\"fr-FR\",\"@id\":\"https:\/\/culture.ixelles.be\/fr\/#\/schema\/logo\/image\/\",\"url\":\"https:\/\/culture.ixelles.be\/wp-content\/uploads\/2021\/05\/ixelles_green.svg\",\"contentUrl\":\"https:\/\/culture.ixelles.be\/wp-content\/uploads\/2021\/05\/ixelles_green.svg\",\"width\":1,\"height\":1,\"caption\":\"Service culture Ixelles\"},\"image\":{\"@id\":\"https:\/\/culture.ixelles.be\/fr\/#\/schema\/logo\/image\/\"}}]}<\/script>\n<!-- \/ Yoast SEO plugin. -->","yoast_head_json":{"title":"La Trilogie du Travail - Ixelles","robots":{"index":"index","follow":"follow","max-snippet":"max-snippet:-1","max-image-preview":"max-image-preview:large","max-video-preview":"max-video-preview:-1"},"canonical":"https:\/\/culture.ixelles.be\/fr\/events\/la-trilogie-du-travail\/","og_locale":"fr_FR","og_type":"article","og_title":"La Trilogie du Travail - Ixelles","og_url":"https:\/\/culture.ixelles.be\/fr\/events\/la-trilogie-du-travail\/","og_site_name":"Ixelles","twitter_card":"summary_large_image","twitter_misc":{"Dur\u00e9e de lecture estim\u00e9e":"1 minute"},"schema":{"@context":"https:\/\/schema.org","@graph":[{"@type":"WebPage","@id":"https:\/\/culture.ixelles.be\/fr\/events\/la-trilogie-du-travail\/","url":"https:\/\/culture.ixelles.be\/fr\/events\/la-trilogie-du-travail\/","name":"La Trilogie du Travail - Ixelles","isPartOf":{"@id":"https:\/\/culture.ixelles.be\/fr\/#website"},"primaryImageOfPage":{"@id":"https:\/\/culture.ixelles.be\/fr\/events\/la-trilogie-du-travail\/#primaryimage"},"image":{"@id":"https:\/\/culture.ixelles.be\/fr\/events\/la-trilogie-du-travail\/#primaryimage"},"thumbnailUrl":"https:\/\/culture.ixelles.be\/wp-content\/uploads\/2026\/04\/1777005158820-a39991fb3e6565fb66a6df2cb82a6a130aa06fb4.jpg","datePublished":"2026-04-24T23:10:09+00:00","breadcrumb":{"@id":"https:\/\/culture.ixelles.be\/fr\/events\/la-trilogie-du-travail\/#breadcrumb"},"inLanguage":"fr-FR","potentialAction":[{"@type":"ReadAction","target":["https:\/\/culture.ixelles.be\/fr\/events\/la-trilogie-du-travail\/"]}]},{"@type":"ImageObject","inLanguage":"fr-FR","@id":"https:\/\/culture.ixelles.be\/fr\/events\/la-trilogie-du-travail\/#primaryimage","url":"https:\/\/culture.ixelles.be\/wp-content\/uploads\/2026\/04\/1777005158820-a39991fb3e6565fb66a6df2cb82a6a130aa06fb4.jpg","contentUrl":"https:\/\/culture.ixelles.be\/wp-content\/uploads\/2026\/04\/1777005158820-a39991fb3e6565fb66a6df2cb82a6a130aa06fb4.jpg","width":1200,"height":630},{"@type":"BreadcrumbList","@id":"https:\/\/culture.ixelles.be\/fr\/events\/la-trilogie-du-travail\/#breadcrumb","itemListElement":[{"@type":"ListItem","position":1,"name":"Accueil","item":"https:\/\/culture.ixelles.be\/fr\/"},{"@type":"ListItem","position":2,"name":"Events","item":"https:\/\/culture.ixelles.be\/fr\/events\/"},{"@type":"ListItem","position":3,"name":"La Trilogie du Travail"}]},{"@type":"WebSite","@id":"https:\/\/culture.ixelles.be\/fr\/#website","url":"https:\/\/culture.ixelles.be\/fr\/","name":"Ixelles","description":"","publisher":{"@id":"https:\/\/culture.ixelles.be\/fr\/#organization"},"potentialAction":[{"@type":"SearchAction","target":{"@type":"EntryPoint","urlTemplate":"https:\/\/culture.ixelles.be\/fr\/?s={search_term_string}"},"query-input":{"@type":"PropertyValueSpecification","valueRequired":true,"valueName":"search_term_string"}}],"inLanguage":"fr-FR"},{"@type":"Organization","@id":"https:\/\/culture.ixelles.be\/fr\/#organization","name":"Service culture Ixelles","url":"https:\/\/culture.ixelles.be\/fr\/","logo":{"@type":"ImageObject","inLanguage":"fr-FR","@id":"https:\/\/culture.ixelles.be\/fr\/#\/schema\/logo\/image\/","url":"https:\/\/culture.ixelles.be\/wp-content\/uploads\/2021\/05\/ixelles_green.svg","contentUrl":"https:\/\/culture.ixelles.be\/wp-content\/uploads\/2021\/05\/ixelles_green.svg","width":1,"height":1,"caption":"Service culture Ixelles"},"image":{"@id":"https:\/\/culture.ixelles.be\/fr\/#\/schema\/logo\/image\/"}}]}},"_links":{"self":[{"href":"https:\/\/culture.ixelles.be\/fr\/wp-json\/wp\/v2\/events\/1903546"}],"collection":[{"href":"https:\/\/culture.ixelles.be\/fr\/wp-json\/wp\/v2\/events"}],"about":[{"href":"https:\/\/culture.ixelles.be\/fr\/wp-json\/wp\/v2\/types\/events"}],"author":[{"embeddable":true,"href":"https:\/\/culture.ixelles.be\/fr\/wp-json\/wp\/v2\/users\/1"}],"replies":[{"embeddable":true,"href":"https:\/\/culture.ixelles.be\/fr\/wp-json\/wp\/v2\/comments?post=1903546"}],"version-history":[{"count":0,"href":"https:\/\/culture.ixelles.be\/fr\/wp-json\/wp\/v2\/events\/1903546\/revisions"}],"wp:featuredmedia":[{"embeddable":true,"href":"https:\/\/culture.ixelles.be\/fr\/wp-json\/wp\/v2\/media\/1903549"}],"wp:attachment":[{"href":"https:\/\/culture.ixelles.be\/fr\/wp-json\/wp\/v2\/media?parent=1903546"}],"curies":[{"name":"wp","href":"https:\/\/api.w.org\/{rel}","templated":true}]}}

<p>Pour dire au revoir à Kinoféroce, l&rsquo;équipe a choisi de vous proposer cette trilogie du travail, composée de trois courts métrages réalisés entre 2019 et 2025, qui explorent plusieurs situations de travail derrière les écrans. Depuis Salut Travail, nous suivons avec enthousiasme le travail de ce duo de réalisateur·ices.</p>
<p>Dans Salut travail, une entreprise aux buts inconnus nous ouvre ses portes et ses messages de communication interne, depuis l’embauche jusqu’au licenciement d’un des employés.</p>
<p>Dans Veille, en 202*, tout citoyen·ne belge doit désormais, par prévention, se filmer chez soi 24h/7j. Un vigile chargé de détecter les infractions domestiques observe ces images.</p>
<p>Dans Fosse commune, quatre entrepreneureuses cherchent le storytelling de leur nouvelle startup verte et vertueuse, aidé·e·s en cela par une application: MagicStories.</p>
<p>Dans ces trois films, les écrans sont comme des meurtrières derrière lesquelles on observe, amolli·e, des portions de mondes préfabriqués, des mots usés, des cauchemars banals. Peut-être que quelque chose déraillera.</p>
<p>Cineflagey by Cinematek &amp; Kinograph</p>
<p>€ 10,5 &gt; € 7</p>

<p>Pour dire au revoir à Kinoféroce, l&rsquo;équipe a choisi de vous proposer cette trilogie du travail, composée de trois courts métrages réalisés entre 2019 et 2025, qui explorent plusieurs situations de travail derrière les écrans. Depuis Salut Travail, nous suivons avec enthousiasme le travail de ce duo de réalisateur·ices. Dans Salut travail, une entreprise aux [&hellip;]</p>

<!-- This site is optimized with the Yoast SEO plugin v24.5 - https://yoast.com/wordpress/plugins/seo/ -->
<title>La Trilogie du Travail - Ixelles</title>
<meta name="robots" content="index, follow, max-snippet:-1, max-image-preview:large, max-video-preview:-1" />
<link rel="canonical" href="https://culture.ixelles.be/fr/events/la-trilogie-du-travail/" />
<meta property="og:locale" content="fr_FR" />
<meta property="og:type" content="article" />
<meta property="og:title" content="La Trilogie du Travail - Ixelles" />
<meta property="og:url" content="https://culture.ixelles.be/fr/events/la-trilogie-du-travail/" />
<meta property="og:site_name" content="Ixelles" />
<meta name="twitter:card" content="summary_large_image" />
<meta name="twitter:label1" content="Durée de lecture estimée" />
	<meta name="twitter:data1" content="1 minute" />
<script type="application/ld+json" class="yoast-schema-graph">{"@context":"https://schema.org","@graph":[{"@type":"WebPage","@id":"https://culture.ixelles.be/fr/events/la-trilogie-du-travail/","url":"https://culture.ixelles.be/fr/events/la-trilogie-du-travail/","name":"La Trilogie du Travail - Ixelles","isPartOf":{"@id":"https://culture.ixelles.be/fr/#website"},"primaryImageOfPage":{"@id":"https://culture.ixelles.be/fr/events/la-trilogie-du-travail/#primaryimage"},"image":{"@id":"https://culture.ixelles.be/fr/events/la-trilogie-du-travail/#primaryimage"},"thumbnailUrl":"https://culture.ixelles.be/wp-content/uploads/2026/04/1777005158820-a39991fb3e6565fb66a6df2cb82a6a130aa06fb4.jpg","datePublished":"2026-04-24T23:10:09+00:00","breadcrumb":{"@id":"https://culture.ixelles.be/fr/events/la-trilogie-du-travail/#breadcrumb"},"inLanguage":"fr-FR","potentialAction":[{"@type":"ReadAction","target":["https://culture.ixelles.be/fr/events/la-trilogie-du-travail/"]}]},{"@type":"ImageObject","inLanguage":"fr-FR","@id":"https://culture.ixelles.be/fr/events/la-trilogie-du-travail/#primaryimage","url":"https://culture.ixelles.be/wp-content/uploads/2026/04/1777005158820-a39991fb3e6565fb66a6df2cb82a6a130aa06fb4.jpg","contentUrl":"https://culture.ixelles.be/wp-content/uploads/2026/04/1777005158820-a39991fb3e6565fb66a6df2cb82a6a130aa06fb4.jpg","width":1200,"height":630},{"@type":"BreadcrumbList","@id":"https://culture.ixelles.be/fr/events/la-trilogie-du-travail/#breadcrumb","itemListElement":[{"@type":"ListItem","position":1,"name":"Accueil","item":"https://culture.ixelles.be/fr/"},{"@type":"ListItem","position":2,"name":"Events","item":"https://culture.ixelles.be/fr/events/"},{"@type":"ListItem","position":3,"name":"La Trilogie du Travail"}]},{"@type":"WebSite","@id":"https://culture.ixelles.be/fr/#website","url":"https://culture.ixelles.be/fr/","name":"Ixelles","description":"","publisher":{"@id":"https://culture.ixelles.be/fr/#organization"},"potentialAction":[{"@type":"SearchAction","target":{"@type":"EntryPoint","urlTemplate":"https://culture.ixelles.be/fr/?s={search_term_string}"},"query-input":{"@type":"PropertyValueSpecification","valueRequired":true,"valueName":"search_term_string"}}],"inLanguage":"fr-FR"},{"@type":"Organization","@id":"https://culture.ixelles.be/fr/#organization","name":"Service culture Ixelles","url":"https://culture.ixelles.be/fr/","logo":{"@type":"ImageObject","inLanguage":"fr-FR","@id":"https://culture.ixelles.be/fr/#/schema/logo/image/","url":"https://culture.ixelles.be/wp-content/uploads/2021/05/ixelles_green.svg","contentUrl":"https://culture.ixelles.be/wp-content/uploads/2021/05/ixelles_green.svg","width":1,"height":1,"caption":"Service culture Ixelles"},"image":{"@id":"https://culture.ixelles.be/fr/#/schema/logo/image/"}}]}</script>
<!-- / Yoast SEO plugin. -->
