{"id":1903561,"date":"2026-04-24T23:10:30","date_gmt":"2026-04-24T23:10:30","guid":{"rendered":"https:\/\/culture.ixelles.be\/events\/primavera-vivaldi-et-moi\/"},"modified":"2026-04-24T23:10:30","modified_gmt":"2026-04-24T23:10:30","slug":"primavera-vivaldi-et-moi","status":"publish","type":"events","link":"https:\/\/culture.ixelles.be\/fr\/events\/primavera-vivaldi-et-moi\/","title":{"rendered":"Primavera Vivaldi et moi"},"content":{"rendered":"<p>Au d\u00e9but du XVIII\u1d49 si\u00e8cle, l\u2019Ospedale della Piet\u00e0 \u00e0 Venise recueille et forme de jeunes orphelines \u00e0 la musique. Dissimul\u00e9es au public, souvent masqu\u00e9es ou derri\u00e8re une grille, l\u2019orchestre de jeunes filles se produit pour les riches m\u00e9c\u00e8nes de l&rsquo;institution. C\u00e9cilia, 20 ans, y excelle en tant que violoniste. Jusqu&rsquo;au jour o\u00f9 l&rsquo;arriv\u00e9e d\u2019un nouveau ma\u00eetre de musique, Antonio Vivaldi, vient bousculer sa vie et celle de l\u2019Ospedale.<\/p>\n<p>Cineflagey by Cinematek &amp; Kinograph<\/p>\n<p>\u20ac 10,5 &gt; \u20ac 7<\/p>\n","protected":false},"excerpt":{"rendered":"<p>Au d\u00e9but du XVIII\u1d49 si\u00e8cle, l\u2019Ospedale della Piet\u00e0 \u00e0 Venise recueille et forme de jeunes orphelines \u00e0 la musique. Dissimul\u00e9es au public, souvent masqu\u00e9es ou derri\u00e8re une grille, l\u2019orchestre de jeunes filles se produit pour les riches m\u00e9c\u00e8nes de l&rsquo;institution. C\u00e9cilia, 20 ans, y excelle en tant que violoniste. Jusqu&rsquo;au jour o\u00f9 l&rsquo;arriv\u00e9e d\u2019un nouveau [&hellip;]<\/p>\n","protected":false},"author":1,"featured_media":1903564,"comment_status":"","ping_status":"closed","template":"","acf":[],"yoast_head":"<!-- This site is optimized with the Yoast SEO plugin v24.5 - https:\/\/yoast.com\/wordpress\/plugins\/seo\/ -->\n<title>Primavera Vivaldi et moi - Ixelles<\/title>\n<meta name=\"robots\" content=\"index, follow, max-snippet:-1, max-image-preview:large, max-video-preview:-1\" \/>\n<link rel=\"canonical\" href=\"https:\/\/culture.ixelles.be\/fr\/events\/primavera-vivaldi-et-moi\/\" \/>\n<meta property=\"og:locale\" content=\"fr_FR\" \/>\n<meta property=\"og:type\" content=\"article\" \/>\n<meta property=\"og:title\" content=\"Primavera Vivaldi et moi - Ixelles\" \/>\n<meta property=\"og:url\" content=\"https:\/\/culture.ixelles.be\/fr\/events\/primavera-vivaldi-et-moi\/\" \/>\n<meta property=\"og:site_name\" content=\"Ixelles\" \/>\n<meta name=\"twitter:card\" content=\"summary_large_image\" \/>\n<script type=\"application\/ld+json\" class=\"yoast-schema-graph\">{\"@context\":\"https:\/\/schema.org\",\"@graph\":[{\"@type\":\"WebPage\",\"@id\":\"https:\/\/culture.ixelles.be\/fr\/events\/primavera-vivaldi-et-moi\/\",\"url\":\"https:\/\/culture.ixelles.be\/fr\/events\/primavera-vivaldi-et-moi\/\",\"name\":\"Primavera Vivaldi et moi - Ixelles\",\"isPartOf\":{\"@id\":\"https:\/\/culture.ixelles.be\/fr\/#website\"},\"primaryImageOfPage\":{\"@id\":\"https:\/\/culture.ixelles.be\/fr\/events\/primavera-vivaldi-et-moi\/#primaryimage\"},\"image\":{\"@id\":\"https:\/\/culture.ixelles.be\/fr\/events\/primavera-vivaldi-et-moi\/#primaryimage\"},\"thumbnailUrl\":\"https:\/\/culture.ixelles.be\/wp-content\/uploads\/2026\/04\/1777005158089-23dabfd2aae5341d0ee067fd178bcced3b0eefd8.jpg\",\"datePublished\":\"2026-04-24T23:10:30+00:00\",\"breadcrumb\":{\"@id\":\"https:\/\/culture.ixelles.be\/fr\/events\/primavera-vivaldi-et-moi\/#breadcrumb\"},\"inLanguage\":\"fr-FR\",\"potentialAction\":[{\"@type\":\"ReadAction\",\"target\":[\"https:\/\/culture.ixelles.be\/fr\/events\/primavera-vivaldi-et-moi\/\"]}]},{\"@type\":\"ImageObject\",\"inLanguage\":\"fr-FR\",\"@id\":\"https:\/\/culture.ixelles.be\/fr\/events\/primavera-vivaldi-et-moi\/#primaryimage\",\"url\":\"https:\/\/culture.ixelles.be\/wp-content\/uploads\/2026\/04\/1777005158089-23dabfd2aae5341d0ee067fd178bcced3b0eefd8.jpg\",\"contentUrl\":\"https:\/\/culture.ixelles.be\/wp-content\/uploads\/2026\/04\/1777005158089-23dabfd2aae5341d0ee067fd178bcced3b0eefd8.jpg\",\"width\":1200,\"height\":630},{\"@type\":\"BreadcrumbList\",\"@id\":\"https:\/\/culture.ixelles.be\/fr\/events\/primavera-vivaldi-et-moi\/#breadcrumb\",\"itemListElement\":[{\"@type\":\"ListItem\",\"position\":1,\"name\":\"Accueil\",\"item\":\"https:\/\/culture.ixelles.be\/fr\/\"},{\"@type\":\"ListItem\",\"position\":2,\"name\":\"Events\",\"item\":\"https:\/\/culture.ixelles.be\/fr\/events\/\"},{\"@type\":\"ListItem\",\"position\":3,\"name\":\"Primavera Vivaldi et moi\"}]},{\"@type\":\"WebSite\",\"@id\":\"https:\/\/culture.ixelles.be\/fr\/#website\",\"url\":\"https:\/\/culture.ixelles.be\/fr\/\",\"name\":\"Ixelles\",\"description\":\"\",\"publisher\":{\"@id\":\"https:\/\/culture.ixelles.be\/fr\/#organization\"},\"potentialAction\":[{\"@type\":\"SearchAction\",\"target\":{\"@type\":\"EntryPoint\",\"urlTemplate\":\"https:\/\/culture.ixelles.be\/fr\/?s={search_term_string}\"},\"query-input\":{\"@type\":\"PropertyValueSpecification\",\"valueRequired\":true,\"valueName\":\"search_term_string\"}}],\"inLanguage\":\"fr-FR\"},{\"@type\":\"Organization\",\"@id\":\"https:\/\/culture.ixelles.be\/fr\/#organization\",\"name\":\"Service culture Ixelles\",\"url\":\"https:\/\/culture.ixelles.be\/fr\/\",\"logo\":{\"@type\":\"ImageObject\",\"inLanguage\":\"fr-FR\",\"@id\":\"https:\/\/culture.ixelles.be\/fr\/#\/schema\/logo\/image\/\",\"url\":\"https:\/\/culture.ixelles.be\/wp-content\/uploads\/2021\/05\/ixelles_green.svg\",\"contentUrl\":\"https:\/\/culture.ixelles.be\/wp-content\/uploads\/2021\/05\/ixelles_green.svg\",\"width\":1,\"height\":1,\"caption\":\"Service culture Ixelles\"},\"image\":{\"@id\":\"https:\/\/culture.ixelles.be\/fr\/#\/schema\/logo\/image\/\"}}]}<\/script>\n<!-- \/ Yoast SEO plugin. -->","yoast_head_json":{"title":"Primavera Vivaldi et moi - Ixelles","robots":{"index":"index","follow":"follow","max-snippet":"max-snippet:-1","max-image-preview":"max-image-preview:large","max-video-preview":"max-video-preview:-1"},"canonical":"https:\/\/culture.ixelles.be\/fr\/events\/primavera-vivaldi-et-moi\/","og_locale":"fr_FR","og_type":"article","og_title":"Primavera Vivaldi et moi - Ixelles","og_url":"https:\/\/culture.ixelles.be\/fr\/events\/primavera-vivaldi-et-moi\/","og_site_name":"Ixelles","twitter_card":"summary_large_image","schema":{"@context":"https:\/\/schema.org","@graph":[{"@type":"WebPage","@id":"https:\/\/culture.ixelles.be\/fr\/events\/primavera-vivaldi-et-moi\/","url":"https:\/\/culture.ixelles.be\/fr\/events\/primavera-vivaldi-et-moi\/","name":"Primavera Vivaldi et moi - Ixelles","isPartOf":{"@id":"https:\/\/culture.ixelles.be\/fr\/#website"},"primaryImageOfPage":{"@id":"https:\/\/culture.ixelles.be\/fr\/events\/primavera-vivaldi-et-moi\/#primaryimage"},"image":{"@id":"https:\/\/culture.ixelles.be\/fr\/events\/primavera-vivaldi-et-moi\/#primaryimage"},"thumbnailUrl":"https:\/\/culture.ixelles.be\/wp-content\/uploads\/2026\/04\/1777005158089-23dabfd2aae5341d0ee067fd178bcced3b0eefd8.jpg","datePublished":"2026-04-24T23:10:30+00:00","breadcrumb":{"@id":"https:\/\/culture.ixelles.be\/fr\/events\/primavera-vivaldi-et-moi\/#breadcrumb"},"inLanguage":"fr-FR","potentialAction":[{"@type":"ReadAction","target":["https:\/\/culture.ixelles.be\/fr\/events\/primavera-vivaldi-et-moi\/"]}]},{"@type":"ImageObject","inLanguage":"fr-FR","@id":"https:\/\/culture.ixelles.be\/fr\/events\/primavera-vivaldi-et-moi\/#primaryimage","url":"https:\/\/culture.ixelles.be\/wp-content\/uploads\/2026\/04\/1777005158089-23dabfd2aae5341d0ee067fd178bcced3b0eefd8.jpg","contentUrl":"https:\/\/culture.ixelles.be\/wp-content\/uploads\/2026\/04\/1777005158089-23dabfd2aae5341d0ee067fd178bcced3b0eefd8.jpg","width":1200,"height":630},{"@type":"BreadcrumbList","@id":"https:\/\/culture.ixelles.be\/fr\/events\/primavera-vivaldi-et-moi\/#breadcrumb","itemListElement":[{"@type":"ListItem","position":1,"name":"Accueil","item":"https:\/\/culture.ixelles.be\/fr\/"},{"@type":"ListItem","position":2,"name":"Events","item":"https:\/\/culture.ixelles.be\/fr\/events\/"},{"@type":"ListItem","position":3,"name":"Primavera Vivaldi et moi"}]},{"@type":"WebSite","@id":"https:\/\/culture.ixelles.be\/fr\/#website","url":"https:\/\/culture.ixelles.be\/fr\/","name":"Ixelles","description":"","publisher":{"@id":"https:\/\/culture.ixelles.be\/fr\/#organization"},"potentialAction":[{"@type":"SearchAction","target":{"@type":"EntryPoint","urlTemplate":"https:\/\/culture.ixelles.be\/fr\/?s={search_term_string}"},"query-input":{"@type":"PropertyValueSpecification","valueRequired":true,"valueName":"search_term_string"}}],"inLanguage":"fr-FR"},{"@type":"Organization","@id":"https:\/\/culture.ixelles.be\/fr\/#organization","name":"Service culture Ixelles","url":"https:\/\/culture.ixelles.be\/fr\/","logo":{"@type":"ImageObject","inLanguage":"fr-FR","@id":"https:\/\/culture.ixelles.be\/fr\/#\/schema\/logo\/image\/","url":"https:\/\/culture.ixelles.be\/wp-content\/uploads\/2021\/05\/ixelles_green.svg","contentUrl":"https:\/\/culture.ixelles.be\/wp-content\/uploads\/2021\/05\/ixelles_green.svg","width":1,"height":1,"caption":"Service culture Ixelles"},"image":{"@id":"https:\/\/culture.ixelles.be\/fr\/#\/schema\/logo\/image\/"}}]}},"_links":{"self":[{"href":"https:\/\/culture.ixelles.be\/fr\/wp-json\/wp\/v2\/events\/1903561"}],"collection":[{"href":"https:\/\/culture.ixelles.be\/fr\/wp-json\/wp\/v2\/events"}],"about":[{"href":"https:\/\/culture.ixelles.be\/fr\/wp-json\/wp\/v2\/types\/events"}],"author":[{"embeddable":true,"href":"https:\/\/culture.ixelles.be\/fr\/wp-json\/wp\/v2\/users\/1"}],"replies":[{"embeddable":true,"href":"https:\/\/culture.ixelles.be\/fr\/wp-json\/wp\/v2\/comments?post=1903561"}],"version-history":[{"count":0,"href":"https:\/\/culture.ixelles.be\/fr\/wp-json\/wp\/v2\/events\/1903561\/revisions"}],"wp:featuredmedia":[{"embeddable":true,"href":"https:\/\/culture.ixelles.be\/fr\/wp-json\/wp\/v2\/media\/1903564"}],"wp:attachment":[{"href":"https:\/\/culture.ixelles.be\/fr\/wp-json\/wp\/v2\/media?parent=1903561"}],"curies":[{"name":"wp","href":"https:\/\/api.w.org\/{rel}","templated":true}]}}

<p>Au début du XVIIIᵉ siècle, l’Ospedale della Pietà à Venise recueille et forme de jeunes orphelines à la musique. Dissimulées au public, souvent masquées ou derrière une grille, l’orchestre de jeunes filles se produit pour les riches mécènes de l&rsquo;institution. Cécilia, 20 ans, y excelle en tant que violoniste. Jusqu&rsquo;au jour où l&rsquo;arrivée d’un nouveau maître de musique, Antonio Vivaldi, vient bousculer sa vie et celle de l’Ospedale.</p>
<p>Cineflagey by Cinematek &amp; Kinograph</p>
<p>€ 10,5 &gt; € 7</p>

<p>Au début du XVIIIᵉ siècle, l’Ospedale della Pietà à Venise recueille et forme de jeunes orphelines à la musique. Dissimulées au public, souvent masquées ou derrière une grille, l’orchestre de jeunes filles se produit pour les riches mécènes de l&rsquo;institution. Cécilia, 20 ans, y excelle en tant que violoniste. Jusqu&rsquo;au jour où l&rsquo;arrivée d’un nouveau [&hellip;]</p>
