{"id":1903636,"date":"2026-04-24T23:11:33","date_gmt":"2026-04-24T23:11:33","guid":{"rendered":"https:\/\/culture.ixelles.be\/events\/nighttime\/"},"modified":"2026-04-24T23:11:33","modified_gmt":"2026-04-24T23:11:33","slug":"nighttime","status":"publish","type":"events","link":"https:\/\/culture.ixelles.be\/fr\/events\/nighttime\/","title":{"rendered":"Nighttime"},"content":{"rendered":"<p>Nighttime se construit autour de l\u2019improvisation libre de la saxophoniste baryton belge Hanne De Backer. La structure du film est bas\u00e9e sur un motif musical de cinq minutes, jou\u00e9, enregistr\u00e9 puis reproduit au plan suivant par un grand haut-parleur sur pied, visible \u00e0 l\u2019\u00e9cran. Ce processus se r\u00e9p\u00e8te cinq fois, avant de s\u2019effacer progressivement dans l\u2019oubli pour revenir comme au d\u00e9but \u00e0 un solo, dernier solo o\u00f9 r\u00e9sonnent la m\u00e9moire des dix passages musicaux pr\u00e9c\u00e9dents.<\/p>\n<p>Cineflagey by Cinematek &amp; Kinograph<\/p>\n<p>\u20ac 10,5 &gt; \u20ac 7<\/p>\n","protected":false},"excerpt":{"rendered":"<p>Nighttime se construit autour de l\u2019improvisation libre de la saxophoniste baryton belge Hanne De Backer. La structure du film est bas\u00e9e sur un motif musical de cinq minutes, jou\u00e9, enregistr\u00e9 puis reproduit au plan suivant par un grand haut-parleur sur pied, visible \u00e0 l\u2019\u00e9cran. Ce processus se r\u00e9p\u00e8te cinq fois, avant de s\u2019effacer progressivement dans [&hellip;]<\/p>\n","protected":false},"author":1,"featured_media":1903639,"comment_status":"","ping_status":"closed","template":"","acf":[],"yoast_head":"<!-- This site is optimized with the Yoast SEO plugin v24.5 - https:\/\/yoast.com\/wordpress\/plugins\/seo\/ -->\n<title>Nighttime - Ixelles<\/title>\n<meta name=\"robots\" content=\"index, follow, max-snippet:-1, max-image-preview:large, max-video-preview:-1\" \/>\n<link rel=\"canonical\" href=\"https:\/\/culture.ixelles.be\/fr\/events\/nighttime\/\" \/>\n<meta property=\"og:locale\" content=\"fr_FR\" \/>\n<meta property=\"og:type\" content=\"article\" \/>\n<meta property=\"og:title\" content=\"Nighttime - Ixelles\" \/>\n<meta property=\"og:url\" content=\"https:\/\/culture.ixelles.be\/fr\/events\/nighttime\/\" \/>\n<meta property=\"og:site_name\" content=\"Ixelles\" \/>\n<meta name=\"twitter:card\" content=\"summary_large_image\" \/>\n<script type=\"application\/ld+json\" class=\"yoast-schema-graph\">{\"@context\":\"https:\/\/schema.org\",\"@graph\":[{\"@type\":\"WebPage\",\"@id\":\"https:\/\/culture.ixelles.be\/fr\/events\/nighttime\/\",\"url\":\"https:\/\/culture.ixelles.be\/fr\/events\/nighttime\/\",\"name\":\"Nighttime - Ixelles\",\"isPartOf\":{\"@id\":\"https:\/\/culture.ixelles.be\/fr\/#website\"},\"primaryImageOfPage\":{\"@id\":\"https:\/\/culture.ixelles.be\/fr\/events\/nighttime\/#primaryimage\"},\"image\":{\"@id\":\"https:\/\/culture.ixelles.be\/fr\/events\/nighttime\/#primaryimage\"},\"thumbnailUrl\":\"https:\/\/culture.ixelles.be\/wp-content\/uploads\/2026\/04\/1777005160819-598d2d9b0e60e1dffc4e193ed3b75ebf4e067398.jpg\",\"datePublished\":\"2026-04-24T23:11:33+00:00\",\"breadcrumb\":{\"@id\":\"https:\/\/culture.ixelles.be\/fr\/events\/nighttime\/#breadcrumb\"},\"inLanguage\":\"fr-FR\",\"potentialAction\":[{\"@type\":\"ReadAction\",\"target\":[\"https:\/\/culture.ixelles.be\/fr\/events\/nighttime\/\"]}]},{\"@type\":\"ImageObject\",\"inLanguage\":\"fr-FR\",\"@id\":\"https:\/\/culture.ixelles.be\/fr\/events\/nighttime\/#primaryimage\",\"url\":\"https:\/\/culture.ixelles.be\/wp-content\/uploads\/2026\/04\/1777005160819-598d2d9b0e60e1dffc4e193ed3b75ebf4e067398.jpg\",\"contentUrl\":\"https:\/\/culture.ixelles.be\/wp-content\/uploads\/2026\/04\/1777005160819-598d2d9b0e60e1dffc4e193ed3b75ebf4e067398.jpg\",\"width\":1200,\"height\":630},{\"@type\":\"BreadcrumbList\",\"@id\":\"https:\/\/culture.ixelles.be\/fr\/events\/nighttime\/#breadcrumb\",\"itemListElement\":[{\"@type\":\"ListItem\",\"position\":1,\"name\":\"Accueil\",\"item\":\"https:\/\/culture.ixelles.be\/fr\/\"},{\"@type\":\"ListItem\",\"position\":2,\"name\":\"Events\",\"item\":\"https:\/\/culture.ixelles.be\/fr\/events\/\"},{\"@type\":\"ListItem\",\"position\":3,\"name\":\"Nighttime\"}]},{\"@type\":\"WebSite\",\"@id\":\"https:\/\/culture.ixelles.be\/fr\/#website\",\"url\":\"https:\/\/culture.ixelles.be\/fr\/\",\"name\":\"Ixelles\",\"description\":\"\",\"publisher\":{\"@id\":\"https:\/\/culture.ixelles.be\/fr\/#organization\"},\"potentialAction\":[{\"@type\":\"SearchAction\",\"target\":{\"@type\":\"EntryPoint\",\"urlTemplate\":\"https:\/\/culture.ixelles.be\/fr\/?s={search_term_string}\"},\"query-input\":{\"@type\":\"PropertyValueSpecification\",\"valueRequired\":true,\"valueName\":\"search_term_string\"}}],\"inLanguage\":\"fr-FR\"},{\"@type\":\"Organization\",\"@id\":\"https:\/\/culture.ixelles.be\/fr\/#organization\",\"name\":\"Service culture Ixelles\",\"url\":\"https:\/\/culture.ixelles.be\/fr\/\",\"logo\":{\"@type\":\"ImageObject\",\"inLanguage\":\"fr-FR\",\"@id\":\"https:\/\/culture.ixelles.be\/fr\/#\/schema\/logo\/image\/\",\"url\":\"https:\/\/culture.ixelles.be\/wp-content\/uploads\/2021\/05\/ixelles_green.svg\",\"contentUrl\":\"https:\/\/culture.ixelles.be\/wp-content\/uploads\/2021\/05\/ixelles_green.svg\",\"width\":1,\"height\":1,\"caption\":\"Service culture Ixelles\"},\"image\":{\"@id\":\"https:\/\/culture.ixelles.be\/fr\/#\/schema\/logo\/image\/\"}}]}<\/script>\n<!-- \/ Yoast SEO plugin. -->","yoast_head_json":{"title":"Nighttime - Ixelles","robots":{"index":"index","follow":"follow","max-snippet":"max-snippet:-1","max-image-preview":"max-image-preview:large","max-video-preview":"max-video-preview:-1"},"canonical":"https:\/\/culture.ixelles.be\/fr\/events\/nighttime\/","og_locale":"fr_FR","og_type":"article","og_title":"Nighttime - Ixelles","og_url":"https:\/\/culture.ixelles.be\/fr\/events\/nighttime\/","og_site_name":"Ixelles","twitter_card":"summary_large_image","schema":{"@context":"https:\/\/schema.org","@graph":[{"@type":"WebPage","@id":"https:\/\/culture.ixelles.be\/fr\/events\/nighttime\/","url":"https:\/\/culture.ixelles.be\/fr\/events\/nighttime\/","name":"Nighttime - Ixelles","isPartOf":{"@id":"https:\/\/culture.ixelles.be\/fr\/#website"},"primaryImageOfPage":{"@id":"https:\/\/culture.ixelles.be\/fr\/events\/nighttime\/#primaryimage"},"image":{"@id":"https:\/\/culture.ixelles.be\/fr\/events\/nighttime\/#primaryimage"},"thumbnailUrl":"https:\/\/culture.ixelles.be\/wp-content\/uploads\/2026\/04\/1777005160819-598d2d9b0e60e1dffc4e193ed3b75ebf4e067398.jpg","datePublished":"2026-04-24T23:11:33+00:00","breadcrumb":{"@id":"https:\/\/culture.ixelles.be\/fr\/events\/nighttime\/#breadcrumb"},"inLanguage":"fr-FR","potentialAction":[{"@type":"ReadAction","target":["https:\/\/culture.ixelles.be\/fr\/events\/nighttime\/"]}]},{"@type":"ImageObject","inLanguage":"fr-FR","@id":"https:\/\/culture.ixelles.be\/fr\/events\/nighttime\/#primaryimage","url":"https:\/\/culture.ixelles.be\/wp-content\/uploads\/2026\/04\/1777005160819-598d2d9b0e60e1dffc4e193ed3b75ebf4e067398.jpg","contentUrl":"https:\/\/culture.ixelles.be\/wp-content\/uploads\/2026\/04\/1777005160819-598d2d9b0e60e1dffc4e193ed3b75ebf4e067398.jpg","width":1200,"height":630},{"@type":"BreadcrumbList","@id":"https:\/\/culture.ixelles.be\/fr\/events\/nighttime\/#breadcrumb","itemListElement":[{"@type":"ListItem","position":1,"name":"Accueil","item":"https:\/\/culture.ixelles.be\/fr\/"},{"@type":"ListItem","position":2,"name":"Events","item":"https:\/\/culture.ixelles.be\/fr\/events\/"},{"@type":"ListItem","position":3,"name":"Nighttime"}]},{"@type":"WebSite","@id":"https:\/\/culture.ixelles.be\/fr\/#website","url":"https:\/\/culture.ixelles.be\/fr\/","name":"Ixelles","description":"","publisher":{"@id":"https:\/\/culture.ixelles.be\/fr\/#organization"},"potentialAction":[{"@type":"SearchAction","target":{"@type":"EntryPoint","urlTemplate":"https:\/\/culture.ixelles.be\/fr\/?s={search_term_string}"},"query-input":{"@type":"PropertyValueSpecification","valueRequired":true,"valueName":"search_term_string"}}],"inLanguage":"fr-FR"},{"@type":"Organization","@id":"https:\/\/culture.ixelles.be\/fr\/#organization","name":"Service culture Ixelles","url":"https:\/\/culture.ixelles.be\/fr\/","logo":{"@type":"ImageObject","inLanguage":"fr-FR","@id":"https:\/\/culture.ixelles.be\/fr\/#\/schema\/logo\/image\/","url":"https:\/\/culture.ixelles.be\/wp-content\/uploads\/2021\/05\/ixelles_green.svg","contentUrl":"https:\/\/culture.ixelles.be\/wp-content\/uploads\/2021\/05\/ixelles_green.svg","width":1,"height":1,"caption":"Service culture Ixelles"},"image":{"@id":"https:\/\/culture.ixelles.be\/fr\/#\/schema\/logo\/image\/"}}]}},"_links":{"self":[{"href":"https:\/\/culture.ixelles.be\/fr\/wp-json\/wp\/v2\/events\/1903636"}],"collection":[{"href":"https:\/\/culture.ixelles.be\/fr\/wp-json\/wp\/v2\/events"}],"about":[{"href":"https:\/\/culture.ixelles.be\/fr\/wp-json\/wp\/v2\/types\/events"}],"author":[{"embeddable":true,"href":"https:\/\/culture.ixelles.be\/fr\/wp-json\/wp\/v2\/users\/1"}],"replies":[{"embeddable":true,"href":"https:\/\/culture.ixelles.be\/fr\/wp-json\/wp\/v2\/comments?post=1903636"}],"version-history":[{"count":0,"href":"https:\/\/culture.ixelles.be\/fr\/wp-json\/wp\/v2\/events\/1903636\/revisions"}],"wp:featuredmedia":[{"embeddable":true,"href":"https:\/\/culture.ixelles.be\/fr\/wp-json\/wp\/v2\/media\/1903639"}],"wp:attachment":[{"href":"https:\/\/culture.ixelles.be\/fr\/wp-json\/wp\/v2\/media?parent=1903636"}],"curies":[{"name":"wp","href":"https:\/\/api.w.org\/{rel}","templated":true}]}}

<p>Nighttime se construit autour de l’improvisation libre de la saxophoniste baryton belge Hanne De Backer. La structure du film est basée sur un motif musical de cinq minutes, joué, enregistré puis reproduit au plan suivant par un grand haut-parleur sur pied, visible à l’écran. Ce processus se répète cinq fois, avant de s’effacer progressivement dans l’oubli pour revenir comme au début à un solo, dernier solo où résonnent la mémoire des dix passages musicaux précédents.</p>
<p>Cineflagey by Cinematek &amp; Kinograph</p>
<p>€ 10,5 &gt; € 7</p>

<p>Nighttime se construit autour de l’improvisation libre de la saxophoniste baryton belge Hanne De Backer. La structure du film est basée sur un motif musical de cinq minutes, joué, enregistré puis reproduit au plan suivant par un grand haut-parleur sur pied, visible à l’écran. Ce processus se répète cinq fois, avant de s’effacer progressivement dans [&hellip;]</p>
