{"id":1905143,"date":"2026-04-27T23:05:05","date_gmt":"2026-04-27T23:05:05","guid":{"rendered":"https:\/\/culture.ixelles.be\/events\/moths\/"},"modified":"2026-04-27T23:05:05","modified_gmt":"2026-04-27T23:05:05","slug":"moths","status":"publish","type":"events","link":"https:\/\/culture.ixelles.be\/fr\/events\/moths\/","title":{"rendered":"Moths"},"content":{"rendered":"<p>MOThS<br \/>\n_____________<br \/>\nArtistes: Kim Farkas, Agata Ingarden, Minne Kersten, Vibeke Mascini, M\u00f3nica Mays, Chantal van Rijt<br \/>\nCurateur: Koi Persyn<\/p>\n<p>18.04 &gt; 10.05.2026<br \/>\nJe. &#8211; di., 17:00 &#8211; 22:00<br \/>\nCoucher de soleil: \u00b1 21:00<br \/>\nVernissage : 17.04.2026 \/ 18:00 &#8211; 22:00<br \/>\nChapelle de Boondael \/ Square du Vieux Tilleul 10, 1050 Ixelles<\/p>\n<p>MOThS est une exposition collective nocturne,  sous le commissariat de Koi Persyn, qui pr\u00e9sente les pratiques artistiques de Kim Farkas (1988, FR), Agata Ingarden (1994, PL), Minne Kersten (1993, NL), Vibeke Mascini (1989, NL), M\u00f3nica Mays (1990, ES) et Chantal van Rijt (1984, NL) dans la chapelle de Boondael. Le titre de l\u2019exposition fait r\u00e9f\u00e9rence au \u2018mots\u2019 fran\u00e7ais, et renvoie \u00e0 The Death of the Moth, titre partag\u00e9 par deux essais de Virginia Woolf (1942) et Annie Dillard (1976). Tandis que Woolf observe le papillon de nuit depuis la chambre o\u00f9 elle \u00e9crit, pris dans une lutte fragile entre la vie et la mort sur le rebord d\u2019une fen\u00eatre, Dillard d\u00e9crit son attraction fatale pour une bougie, une rencontre qui finit par enflammer et consumer son corps d\u2019insecte d\u00e9licat. Ensemble, ces essais pr\u00e9sentent le papillon de nuit comme un symbole litt\u00e9raire \u00e0 la fois de la fugacit\u00e9 silencieuse et du sacrifice extatique. Woolf et Dillard offrent des portraits subtils mais saisissants de r\u00e9silience, de transformation et de mortalit\u00e9, qui refl\u00e8tent \u00e0 la fois la condition humaine et les pratiques artistiques \u2013 des m\u00e9ditations sur le deuil et le d\u00e9sir \u00e0 l\u2019or\u00e9e du cr\u00e9puscule ou de l\u2019aube.<\/p>\n<p>MOThS ne se contente pas d\u2019\u00e9clairer la mort du papillon de nuit, mais s\u2019attache plut\u00f4t \u00e0 son cycle de vie merveilleux \u2013 de l\u2019\u0153uf \u00e0 la chenille, du cocon au papillon \u2013 au sein d\u2019une m\u00e9tamorphose myst\u00e9rieuse. \u00c0 l\u2019int\u00e9rieur du cocon, toutes les cellules du corps de la chenille se dissolvent en une masse informe, \u00e0 partir de laquelle le corps, les membres et les organes du papillon sont nouvellement reconstruits. Dans cette tension entre destruction et devenir, l\u2019image du papillon de nuit offre \u00e9galement une cl\u00e9 de lecture existentielle des \u00e9crits de Woolf et de Dillard, qui, tout au long de leur \u0153uvre, r\u00e9v\u00e8lent \u00e0 plusieurs reprises \u00e0 la fois la gravit\u00e9 spirituelle et la beaut\u00e9 mystique de l\u2019existence, ainsi que son terme irr\u00e9vocable. Dans cette exposition nocturne, les \u0153uvres retracent et c\u00e9l\u00e8brent ainsi les diff\u00e9rentes \u00e9tapes de ce cycle au sein de cet \u00e9tat de flux, proposant de nouvelles configurations de leurs cellules. La chapelle elle-m\u00eame est envisag\u00e9e comme un cocon g\u00e9ant, abritant un papillon de nuit en devenir, avant qu\u2019il ne d\u00e9ploie ses ailes et, finalement, ne prenne son envol.<\/p>\n<p>MOThS est coproduit par Komplot dans le cadre du programme OFF d&rsquo;Art Brussels et r\u00e9alis\u00e9 avec le soutien de la Commune d\u2019Ixelles, l\u2019Ambassade du Royaume des Pays-Bas et l\u2019Institut Polonais de Bruxelles.<\/p>\n<p>(Cr\u00e9dits Photo: Where I&rsquo;m Calling From, Minne Kersten, video still, 2025)<\/p>\n<p>Programme public<\/p>\n<p>Visites guid\u00e9es hebdomadaires par Koi Persyn<br \/>\nChaque samedi, 20:00<br \/>\nChapelle de Boondael \u2013 Square du Vieux Tilleul 10, 1050 Ixelles<\/p>\n<p>Rencontres avec les artistes autour du th\u00e8me du \u201cr\u00eave\u201d, en collaboration avec Komplot et celador<br \/>\nConversation entre Minne Kersten, Agata Ingarden, Natalija Gucheva et Julia Tr\u00f6scher<br \/>\nDimanche 19.04.26 \u2013 14:00<br \/>\ncelador \u2013 Avenue Jef Lambeaux 23, 1060 Saint-Gilles<\/p>\n<p>\u2018A good night for mothing\u2019 \u2013 observation de papillons de nuit au Bois de la Cambre<br \/>\nSamedi 25.04.26 \u2013 21:00 (apr\u00e8s la visite guid\u00e9e)<br \/>\nD\u00e9part \u00e0 la Chapelle de Boondael \u2013 Square du Vieux Tilleul 10, 1050 Ixelles<\/p>\n<p>Collections de chenilles et de papillons de nuit<br \/>\nVisite guid\u00e9e avec le responsable de la collection \u2018L\u00e9pidopt\u00e8res\u2019 Stefan Kerkhof, et Chantal van Rijt<br \/>\nVendredi 08.05.26 \u2013 14:00<br \/>\nInstitut royal des Sciences Naturelles de Belgique \u2013 Rue Vautier 29, 1000 Bruxelles<\/p>\n<p>\u2018Cine-moth\u2019 \u2013 un finissage filmique<br \/>\nDimanche 10.05.26 \u2013 20:00<br \/>\nChapelle de Boondael \u2013 Square du Vieux Tilleul 10, 1050 Ixelles<\/p>\n","protected":false},"excerpt":{"rendered":"<p>MOThS _____________ Artistes: Kim Farkas, Agata Ingarden, Minne Kersten, Vibeke Mascini, M\u00f3nica Mays, Chantal van Rijt Curateur: Koi Persyn 18.04 &gt; 10.05.2026 Je. &#8211; di., 17:00 &#8211; 22:00 Coucher de soleil: \u00b1 21:00 Vernissage : 17.04.2026 \/ 18:00 &#8211; 22:00 Chapelle de Boondael \/ Square du Vieux Tilleul 10, 1050 Ixelles MOThS est une exposition [&hellip;]<\/p>\n","protected":false},"author":1,"featured_media":1905146,"comment_status":"","ping_status":"closed","template":"","acf":[],"yoast_head":"<!-- This site is optimized with the Yoast SEO plugin v24.5 - https:\/\/yoast.com\/wordpress\/plugins\/seo\/ -->\n<title>Moths - Ixelles<\/title>\n<meta name=\"robots\" content=\"index, follow, max-snippet:-1, max-image-preview:large, max-video-preview:-1\" \/>\n<link rel=\"canonical\" href=\"https:\/\/culture.ixelles.be\/fr\/events\/moths\/\" \/>\n<meta property=\"og:locale\" content=\"fr_FR\" \/>\n<meta property=\"og:type\" content=\"article\" \/>\n<meta property=\"og:title\" content=\"Moths - Ixelles\" \/>\n<meta property=\"og:url\" content=\"https:\/\/culture.ixelles.be\/fr\/events\/moths\/\" \/>\n<meta property=\"og:site_name\" content=\"Ixelles\" \/>\n<meta name=\"twitter:card\" content=\"summary_large_image\" \/>\n<meta name=\"twitter:label1\" content=\"Dur\u00e9e de lecture estim\u00e9e\" \/>\n\t<meta name=\"twitter:data1\" content=\"3 minutes\" \/>\n<script type=\"application\/ld+json\" class=\"yoast-schema-graph\">{\"@context\":\"https:\/\/schema.org\",\"@graph\":[{\"@type\":\"WebPage\",\"@id\":\"https:\/\/culture.ixelles.be\/fr\/events\/moths\/\",\"url\":\"https:\/\/culture.ixelles.be\/fr\/events\/moths\/\",\"name\":\"Moths - Ixelles\",\"isPartOf\":{\"@id\":\"https:\/\/culture.ixelles.be\/fr\/#website\"},\"primaryImageOfPage\":{\"@id\":\"https:\/\/culture.ixelles.be\/fr\/events\/moths\/#primaryimage\"},\"image\":{\"@id\":\"https:\/\/culture.ixelles.be\/fr\/events\/moths\/#primaryimage\"},\"thumbnailUrl\":\"https:\/\/culture.ixelles.be\/wp-content\/uploads\/2026\/04\/352e58f8f2873f45d63d29da57e3f66ecdad4205.jpg\",\"datePublished\":\"2026-04-27T23:05:05+00:00\",\"breadcrumb\":{\"@id\":\"https:\/\/culture.ixelles.be\/fr\/events\/moths\/#breadcrumb\"},\"inLanguage\":\"fr-FR\",\"potentialAction\":[{\"@type\":\"ReadAction\",\"target\":[\"https:\/\/culture.ixelles.be\/fr\/events\/moths\/\"]}]},{\"@type\":\"ImageObject\",\"inLanguage\":\"fr-FR\",\"@id\":\"https:\/\/culture.ixelles.be\/fr\/events\/moths\/#primaryimage\",\"url\":\"https:\/\/culture.ixelles.be\/wp-content\/uploads\/2026\/04\/352e58f8f2873f45d63d29da57e3f66ecdad4205.jpg\",\"contentUrl\":\"https:\/\/culture.ixelles.be\/wp-content\/uploads\/2026\/04\/352e58f8f2873f45d63d29da57e3f66ecdad4205.jpg\",\"width\":2481,\"height\":3509},{\"@type\":\"BreadcrumbList\",\"@id\":\"https:\/\/culture.ixelles.be\/fr\/events\/moths\/#breadcrumb\",\"itemListElement\":[{\"@type\":\"ListItem\",\"position\":1,\"name\":\"Accueil\",\"item\":\"https:\/\/culture.ixelles.be\/fr\/\"},{\"@type\":\"ListItem\",\"position\":2,\"name\":\"Events\",\"item\":\"https:\/\/culture.ixelles.be\/fr\/events\/\"},{\"@type\":\"ListItem\",\"position\":3,\"name\":\"Moths\"}]},{\"@type\":\"WebSite\",\"@id\":\"https:\/\/culture.ixelles.be\/fr\/#website\",\"url\":\"https:\/\/culture.ixelles.be\/fr\/\",\"name\":\"Ixelles\",\"description\":\"\",\"publisher\":{\"@id\":\"https:\/\/culture.ixelles.be\/fr\/#organization\"},\"potentialAction\":[{\"@type\":\"SearchAction\",\"target\":{\"@type\":\"EntryPoint\",\"urlTemplate\":\"https:\/\/culture.ixelles.be\/fr\/?s={search_term_string}\"},\"query-input\":{\"@type\":\"PropertyValueSpecification\",\"valueRequired\":true,\"valueName\":\"search_term_string\"}}],\"inLanguage\":\"fr-FR\"},{\"@type\":\"Organization\",\"@id\":\"https:\/\/culture.ixelles.be\/fr\/#organization\",\"name\":\"Service culture Ixelles\",\"url\":\"https:\/\/culture.ixelles.be\/fr\/\",\"logo\":{\"@type\":\"ImageObject\",\"inLanguage\":\"fr-FR\",\"@id\":\"https:\/\/culture.ixelles.be\/fr\/#\/schema\/logo\/image\/\",\"url\":\"https:\/\/culture.ixelles.be\/wp-content\/uploads\/2021\/05\/ixelles_green.svg\",\"contentUrl\":\"https:\/\/culture.ixelles.be\/wp-content\/uploads\/2021\/05\/ixelles_green.svg\",\"width\":1,\"height\":1,\"caption\":\"Service culture Ixelles\"},\"image\":{\"@id\":\"https:\/\/culture.ixelles.be\/fr\/#\/schema\/logo\/image\/\"}}]}<\/script>\n<!-- \/ Yoast SEO plugin. -->","yoast_head_json":{"title":"Moths - Ixelles","robots":{"index":"index","follow":"follow","max-snippet":"max-snippet:-1","max-image-preview":"max-image-preview:large","max-video-preview":"max-video-preview:-1"},"canonical":"https:\/\/culture.ixelles.be\/fr\/events\/moths\/","og_locale":"fr_FR","og_type":"article","og_title":"Moths - Ixelles","og_url":"https:\/\/culture.ixelles.be\/fr\/events\/moths\/","og_site_name":"Ixelles","twitter_card":"summary_large_image","twitter_misc":{"Dur\u00e9e de lecture estim\u00e9e":"3 minutes"},"schema":{"@context":"https:\/\/schema.org","@graph":[{"@type":"WebPage","@id":"https:\/\/culture.ixelles.be\/fr\/events\/moths\/","url":"https:\/\/culture.ixelles.be\/fr\/events\/moths\/","name":"Moths - Ixelles","isPartOf":{"@id":"https:\/\/culture.ixelles.be\/fr\/#website"},"primaryImageOfPage":{"@id":"https:\/\/culture.ixelles.be\/fr\/events\/moths\/#primaryimage"},"image":{"@id":"https:\/\/culture.ixelles.be\/fr\/events\/moths\/#primaryimage"},"thumbnailUrl":"https:\/\/culture.ixelles.be\/wp-content\/uploads\/2026\/04\/352e58f8f2873f45d63d29da57e3f66ecdad4205.jpg","datePublished":"2026-04-27T23:05:05+00:00","breadcrumb":{"@id":"https:\/\/culture.ixelles.be\/fr\/events\/moths\/#breadcrumb"},"inLanguage":"fr-FR","potentialAction":[{"@type":"ReadAction","target":["https:\/\/culture.ixelles.be\/fr\/events\/moths\/"]}]},{"@type":"ImageObject","inLanguage":"fr-FR","@id":"https:\/\/culture.ixelles.be\/fr\/events\/moths\/#primaryimage","url":"https:\/\/culture.ixelles.be\/wp-content\/uploads\/2026\/04\/352e58f8f2873f45d63d29da57e3f66ecdad4205.jpg","contentUrl":"https:\/\/culture.ixelles.be\/wp-content\/uploads\/2026\/04\/352e58f8f2873f45d63d29da57e3f66ecdad4205.jpg","width":2481,"height":3509},{"@type":"BreadcrumbList","@id":"https:\/\/culture.ixelles.be\/fr\/events\/moths\/#breadcrumb","itemListElement":[{"@type":"ListItem","position":1,"name":"Accueil","item":"https:\/\/culture.ixelles.be\/fr\/"},{"@type":"ListItem","position":2,"name":"Events","item":"https:\/\/culture.ixelles.be\/fr\/events\/"},{"@type":"ListItem","position":3,"name":"Moths"}]},{"@type":"WebSite","@id":"https:\/\/culture.ixelles.be\/fr\/#website","url":"https:\/\/culture.ixelles.be\/fr\/","name":"Ixelles","description":"","publisher":{"@id":"https:\/\/culture.ixelles.be\/fr\/#organization"},"potentialAction":[{"@type":"SearchAction","target":{"@type":"EntryPoint","urlTemplate":"https:\/\/culture.ixelles.be\/fr\/?s={search_term_string}"},"query-input":{"@type":"PropertyValueSpecification","valueRequired":true,"valueName":"search_term_string"}}],"inLanguage":"fr-FR"},{"@type":"Organization","@id":"https:\/\/culture.ixelles.be\/fr\/#organization","name":"Service culture Ixelles","url":"https:\/\/culture.ixelles.be\/fr\/","logo":{"@type":"ImageObject","inLanguage":"fr-FR","@id":"https:\/\/culture.ixelles.be\/fr\/#\/schema\/logo\/image\/","url":"https:\/\/culture.ixelles.be\/wp-content\/uploads\/2021\/05\/ixelles_green.svg","contentUrl":"https:\/\/culture.ixelles.be\/wp-content\/uploads\/2021\/05\/ixelles_green.svg","width":1,"height":1,"caption":"Service culture Ixelles"},"image":{"@id":"https:\/\/culture.ixelles.be\/fr\/#\/schema\/logo\/image\/"}}]}},"_links":{"self":[{"href":"https:\/\/culture.ixelles.be\/fr\/wp-json\/wp\/v2\/events\/1905143"}],"collection":[{"href":"https:\/\/culture.ixelles.be\/fr\/wp-json\/wp\/v2\/events"}],"about":[{"href":"https:\/\/culture.ixelles.be\/fr\/wp-json\/wp\/v2\/types\/events"}],"author":[{"embeddable":true,"href":"https:\/\/culture.ixelles.be\/fr\/wp-json\/wp\/v2\/users\/1"}],"replies":[{"embeddable":true,"href":"https:\/\/culture.ixelles.be\/fr\/wp-json\/wp\/v2\/comments?post=1905143"}],"version-history":[{"count":0,"href":"https:\/\/culture.ixelles.be\/fr\/wp-json\/wp\/v2\/events\/1905143\/revisions"}],"wp:featuredmedia":[{"embeddable":true,"href":"https:\/\/culture.ixelles.be\/fr\/wp-json\/wp\/v2\/media\/1905146"}],"wp:attachment":[{"href":"https:\/\/culture.ixelles.be\/fr\/wp-json\/wp\/v2\/media?parent=1905143"}],"curies":[{"name":"wp","href":"https:\/\/api.w.org\/{rel}","templated":true}]}}

<p>MOThS<br />
_____________<br />
Artistes: Kim Farkas, Agata Ingarden, Minne Kersten, Vibeke Mascini, Mónica Mays, Chantal van Rijt<br />
Curateur: Koi Persyn</p>
<p>18.04 &gt; 10.05.2026<br />
Je. &#8211; di., 17:00 &#8211; 22:00<br />
Coucher de soleil: ± 21:00<br />
Vernissage : 17.04.2026 / 18:00 &#8211; 22:00<br />
Chapelle de Boondael / Square du Vieux Tilleul 10, 1050 Ixelles</p>
<p>MOThS est une exposition collective nocturne,  sous le commissariat de Koi Persyn, qui présente les pratiques artistiques de Kim Farkas (1988, FR), Agata Ingarden (1994, PL), Minne Kersten (1993, NL), Vibeke Mascini (1989, NL), Mónica Mays (1990, ES) et Chantal van Rijt (1984, NL) dans la chapelle de Boondael. Le titre de l’exposition fait référence au ‘mots’ français, et renvoie à The Death of the Moth, titre partagé par deux essais de Virginia Woolf (1942) et Annie Dillard (1976). Tandis que Woolf observe le papillon de nuit depuis la chambre où elle écrit, pris dans une lutte fragile entre la vie et la mort sur le rebord d’une fenêtre, Dillard décrit son attraction fatale pour une bougie, une rencontre qui finit par enflammer et consumer son corps d’insecte délicat. Ensemble, ces essais présentent le papillon de nuit comme un symbole littéraire à la fois de la fugacité silencieuse et du sacrifice extatique. Woolf et Dillard offrent des portraits subtils mais saisissants de résilience, de transformation et de mortalité, qui reflètent à la fois la condition humaine et les pratiques artistiques – des méditations sur le deuil et le désir à l’orée du crépuscule ou de l’aube.</p>
<p>MOThS ne se contente pas d’éclairer la mort du papillon de nuit, mais s’attache plutôt à son cycle de vie merveilleux – de l’œuf à la chenille, du cocon au papillon – au sein d’une métamorphose mystérieuse. À l’intérieur du cocon, toutes les cellules du corps de la chenille se dissolvent en une masse informe, à partir de laquelle le corps, les membres et les organes du papillon sont nouvellement reconstruits. Dans cette tension entre destruction et devenir, l’image du papillon de nuit offre également une clé de lecture existentielle des écrits de Woolf et de Dillard, qui, tout au long de leur œuvre, révèlent à plusieurs reprises à la fois la gravité spirituelle et la beauté mystique de l’existence, ainsi que son terme irrévocable. Dans cette exposition nocturne, les œuvres retracent et célèbrent ainsi les différentes étapes de ce cycle au sein de cet état de flux, proposant de nouvelles configurations de leurs cellules. La chapelle elle-même est envisagée comme un cocon géant, abritant un papillon de nuit en devenir, avant qu’il ne déploie ses ailes et, finalement, ne prenne son envol.</p>
<p>MOThS est coproduit par Komplot dans le cadre du programme OFF d&rsquo;Art Brussels et réalisé avec le soutien de la Commune d’Ixelles, l’Ambassade du Royaume des Pays-Bas et l’Institut Polonais de Bruxelles.</p>
<p>(Crédits Photo: Where I&rsquo;m Calling From, Minne Kersten, video still, 2025)</p>
<p>Programme public</p>
<p>Visites guidées hebdomadaires par Koi Persyn<br />
Chaque samedi, 20:00<br />
Chapelle de Boondael – Square du Vieux Tilleul 10, 1050 Ixelles</p>
<p>Rencontres avec les artistes autour du thème du “rêve”, en collaboration avec Komplot et celador<br />
Conversation entre Minne Kersten, Agata Ingarden, Natalija Gucheva et Julia Tröscher<br />
Dimanche 19.04.26 – 14:00<br />
celador – Avenue Jef Lambeaux 23, 1060 Saint-Gilles</p>
<p>‘A good night for mothing’ – observation de papillons de nuit au Bois de la Cambre<br />
Samedi 25.04.26 – 21:00 (après la visite guidée)<br />
Départ à la Chapelle de Boondael – Square du Vieux Tilleul 10, 1050 Ixelles</p>
<p>Collections de chenilles et de papillons de nuit<br />
Visite guidée avec le responsable de la collection ‘Lépidoptères’ Stefan Kerkhof, et Chantal van Rijt<br />
Vendredi 08.05.26 – 14:00<br />
Institut royal des Sciences Naturelles de Belgique – Rue Vautier 29, 1000 Bruxelles</p>
<p>‘Cine-moth’ – un finissage filmique<br />
Dimanche 10.05.26 – 20:00<br />
Chapelle de Boondael – Square du Vieux Tilleul 10, 1050 Ixelles</p>

<p>MOThS _____________ Artistes: Kim Farkas, Agata Ingarden, Minne Kersten, Vibeke Mascini, Mónica Mays, Chantal van Rijt Curateur: Koi Persyn 18.04 &gt; 10.05.2026 Je. &#8211; di., 17:00 &#8211; 22:00 Coucher de soleil: ± 21:00 Vernissage : 17.04.2026 / 18:00 &#8211; 22:00 Chapelle de Boondael / Square du Vieux Tilleul 10, 1050 Ixelles MOThS est une exposition [&hellip;]</p>

<!-- This site is optimized with the Yoast SEO plugin v24.5 - https://yoast.com/wordpress/plugins/seo/ -->
<title>Moths - Ixelles</title>
<meta name="robots" content="index, follow, max-snippet:-1, max-image-preview:large, max-video-preview:-1" />
<link rel="canonical" href="https://culture.ixelles.be/fr/events/moths/" />
<meta property="og:locale" content="fr_FR" />
<meta property="og:type" content="article" />
<meta property="og:title" content="Moths - Ixelles" />
<meta property="og:url" content="https://culture.ixelles.be/fr/events/moths/" />
<meta property="og:site_name" content="Ixelles" />
<meta name="twitter:card" content="summary_large_image" />
<meta name="twitter:label1" content="Durée de lecture estimée" />
	<meta name="twitter:data1" content="3 minutes" />
<script type="application/ld+json" class="yoast-schema-graph">{"@context":"https://schema.org","@graph":[{"@type":"WebPage","@id":"https://culture.ixelles.be/fr/events/moths/","url":"https://culture.ixelles.be/fr/events/moths/","name":"Moths - Ixelles","isPartOf":{"@id":"https://culture.ixelles.be/fr/#website"},"primaryImageOfPage":{"@id":"https://culture.ixelles.be/fr/events/moths/#primaryimage"},"image":{"@id":"https://culture.ixelles.be/fr/events/moths/#primaryimage"},"thumbnailUrl":"https://culture.ixelles.be/wp-content/uploads/2026/04/352e58f8f2873f45d63d29da57e3f66ecdad4205.jpg","datePublished":"2026-04-27T23:05:05+00:00","breadcrumb":{"@id":"https://culture.ixelles.be/fr/events/moths/#breadcrumb"},"inLanguage":"fr-FR","potentialAction":[{"@type":"ReadAction","target":["https://culture.ixelles.be/fr/events/moths/"]}]},{"@type":"ImageObject","inLanguage":"fr-FR","@id":"https://culture.ixelles.be/fr/events/moths/#primaryimage","url":"https://culture.ixelles.be/wp-content/uploads/2026/04/352e58f8f2873f45d63d29da57e3f66ecdad4205.jpg","contentUrl":"https://culture.ixelles.be/wp-content/uploads/2026/04/352e58f8f2873f45d63d29da57e3f66ecdad4205.jpg","width":2481,"height":3509},{"@type":"BreadcrumbList","@id":"https://culture.ixelles.be/fr/events/moths/#breadcrumb","itemListElement":[{"@type":"ListItem","position":1,"name":"Accueil","item":"https://culture.ixelles.be/fr/"},{"@type":"ListItem","position":2,"name":"Events","item":"https://culture.ixelles.be/fr/events/"},{"@type":"ListItem","position":3,"name":"Moths"}]},{"@type":"WebSite","@id":"https://culture.ixelles.be/fr/#website","url":"https://culture.ixelles.be/fr/","name":"Ixelles","description":"","publisher":{"@id":"https://culture.ixelles.be/fr/#organization"},"potentialAction":[{"@type":"SearchAction","target":{"@type":"EntryPoint","urlTemplate":"https://culture.ixelles.be/fr/?s={search_term_string}"},"query-input":{"@type":"PropertyValueSpecification","valueRequired":true,"valueName":"search_term_string"}}],"inLanguage":"fr-FR"},{"@type":"Organization","@id":"https://culture.ixelles.be/fr/#organization","name":"Service culture Ixelles","url":"https://culture.ixelles.be/fr/","logo":{"@type":"ImageObject","inLanguage":"fr-FR","@id":"https://culture.ixelles.be/fr/#/schema/logo/image/","url":"https://culture.ixelles.be/wp-content/uploads/2021/05/ixelles_green.svg","contentUrl":"https://culture.ixelles.be/wp-content/uploads/2021/05/ixelles_green.svg","width":1,"height":1,"caption":"Service culture Ixelles"},"image":{"@id":"https://culture.ixelles.be/fr/#/schema/logo/image/"}}]}</script>
<!-- / Yoast SEO plugin. -->
