{"id":1983075,"date":"2026-08-21T23:55:55","date_gmt":"2026-08-21T23:55:55","guid":{"rendered":"https:\/\/culture.ixelles.be\/events\/la-vie-dune-femme\/"},"modified":"2026-08-21T23:55:55","modified_gmt":"2026-08-21T23:55:55","slug":"la-vie-dune-femme","status":"publish","type":"events","link":"https:\/\/culture.ixelles.be\/fr\/events\/la-vie-dune-femme\/","title":{"rendered":"La Vie d&rsquo;une Femme"},"content":{"rendered":"<p>Gabrielle se consacre corps et \u00e2me \u00e0 son m\u00e9tier. Chirurgienne et cheffe de service dans un h\u00f4pital public, elle court et se d\u00e9multiplie, assaillie de responsabilit\u00e9s. Il lui reste peu de temps pour sa vie priv\u00e9e \u2014 un mari qui l\u2019aime et une m\u00e8re dont elle doit s\u2019occuper. Lorsqu&rsquo;une romanci\u00e8re vient passer quelques semaines dans son service pour les besoins d\u2019un livre, son \u00e9quilibre vacille. Dans le quotidien que Gabrielle s\u2019est construit, y a-t-il de la place pour l\u2019inattendu ?<\/p>\n","protected":false},"excerpt":{"rendered":"<p>Gabrielle se consacre corps et \u00e2me \u00e0 son m\u00e9tier. Chirurgienne et cheffe de service dans un h\u00f4pital public, elle court et se d\u00e9multiplie, assaillie de responsabilit\u00e9s. Il lui reste peu de temps pour sa vie priv\u00e9e \u2014 un mari qui l\u2019aime et une m\u00e8re dont elle doit s\u2019occuper. Lorsqu&rsquo;une romanci\u00e8re vient passer quelques semaines dans [&hellip;]<\/p>\n","protected":false},"author":1,"featured_media":1983078,"comment_status":"","ping_status":"closed","template":"","acf":[],"yoast_head":"<!-- This site is optimized with the Yoast SEO plugin v24.5 - https:\/\/yoast.com\/wordpress\/plugins\/seo\/ -->\n<title>La Vie d&#039;une Femme - Ixelles<\/title>\n<meta name=\"robots\" content=\"index, follow, max-snippet:-1, max-image-preview:large, max-video-preview:-1\" \/>\n<link rel=\"canonical\" href=\"https:\/\/culture.ixelles.be\/fr\/events\/la-vie-dune-femme\/\" \/>\n<meta property=\"og:locale\" content=\"fr_FR\" \/>\n<meta property=\"og:type\" content=\"article\" \/>\n<meta property=\"og:title\" content=\"La Vie d&#039;une Femme - Ixelles\" \/>\n<meta property=\"og:url\" content=\"https:\/\/culture.ixelles.be\/fr\/events\/la-vie-dune-femme\/\" \/>\n<meta property=\"og:site_name\" content=\"Ixelles\" \/>\n<meta name=\"twitter:card\" content=\"summary_large_image\" \/>\n<script type=\"application\/ld+json\" class=\"yoast-schema-graph\">{\"@context\":\"https:\/\/schema.org\",\"@graph\":[{\"@type\":\"WebPage\",\"@id\":\"https:\/\/culture.ixelles.be\/fr\/events\/la-vie-dune-femme\/\",\"url\":\"https:\/\/culture.ixelles.be\/fr\/events\/la-vie-dune-femme\/\",\"name\":\"La Vie d'une Femme - Ixelles\",\"isPartOf\":{\"@id\":\"https:\/\/culture.ixelles.be\/fr\/#website\"},\"primaryImageOfPage\":{\"@id\":\"https:\/\/culture.ixelles.be\/fr\/events\/la-vie-dune-femme\/#primaryimage\"},\"image\":{\"@id\":\"https:\/\/culture.ixelles.be\/fr\/events\/la-vie-dune-femme\/#primaryimage\"},\"thumbnailUrl\":\"https:\/\/culture.ixelles.be\/wp-content\/uploads\/2026\/08\/1787286741274-6bfae4457d046aaa9dc39c088cecf38bc5518f74.jpg\",\"datePublished\":\"2026-08-21T23:55:55+00:00\",\"breadcrumb\":{\"@id\":\"https:\/\/culture.ixelles.be\/fr\/events\/la-vie-dune-femme\/#breadcrumb\"},\"inLanguage\":\"fr-FR\",\"potentialAction\":[{\"@type\":\"ReadAction\",\"target\":[\"https:\/\/culture.ixelles.be\/fr\/events\/la-vie-dune-femme\/\"]}]},{\"@type\":\"ImageObject\",\"inLanguage\":\"fr-FR\",\"@id\":\"https:\/\/culture.ixelles.be\/fr\/events\/la-vie-dune-femme\/#primaryimage\",\"url\":\"https:\/\/culture.ixelles.be\/wp-content\/uploads\/2026\/08\/1787286741274-6bfae4457d046aaa9dc39c088cecf38bc5518f74.jpg\",\"contentUrl\":\"https:\/\/culture.ixelles.be\/wp-content\/uploads\/2026\/08\/1787286741274-6bfae4457d046aaa9dc39c088cecf38bc5518f74.jpg\",\"width\":1920,\"height\":1080},{\"@type\":\"BreadcrumbList\",\"@id\":\"https:\/\/culture.ixelles.be\/fr\/events\/la-vie-dune-femme\/#breadcrumb\",\"itemListElement\":[{\"@type\":\"ListItem\",\"position\":1,\"name\":\"Accueil\",\"item\":\"https:\/\/culture.ixelles.be\/fr\/\"},{\"@type\":\"ListItem\",\"position\":2,\"name\":\"Events\",\"item\":\"https:\/\/culture.ixelles.be\/fr\/events\/\"},{\"@type\":\"ListItem\",\"position\":3,\"name\":\"La Vie d&rsquo;une Femme\"}]},{\"@type\":\"WebSite\",\"@id\":\"https:\/\/culture.ixelles.be\/fr\/#website\",\"url\":\"https:\/\/culture.ixelles.be\/fr\/\",\"name\":\"Ixelles\",\"description\":\"\",\"publisher\":{\"@id\":\"https:\/\/culture.ixelles.be\/fr\/#organization\"},\"potentialAction\":[{\"@type\":\"SearchAction\",\"target\":{\"@type\":\"EntryPoint\",\"urlTemplate\":\"https:\/\/culture.ixelles.be\/fr\/?s={search_term_string}\"},\"query-input\":{\"@type\":\"PropertyValueSpecification\",\"valueRequired\":true,\"valueName\":\"search_term_string\"}}],\"inLanguage\":\"fr-FR\"},{\"@type\":\"Organization\",\"@id\":\"https:\/\/culture.ixelles.be\/fr\/#organization\",\"name\":\"Service culture Ixelles\",\"url\":\"https:\/\/culture.ixelles.be\/fr\/\",\"logo\":{\"@type\":\"ImageObject\",\"inLanguage\":\"fr-FR\",\"@id\":\"https:\/\/culture.ixelles.be\/fr\/#\/schema\/logo\/image\/\",\"url\":\"https:\/\/culture.ixelles.be\/wp-content\/uploads\/2021\/05\/ixelles_green.svg\",\"contentUrl\":\"https:\/\/culture.ixelles.be\/wp-content\/uploads\/2021\/05\/ixelles_green.svg\",\"width\":1,\"height\":1,\"caption\":\"Service culture Ixelles\"},\"image\":{\"@id\":\"https:\/\/culture.ixelles.be\/fr\/#\/schema\/logo\/image\/\"}}]}<\/script>\n<!-- \/ Yoast SEO plugin. -->","yoast_head_json":{"title":"La Vie d'une Femme - Ixelles","robots":{"index":"index","follow":"follow","max-snippet":"max-snippet:-1","max-image-preview":"max-image-preview:large","max-video-preview":"max-video-preview:-1"},"canonical":"https:\/\/culture.ixelles.be\/fr\/events\/la-vie-dune-femme\/","og_locale":"fr_FR","og_type":"article","og_title":"La Vie d'une Femme - Ixelles","og_url":"https:\/\/culture.ixelles.be\/fr\/events\/la-vie-dune-femme\/","og_site_name":"Ixelles","twitter_card":"summary_large_image","schema":{"@context":"https:\/\/schema.org","@graph":[{"@type":"WebPage","@id":"https:\/\/culture.ixelles.be\/fr\/events\/la-vie-dune-femme\/","url":"https:\/\/culture.ixelles.be\/fr\/events\/la-vie-dune-femme\/","name":"La Vie d'une Femme - Ixelles","isPartOf":{"@id":"https:\/\/culture.ixelles.be\/fr\/#website"},"primaryImageOfPage":{"@id":"https:\/\/culture.ixelles.be\/fr\/events\/la-vie-dune-femme\/#primaryimage"},"image":{"@id":"https:\/\/culture.ixelles.be\/fr\/events\/la-vie-dune-femme\/#primaryimage"},"thumbnailUrl":"https:\/\/culture.ixelles.be\/wp-content\/uploads\/2026\/08\/1787286741274-6bfae4457d046aaa9dc39c088cecf38bc5518f74.jpg","datePublished":"2026-08-21T23:55:55+00:00","breadcrumb":{"@id":"https:\/\/culture.ixelles.be\/fr\/events\/la-vie-dune-femme\/#breadcrumb"},"inLanguage":"fr-FR","potentialAction":[{"@type":"ReadAction","target":["https:\/\/culture.ixelles.be\/fr\/events\/la-vie-dune-femme\/"]}]},{"@type":"ImageObject","inLanguage":"fr-FR","@id":"https:\/\/culture.ixelles.be\/fr\/events\/la-vie-dune-femme\/#primaryimage","url":"https:\/\/culture.ixelles.be\/wp-content\/uploads\/2026\/08\/1787286741274-6bfae4457d046aaa9dc39c088cecf38bc5518f74.jpg","contentUrl":"https:\/\/culture.ixelles.be\/wp-content\/uploads\/2026\/08\/1787286741274-6bfae4457d046aaa9dc39c088cecf38bc5518f74.jpg","width":1920,"height":1080},{"@type":"BreadcrumbList","@id":"https:\/\/culture.ixelles.be\/fr\/events\/la-vie-dune-femme\/#breadcrumb","itemListElement":[{"@type":"ListItem","position":1,"name":"Accueil","item":"https:\/\/culture.ixelles.be\/fr\/"},{"@type":"ListItem","position":2,"name":"Events","item":"https:\/\/culture.ixelles.be\/fr\/events\/"},{"@type":"ListItem","position":3,"name":"La Vie d&rsquo;une Femme"}]},{"@type":"WebSite","@id":"https:\/\/culture.ixelles.be\/fr\/#website","url":"https:\/\/culture.ixelles.be\/fr\/","name":"Ixelles","description":"","publisher":{"@id":"https:\/\/culture.ixelles.be\/fr\/#organization"},"potentialAction":[{"@type":"SearchAction","target":{"@type":"EntryPoint","urlTemplate":"https:\/\/culture.ixelles.be\/fr\/?s={search_term_string}"},"query-input":{"@type":"PropertyValueSpecification","valueRequired":true,"valueName":"search_term_string"}}],"inLanguage":"fr-FR"},{"@type":"Organization","@id":"https:\/\/culture.ixelles.be\/fr\/#organization","name":"Service culture Ixelles","url":"https:\/\/culture.ixelles.be\/fr\/","logo":{"@type":"ImageObject","inLanguage":"fr-FR","@id":"https:\/\/culture.ixelles.be\/fr\/#\/schema\/logo\/image\/","url":"https:\/\/culture.ixelles.be\/wp-content\/uploads\/2021\/05\/ixelles_green.svg","contentUrl":"https:\/\/culture.ixelles.be\/wp-content\/uploads\/2021\/05\/ixelles_green.svg","width":1,"height":1,"caption":"Service culture Ixelles"},"image":{"@id":"https:\/\/culture.ixelles.be\/fr\/#\/schema\/logo\/image\/"}}]}},"_links":{"self":[{"href":"https:\/\/culture.ixelles.be\/fr\/wp-json\/wp\/v2\/events\/1983075"}],"collection":[{"href":"https:\/\/culture.ixelles.be\/fr\/wp-json\/wp\/v2\/events"}],"about":[{"href":"https:\/\/culture.ixelles.be\/fr\/wp-json\/wp\/v2\/types\/events"}],"author":[{"embeddable":true,"href":"https:\/\/culture.ixelles.be\/fr\/wp-json\/wp\/v2\/users\/1"}],"replies":[{"embeddable":true,"href":"https:\/\/culture.ixelles.be\/fr\/wp-json\/wp\/v2\/comments?post=1983075"}],"version-history":[{"count":0,"href":"https:\/\/culture.ixelles.be\/fr\/wp-json\/wp\/v2\/events\/1983075\/revisions"}],"wp:featuredmedia":[{"embeddable":true,"href":"https:\/\/culture.ixelles.be\/fr\/wp-json\/wp\/v2\/media\/1983078"}],"wp:attachment":[{"href":"https:\/\/culture.ixelles.be\/fr\/wp-json\/wp\/v2\/media?parent=1983075"}],"curies":[{"name":"wp","href":"https:\/\/api.w.org\/{rel}","templated":true}]}}

<p>Gabrielle se consacre corps et âme à son métier. Chirurgienne et cheffe de service dans un hôpital public, elle court et se démultiplie, assaillie de responsabilités. Il lui reste peu de temps pour sa vie privée — un mari qui l’aime et une mère dont elle doit s’occuper. Lorsqu&rsquo;une romancière vient passer quelques semaines dans son service pour les besoins d’un livre, son équilibre vacille. Dans le quotidien que Gabrielle s’est construit, y a-t-il de la place pour l’inattendu ?</p>

<p>Gabrielle se consacre corps et âme à son métier. Chirurgienne et cheffe de service dans un hôpital public, elle court et se démultiplie, assaillie de responsabilités. Il lui reste peu de temps pour sa vie privée — un mari qui l’aime et une mère dont elle doit s’occuper. Lorsqu&rsquo;une romancière vient passer quelques semaines dans [&hellip;]</p>
