{"id":1986262,"date":"2026-08-27T23:11:02","date_gmt":"2026-08-27T23:11:02","guid":{"rendered":"https:\/\/culture.ixelles.be\/events\/comme-un-chateau-fort\/"},"modified":"2026-08-27T23:11:02","modified_gmt":"2026-08-27T23:11:02","slug":"comme-un-chateau-fort","status":"publish","type":"events","link":"https:\/\/culture.ixelles.be\/fr\/events\/comme-un-chateau-fort\/","title":{"rendered":"Comme un ch\u00e2teau fort"},"content":{"rendered":"<p>Apr\u00e8s la disparition soudaine de son compagnon lors d\u2019un \u00e9t\u00e9 en Corse, Lou Colp\u00e9 revient \u00e0 Durnal. Leur maison, lieu tangible de l\u2019absence,\u00a0se mue en sanctuaire. Tout y devient tr\u00e9sor et rituel. Elle y filme ce qui se r\u00e9invente chaque jour :\u00a0sa survie. Bouleversant manuel de deuil,\u00a0Comme\u00a0un ch\u00e2teau\u00a0fort\u00a0nous envo\u00fbte par sa luminosit\u00e9,\u00a0son humour et sa magistrale ode \u00e0 l\u2019amiti\u00e9.<\/p>\n","protected":false},"excerpt":{"rendered":"<p>Apr\u00e8s la disparition soudaine de son compagnon lors d\u2019un \u00e9t\u00e9 en Corse, Lou Colp\u00e9 revient \u00e0 Durnal. Leur maison, lieu tangible de l\u2019absence,\u00a0se mue en sanctuaire. Tout y devient tr\u00e9sor et rituel. Elle y filme ce qui se r\u00e9invente chaque jour :\u00a0sa survie. Bouleversant manuel de deuil,\u00a0Comme\u00a0un ch\u00e2teau\u00a0fort\u00a0nous envo\u00fbte par sa luminosit\u00e9,\u00a0son humour et sa [&hellip;]<\/p>\n","protected":false},"author":1,"featured_media":1986265,"comment_status":"","ping_status":"closed","template":"","acf":[],"yoast_head":"<!-- This site is optimized with the Yoast SEO plugin v24.5 - https:\/\/yoast.com\/wordpress\/plugins\/seo\/ -->\n<title>Comme un ch\u00e2teau fort - Ixelles<\/title>\n<meta name=\"robots\" content=\"index, follow, max-snippet:-1, max-image-preview:large, max-video-preview:-1\" \/>\n<link rel=\"canonical\" href=\"https:\/\/culture.ixelles.be\/fr\/events\/comme-un-chateau-fort\/\" \/>\n<meta property=\"og:locale\" content=\"fr_FR\" \/>\n<meta property=\"og:type\" content=\"article\" \/>\n<meta property=\"og:title\" content=\"Comme un ch\u00e2teau fort - Ixelles\" \/>\n<meta property=\"og:url\" content=\"https:\/\/culture.ixelles.be\/fr\/events\/comme-un-chateau-fort\/\" \/>\n<meta property=\"og:site_name\" content=\"Ixelles\" \/>\n<meta name=\"twitter:card\" content=\"summary_large_image\" \/>\n<script type=\"application\/ld+json\" class=\"yoast-schema-graph\">{\"@context\":\"https:\/\/schema.org\",\"@graph\":[{\"@type\":\"WebPage\",\"@id\":\"https:\/\/culture.ixelles.be\/fr\/events\/comme-un-chateau-fort\/\",\"url\":\"https:\/\/culture.ixelles.be\/fr\/events\/comme-un-chateau-fort\/\",\"name\":\"Comme un ch\u00e2teau fort - Ixelles\",\"isPartOf\":{\"@id\":\"https:\/\/culture.ixelles.be\/fr\/#website\"},\"primaryImageOfPage\":{\"@id\":\"https:\/\/culture.ixelles.be\/fr\/events\/comme-un-chateau-fort\/#primaryimage\"},\"image\":{\"@id\":\"https:\/\/culture.ixelles.be\/fr\/events\/comme-un-chateau-fort\/#primaryimage\"},\"thumbnailUrl\":\"https:\/\/culture.ixelles.be\/wp-content\/uploads\/2026\/08\/1787818497716-22800eb48f3005e1dd99ae6c1ce514b3bdd2d052.jpg\",\"datePublished\":\"2026-08-27T23:11:02+00:00\",\"breadcrumb\":{\"@id\":\"https:\/\/culture.ixelles.be\/fr\/events\/comme-un-chateau-fort\/#breadcrumb\"},\"inLanguage\":\"fr-FR\",\"potentialAction\":[{\"@type\":\"ReadAction\",\"target\":[\"https:\/\/culture.ixelles.be\/fr\/events\/comme-un-chateau-fort\/\"]}]},{\"@type\":\"ImageObject\",\"inLanguage\":\"fr-FR\",\"@id\":\"https:\/\/culture.ixelles.be\/fr\/events\/comme-un-chateau-fort\/#primaryimage\",\"url\":\"https:\/\/culture.ixelles.be\/wp-content\/uploads\/2026\/08\/1787818497716-22800eb48f3005e1dd99ae6c1ce514b3bdd2d052.jpg\",\"contentUrl\":\"https:\/\/culture.ixelles.be\/wp-content\/uploads\/2026\/08\/1787818497716-22800eb48f3005e1dd99ae6c1ce514b3bdd2d052.jpg\",\"width\":1920,\"height\":1080},{\"@type\":\"BreadcrumbList\",\"@id\":\"https:\/\/culture.ixelles.be\/fr\/events\/comme-un-chateau-fort\/#breadcrumb\",\"itemListElement\":[{\"@type\":\"ListItem\",\"position\":1,\"name\":\"Accueil\",\"item\":\"https:\/\/culture.ixelles.be\/fr\/\"},{\"@type\":\"ListItem\",\"position\":2,\"name\":\"Events\",\"item\":\"https:\/\/culture.ixelles.be\/fr\/events\/\"},{\"@type\":\"ListItem\",\"position\":3,\"name\":\"Comme un ch\u00e2teau fort\"}]},{\"@type\":\"WebSite\",\"@id\":\"https:\/\/culture.ixelles.be\/fr\/#website\",\"url\":\"https:\/\/culture.ixelles.be\/fr\/\",\"name\":\"Ixelles\",\"description\":\"\",\"publisher\":{\"@id\":\"https:\/\/culture.ixelles.be\/fr\/#organization\"},\"potentialAction\":[{\"@type\":\"SearchAction\",\"target\":{\"@type\":\"EntryPoint\",\"urlTemplate\":\"https:\/\/culture.ixelles.be\/fr\/?s={search_term_string}\"},\"query-input\":{\"@type\":\"PropertyValueSpecification\",\"valueRequired\":true,\"valueName\":\"search_term_string\"}}],\"inLanguage\":\"fr-FR\"},{\"@type\":\"Organization\",\"@id\":\"https:\/\/culture.ixelles.be\/fr\/#organization\",\"name\":\"Service culture Ixelles\",\"url\":\"https:\/\/culture.ixelles.be\/fr\/\",\"logo\":{\"@type\":\"ImageObject\",\"inLanguage\":\"fr-FR\",\"@id\":\"https:\/\/culture.ixelles.be\/fr\/#\/schema\/logo\/image\/\",\"url\":\"https:\/\/culture.ixelles.be\/wp-content\/uploads\/2021\/05\/ixelles_green.svg\",\"contentUrl\":\"https:\/\/culture.ixelles.be\/wp-content\/uploads\/2021\/05\/ixelles_green.svg\",\"width\":1,\"height\":1,\"caption\":\"Service culture Ixelles\"},\"image\":{\"@id\":\"https:\/\/culture.ixelles.be\/fr\/#\/schema\/logo\/image\/\"}}]}<\/script>\n<!-- \/ Yoast SEO plugin. -->","yoast_head_json":{"title":"Comme un ch\u00e2teau fort - Ixelles","robots":{"index":"index","follow":"follow","max-snippet":"max-snippet:-1","max-image-preview":"max-image-preview:large","max-video-preview":"max-video-preview:-1"},"canonical":"https:\/\/culture.ixelles.be\/fr\/events\/comme-un-chateau-fort\/","og_locale":"fr_FR","og_type":"article","og_title":"Comme un ch\u00e2teau fort - Ixelles","og_url":"https:\/\/culture.ixelles.be\/fr\/events\/comme-un-chateau-fort\/","og_site_name":"Ixelles","twitter_card":"summary_large_image","schema":{"@context":"https:\/\/schema.org","@graph":[{"@type":"WebPage","@id":"https:\/\/culture.ixelles.be\/fr\/events\/comme-un-chateau-fort\/","url":"https:\/\/culture.ixelles.be\/fr\/events\/comme-un-chateau-fort\/","name":"Comme un ch\u00e2teau fort - Ixelles","isPartOf":{"@id":"https:\/\/culture.ixelles.be\/fr\/#website"},"primaryImageOfPage":{"@id":"https:\/\/culture.ixelles.be\/fr\/events\/comme-un-chateau-fort\/#primaryimage"},"image":{"@id":"https:\/\/culture.ixelles.be\/fr\/events\/comme-un-chateau-fort\/#primaryimage"},"thumbnailUrl":"https:\/\/culture.ixelles.be\/wp-content\/uploads\/2026\/08\/1787818497716-22800eb48f3005e1dd99ae6c1ce514b3bdd2d052.jpg","datePublished":"2026-08-27T23:11:02+00:00","breadcrumb":{"@id":"https:\/\/culture.ixelles.be\/fr\/events\/comme-un-chateau-fort\/#breadcrumb"},"inLanguage":"fr-FR","potentialAction":[{"@type":"ReadAction","target":["https:\/\/culture.ixelles.be\/fr\/events\/comme-un-chateau-fort\/"]}]},{"@type":"ImageObject","inLanguage":"fr-FR","@id":"https:\/\/culture.ixelles.be\/fr\/events\/comme-un-chateau-fort\/#primaryimage","url":"https:\/\/culture.ixelles.be\/wp-content\/uploads\/2026\/08\/1787818497716-22800eb48f3005e1dd99ae6c1ce514b3bdd2d052.jpg","contentUrl":"https:\/\/culture.ixelles.be\/wp-content\/uploads\/2026\/08\/1787818497716-22800eb48f3005e1dd99ae6c1ce514b3bdd2d052.jpg","width":1920,"height":1080},{"@type":"BreadcrumbList","@id":"https:\/\/culture.ixelles.be\/fr\/events\/comme-un-chateau-fort\/#breadcrumb","itemListElement":[{"@type":"ListItem","position":1,"name":"Accueil","item":"https:\/\/culture.ixelles.be\/fr\/"},{"@type":"ListItem","position":2,"name":"Events","item":"https:\/\/culture.ixelles.be\/fr\/events\/"},{"@type":"ListItem","position":3,"name":"Comme un ch\u00e2teau fort"}]},{"@type":"WebSite","@id":"https:\/\/culture.ixelles.be\/fr\/#website","url":"https:\/\/culture.ixelles.be\/fr\/","name":"Ixelles","description":"","publisher":{"@id":"https:\/\/culture.ixelles.be\/fr\/#organization"},"potentialAction":[{"@type":"SearchAction","target":{"@type":"EntryPoint","urlTemplate":"https:\/\/culture.ixelles.be\/fr\/?s={search_term_string}"},"query-input":{"@type":"PropertyValueSpecification","valueRequired":true,"valueName":"search_term_string"}}],"inLanguage":"fr-FR"},{"@type":"Organization","@id":"https:\/\/culture.ixelles.be\/fr\/#organization","name":"Service culture Ixelles","url":"https:\/\/culture.ixelles.be\/fr\/","logo":{"@type":"ImageObject","inLanguage":"fr-FR","@id":"https:\/\/culture.ixelles.be\/fr\/#\/schema\/logo\/image\/","url":"https:\/\/culture.ixelles.be\/wp-content\/uploads\/2021\/05\/ixelles_green.svg","contentUrl":"https:\/\/culture.ixelles.be\/wp-content\/uploads\/2021\/05\/ixelles_green.svg","width":1,"height":1,"caption":"Service culture Ixelles"},"image":{"@id":"https:\/\/culture.ixelles.be\/fr\/#\/schema\/logo\/image\/"}}]}},"_links":{"self":[{"href":"https:\/\/culture.ixelles.be\/fr\/wp-json\/wp\/v2\/events\/1986262"}],"collection":[{"href":"https:\/\/culture.ixelles.be\/fr\/wp-json\/wp\/v2\/events"}],"about":[{"href":"https:\/\/culture.ixelles.be\/fr\/wp-json\/wp\/v2\/types\/events"}],"author":[{"embeddable":true,"href":"https:\/\/culture.ixelles.be\/fr\/wp-json\/wp\/v2\/users\/1"}],"replies":[{"embeddable":true,"href":"https:\/\/culture.ixelles.be\/fr\/wp-json\/wp\/v2\/comments?post=1986262"}],"version-history":[{"count":0,"href":"https:\/\/culture.ixelles.be\/fr\/wp-json\/wp\/v2\/events\/1986262\/revisions"}],"wp:featuredmedia":[{"embeddable":true,"href":"https:\/\/culture.ixelles.be\/fr\/wp-json\/wp\/v2\/media\/1986265"}],"wp:attachment":[{"href":"https:\/\/culture.ixelles.be\/fr\/wp-json\/wp\/v2\/media?parent=1986262"}],"curies":[{"name":"wp","href":"https:\/\/api.w.org\/{rel}","templated":true}]}}

Comme un château fort

<p>Après la disparition soudaine de son compagnon lors d’un été en Corse, Lou Colpé revient à Durnal. Leur maison, lieu tangible de l’absence, se mue en sanctuaire. Tout y devient trésor et rituel. Elle y filme ce qui se réinvente chaque jour : sa survie. Bouleversant manuel de deuil, Comme un château fort nous envoûte par sa luminosité, son humour et sa magistrale ode à l’amitié.</p>

<p>Après la disparition soudaine de son compagnon lors d’un été en Corse, Lou Colpé revient à Durnal. Leur maison, lieu tangible de l’absence, se mue en sanctuaire. Tout y devient trésor et rituel. Elle y filme ce qui se réinvente chaque jour : sa survie. Bouleversant manuel de deuil, Comme un château fort nous envoûte par sa luminosité, son humour et sa [&hellip;]</p>

<!-- This site is optimized with the Yoast SEO plugin v24.5 - https://yoast.com/wordpress/plugins/seo/ -->
<title>Comme un château fort - Ixelles</title>
<meta name="robots" content="index, follow, max-snippet:-1, max-image-preview:large, max-video-preview:-1" />
<link rel="canonical" href="https://culture.ixelles.be/fr/events/comme-un-chateau-fort/" />
<meta property="og:locale" content="fr_FR" />
<meta property="og:type" content="article" />
<meta property="og:title" content="Comme un château fort - Ixelles" />
<meta property="og:url" content="https://culture.ixelles.be/fr/events/comme-un-chateau-fort/" />
<meta property="og:site_name" content="Ixelles" />
<meta name="twitter:card" content="summary_large_image" />
<script type="application/ld+json" class="yoast-schema-graph">{"@context":"https://schema.org","@graph":[{"@type":"WebPage","@id":"https://culture.ixelles.be/fr/events/comme-un-chateau-fort/","url":"https://culture.ixelles.be/fr/events/comme-un-chateau-fort/","name":"Comme un château fort - Ixelles","isPartOf":{"@id":"https://culture.ixelles.be/fr/#website"},"primaryImageOfPage":{"@id":"https://culture.ixelles.be/fr/events/comme-un-chateau-fort/#primaryimage"},"image":{"@id":"https://culture.ixelles.be/fr/events/comme-un-chateau-fort/#primaryimage"},"thumbnailUrl":"https://culture.ixelles.be/wp-content/uploads/2026/08/1787818497716-22800eb48f3005e1dd99ae6c1ce514b3bdd2d052.jpg","datePublished":"2026-08-27T23:11:02+00:00","breadcrumb":{"@id":"https://culture.ixelles.be/fr/events/comme-un-chateau-fort/#breadcrumb"},"inLanguage":"fr-FR","potentialAction":[{"@type":"ReadAction","target":["https://culture.ixelles.be/fr/events/comme-un-chateau-fort/"]}]},{"@type":"ImageObject","inLanguage":"fr-FR","@id":"https://culture.ixelles.be/fr/events/comme-un-chateau-fort/#primaryimage","url":"https://culture.ixelles.be/wp-content/uploads/2026/08/1787818497716-22800eb48f3005e1dd99ae6c1ce514b3bdd2d052.jpg","contentUrl":"https://culture.ixelles.be/wp-content/uploads/2026/08/1787818497716-22800eb48f3005e1dd99ae6c1ce514b3bdd2d052.jpg","width":1920,"height":1080},{"@type":"BreadcrumbList","@id":"https://culture.ixelles.be/fr/events/comme-un-chateau-fort/#breadcrumb","itemListElement":[{"@type":"ListItem","position":1,"name":"Accueil","item":"https://culture.ixelles.be/fr/"},{"@type":"ListItem","position":2,"name":"Events","item":"https://culture.ixelles.be/fr/events/"},{"@type":"ListItem","position":3,"name":"Comme un château fort"}]},{"@type":"WebSite","@id":"https://culture.ixelles.be/fr/#website","url":"https://culture.ixelles.be/fr/","name":"Ixelles","description":"","publisher":{"@id":"https://culture.ixelles.be/fr/#organization"},"potentialAction":[{"@type":"SearchAction","target":{"@type":"EntryPoint","urlTemplate":"https://culture.ixelles.be/fr/?s={search_term_string}"},"query-input":{"@type":"PropertyValueSpecification","valueRequired":true,"valueName":"search_term_string"}}],"inLanguage":"fr-FR"},{"@type":"Organization","@id":"https://culture.ixelles.be/fr/#organization","name":"Service culture Ixelles","url":"https://culture.ixelles.be/fr/","logo":{"@type":"ImageObject","inLanguage":"fr-FR","@id":"https://culture.ixelles.be/fr/#/schema/logo/image/","url":"https://culture.ixelles.be/wp-content/uploads/2021/05/ixelles_green.svg","contentUrl":"https://culture.ixelles.be/wp-content/uploads/2021/05/ixelles_green.svg","width":1,"height":1,"caption":"Service culture Ixelles"},"image":{"@id":"https://culture.ixelles.be/fr/#/schema/logo/image/"}}]}</script>
<!-- / Yoast SEO plugin. -->

Comme un château fort - Ixelles
