{"id":1987554,"date":"2026-08-29T23:14:13","date_gmt":"2026-08-29T23:14:13","guid":{"rendered":"https:\/\/culture.ixelles.be\/events\/res-nullius\/"},"modified":"2026-08-29T23:14:13","modified_gmt":"2026-08-29T23:14:13","slug":"res-nullius","status":"publish","type":"events","link":"https:\/\/culture.ixelles.be\/fr\/events\/res-nullius\/","title":{"rendered":"Res Nullius"},"content":{"rendered":"<p>Res Nullius\u00a0explore la cohabitation entre humains et faune sauvage au c\u0153ur de Bruxelles et interroge notre mani\u00e8re d\u2019habiter la ville. En suivant la trace d\u2019un sanglier aper\u00e7u dans un parc, le film r\u00e9v\u00e8le une r\u00e9alit\u00e9 souvent invisible : la ville est un \u00e9cosyst\u00e8me vivant, travers\u00e9 par des enjeux de biodiversit\u00e9, d\u2019am\u00e9nagement du territoire et de justice sociale. \u00c0 travers les regards d\u2019acteurs de terrain, il propose une r\u00e9flexion engag\u00e9e et politique sur le d\u00e9veloppement urbain et son impact sur le Vivant.<\/p>\n<p>23.09 | screening in the framework of the celebration of the Wallonia-Brussels Federation Festival.\u00a0<\/p>\n","protected":false},"excerpt":{"rendered":"<p>Res Nullius\u00a0explore la cohabitation entre humains et faune sauvage au c\u0153ur de Bruxelles et interroge notre mani\u00e8re d\u2019habiter la ville. En suivant la trace d\u2019un sanglier aper\u00e7u dans un parc, le film r\u00e9v\u00e8le une r\u00e9alit\u00e9 souvent invisible : la ville est un \u00e9cosyst\u00e8me vivant, travers\u00e9 par des enjeux de biodiversit\u00e9, d\u2019am\u00e9nagement du territoire et de [&hellip;]<\/p>\n","protected":false},"author":1,"featured_media":1987557,"comment_status":"","ping_status":"closed","template":"","acf":[],"yoast_head":"<!-- This site is optimized with the Yoast SEO plugin v24.5 - https:\/\/yoast.com\/wordpress\/plugins\/seo\/ -->\n<title>Res Nullius - Ixelles<\/title>\n<meta name=\"robots\" content=\"index, follow, max-snippet:-1, max-image-preview:large, max-video-preview:-1\" \/>\n<link rel=\"canonical\" href=\"https:\/\/culture.ixelles.be\/fr\/events\/res-nullius\/\" \/>\n<meta property=\"og:locale\" content=\"fr_FR\" \/>\n<meta property=\"og:type\" content=\"article\" \/>\n<meta property=\"og:title\" content=\"Res Nullius - Ixelles\" \/>\n<meta property=\"og:url\" content=\"https:\/\/culture.ixelles.be\/fr\/events\/res-nullius\/\" \/>\n<meta property=\"og:site_name\" content=\"Ixelles\" \/>\n<meta name=\"twitter:card\" content=\"summary_large_image\" \/>\n<meta name=\"twitter:label1\" content=\"Dur\u00e9e de lecture estim\u00e9e\" \/>\n\t<meta name=\"twitter:data1\" content=\"1 minute\" \/>\n<script type=\"application\/ld+json\" class=\"yoast-schema-graph\">{\"@context\":\"https:\/\/schema.org\",\"@graph\":[{\"@type\":\"WebPage\",\"@id\":\"https:\/\/culture.ixelles.be\/fr\/events\/res-nullius\/\",\"url\":\"https:\/\/culture.ixelles.be\/fr\/events\/res-nullius\/\",\"name\":\"Res Nullius - Ixelles\",\"isPartOf\":{\"@id\":\"https:\/\/culture.ixelles.be\/fr\/#website\"},\"primaryImageOfPage\":{\"@id\":\"https:\/\/culture.ixelles.be\/fr\/events\/res-nullius\/#primaryimage\"},\"image\":{\"@id\":\"https:\/\/culture.ixelles.be\/fr\/events\/res-nullius\/#primaryimage\"},\"thumbnailUrl\":\"https:\/\/culture.ixelles.be\/wp-content\/uploads\/2026\/08\/1787977991548-48098a2369b89ee61529d39733d176ba608ca968.jpg\",\"datePublished\":\"2026-08-29T23:14:13+00:00\",\"breadcrumb\":{\"@id\":\"https:\/\/culture.ixelles.be\/fr\/events\/res-nullius\/#breadcrumb\"},\"inLanguage\":\"fr-FR\",\"potentialAction\":[{\"@type\":\"ReadAction\",\"target\":[\"https:\/\/culture.ixelles.be\/fr\/events\/res-nullius\/\"]}]},{\"@type\":\"ImageObject\",\"inLanguage\":\"fr-FR\",\"@id\":\"https:\/\/culture.ixelles.be\/fr\/events\/res-nullius\/#primaryimage\",\"url\":\"https:\/\/culture.ixelles.be\/wp-content\/uploads\/2026\/08\/1787977991548-48098a2369b89ee61529d39733d176ba608ca968.jpg\",\"contentUrl\":\"https:\/\/culture.ixelles.be\/wp-content\/uploads\/2026\/08\/1787977991548-48098a2369b89ee61529d39733d176ba608ca968.jpg\",\"width\":1920,\"height\":1080},{\"@type\":\"BreadcrumbList\",\"@id\":\"https:\/\/culture.ixelles.be\/fr\/events\/res-nullius\/#breadcrumb\",\"itemListElement\":[{\"@type\":\"ListItem\",\"position\":1,\"name\":\"Accueil\",\"item\":\"https:\/\/culture.ixelles.be\/fr\/\"},{\"@type\":\"ListItem\",\"position\":2,\"name\":\"Events\",\"item\":\"https:\/\/culture.ixelles.be\/fr\/events\/\"},{\"@type\":\"ListItem\",\"position\":3,\"name\":\"Res Nullius\"}]},{\"@type\":\"WebSite\",\"@id\":\"https:\/\/culture.ixelles.be\/fr\/#website\",\"url\":\"https:\/\/culture.ixelles.be\/fr\/\",\"name\":\"Ixelles\",\"description\":\"\",\"publisher\":{\"@id\":\"https:\/\/culture.ixelles.be\/fr\/#organization\"},\"potentialAction\":[{\"@type\":\"SearchAction\",\"target\":{\"@type\":\"EntryPoint\",\"urlTemplate\":\"https:\/\/culture.ixelles.be\/fr\/?s={search_term_string}\"},\"query-input\":{\"@type\":\"PropertyValueSpecification\",\"valueRequired\":true,\"valueName\":\"search_term_string\"}}],\"inLanguage\":\"fr-FR\"},{\"@type\":\"Organization\",\"@id\":\"https:\/\/culture.ixelles.be\/fr\/#organization\",\"name\":\"Service culture Ixelles\",\"url\":\"https:\/\/culture.ixelles.be\/fr\/\",\"logo\":{\"@type\":\"ImageObject\",\"inLanguage\":\"fr-FR\",\"@id\":\"https:\/\/culture.ixelles.be\/fr\/#\/schema\/logo\/image\/\",\"url\":\"https:\/\/culture.ixelles.be\/wp-content\/uploads\/2021\/05\/ixelles_green.svg\",\"contentUrl\":\"https:\/\/culture.ixelles.be\/wp-content\/uploads\/2021\/05\/ixelles_green.svg\",\"width\":1,\"height\":1,\"caption\":\"Service culture Ixelles\"},\"image\":{\"@id\":\"https:\/\/culture.ixelles.be\/fr\/#\/schema\/logo\/image\/\"}}]}<\/script>\n<!-- \/ Yoast SEO plugin. -->","yoast_head_json":{"title":"Res Nullius - Ixelles","robots":{"index":"index","follow":"follow","max-snippet":"max-snippet:-1","max-image-preview":"max-image-preview:large","max-video-preview":"max-video-preview:-1"},"canonical":"https:\/\/culture.ixelles.be\/fr\/events\/res-nullius\/","og_locale":"fr_FR","og_type":"article","og_title":"Res Nullius - Ixelles","og_url":"https:\/\/culture.ixelles.be\/fr\/events\/res-nullius\/","og_site_name":"Ixelles","twitter_card":"summary_large_image","twitter_misc":{"Dur\u00e9e de lecture estim\u00e9e":"1 minute"},"schema":{"@context":"https:\/\/schema.org","@graph":[{"@type":"WebPage","@id":"https:\/\/culture.ixelles.be\/fr\/events\/res-nullius\/","url":"https:\/\/culture.ixelles.be\/fr\/events\/res-nullius\/","name":"Res Nullius - Ixelles","isPartOf":{"@id":"https:\/\/culture.ixelles.be\/fr\/#website"},"primaryImageOfPage":{"@id":"https:\/\/culture.ixelles.be\/fr\/events\/res-nullius\/#primaryimage"},"image":{"@id":"https:\/\/culture.ixelles.be\/fr\/events\/res-nullius\/#primaryimage"},"thumbnailUrl":"https:\/\/culture.ixelles.be\/wp-content\/uploads\/2026\/08\/1787977991548-48098a2369b89ee61529d39733d176ba608ca968.jpg","datePublished":"2026-08-29T23:14:13+00:00","breadcrumb":{"@id":"https:\/\/culture.ixelles.be\/fr\/events\/res-nullius\/#breadcrumb"},"inLanguage":"fr-FR","potentialAction":[{"@type":"ReadAction","target":["https:\/\/culture.ixelles.be\/fr\/events\/res-nullius\/"]}]},{"@type":"ImageObject","inLanguage":"fr-FR","@id":"https:\/\/culture.ixelles.be\/fr\/events\/res-nullius\/#primaryimage","url":"https:\/\/culture.ixelles.be\/wp-content\/uploads\/2026\/08\/1787977991548-48098a2369b89ee61529d39733d176ba608ca968.jpg","contentUrl":"https:\/\/culture.ixelles.be\/wp-content\/uploads\/2026\/08\/1787977991548-48098a2369b89ee61529d39733d176ba608ca968.jpg","width":1920,"height":1080},{"@type":"BreadcrumbList","@id":"https:\/\/culture.ixelles.be\/fr\/events\/res-nullius\/#breadcrumb","itemListElement":[{"@type":"ListItem","position":1,"name":"Accueil","item":"https:\/\/culture.ixelles.be\/fr\/"},{"@type":"ListItem","position":2,"name":"Events","item":"https:\/\/culture.ixelles.be\/fr\/events\/"},{"@type":"ListItem","position":3,"name":"Res Nullius"}]},{"@type":"WebSite","@id":"https:\/\/culture.ixelles.be\/fr\/#website","url":"https:\/\/culture.ixelles.be\/fr\/","name":"Ixelles","description":"","publisher":{"@id":"https:\/\/culture.ixelles.be\/fr\/#organization"},"potentialAction":[{"@type":"SearchAction","target":{"@type":"EntryPoint","urlTemplate":"https:\/\/culture.ixelles.be\/fr\/?s={search_term_string}"},"query-input":{"@type":"PropertyValueSpecification","valueRequired":true,"valueName":"search_term_string"}}],"inLanguage":"fr-FR"},{"@type":"Organization","@id":"https:\/\/culture.ixelles.be\/fr\/#organization","name":"Service culture Ixelles","url":"https:\/\/culture.ixelles.be\/fr\/","logo":{"@type":"ImageObject","inLanguage":"fr-FR","@id":"https:\/\/culture.ixelles.be\/fr\/#\/schema\/logo\/image\/","url":"https:\/\/culture.ixelles.be\/wp-content\/uploads\/2021\/05\/ixelles_green.svg","contentUrl":"https:\/\/culture.ixelles.be\/wp-content\/uploads\/2021\/05\/ixelles_green.svg","width":1,"height":1,"caption":"Service culture Ixelles"},"image":{"@id":"https:\/\/culture.ixelles.be\/fr\/#\/schema\/logo\/image\/"}}]}},"_links":{"self":[{"href":"https:\/\/culture.ixelles.be\/fr\/wp-json\/wp\/v2\/events\/1987554"}],"collection":[{"href":"https:\/\/culture.ixelles.be\/fr\/wp-json\/wp\/v2\/events"}],"about":[{"href":"https:\/\/culture.ixelles.be\/fr\/wp-json\/wp\/v2\/types\/events"}],"author":[{"embeddable":true,"href":"https:\/\/culture.ixelles.be\/fr\/wp-json\/wp\/v2\/users\/1"}],"replies":[{"embeddable":true,"href":"https:\/\/culture.ixelles.be\/fr\/wp-json\/wp\/v2\/comments?post=1987554"}],"version-history":[{"count":0,"href":"https:\/\/culture.ixelles.be\/fr\/wp-json\/wp\/v2\/events\/1987554\/revisions"}],"wp:featuredmedia":[{"embeddable":true,"href":"https:\/\/culture.ixelles.be\/fr\/wp-json\/wp\/v2\/media\/1987557"}],"wp:attachment":[{"href":"https:\/\/culture.ixelles.be\/fr\/wp-json\/wp\/v2\/media?parent=1987554"}],"curies":[{"name":"wp","href":"https:\/\/api.w.org\/{rel}","templated":true}]}}

<p>Res Nullius explore la cohabitation entre humains et faune sauvage au cœur de Bruxelles et interroge notre manière d’habiter la ville. En suivant la trace d’un sanglier aperçu dans un parc, le film révèle une réalité souvent invisible : la ville est un écosystème vivant, traversé par des enjeux de biodiversité, d’aménagement du territoire et de justice sociale. À travers les regards d’acteurs de terrain, il propose une réflexion engagée et politique sur le développement urbain et son impact sur le Vivant.</p>
<p>23.09 | screening in the framework of the celebration of the Wallonia-Brussels Federation Festival. </p>

<p>Res Nullius explore la cohabitation entre humains et faune sauvage au cœur de Bruxelles et interroge notre manière d’habiter la ville. En suivant la trace d’un sanglier aperçu dans un parc, le film révèle une réalité souvent invisible : la ville est un écosystème vivant, traversé par des enjeux de biodiversité, d’aménagement du territoire et de [&hellip;]</p>

<!-- This site is optimized with the Yoast SEO plugin v24.5 - https://yoast.com/wordpress/plugins/seo/ -->
<title>Res Nullius - Ixelles</title>
<meta name="robots" content="index, follow, max-snippet:-1, max-image-preview:large, max-video-preview:-1" />
<link rel="canonical" href="https://culture.ixelles.be/fr/events/res-nullius/" />
<meta property="og:locale" content="fr_FR" />
<meta property="og:type" content="article" />
<meta property="og:title" content="Res Nullius - Ixelles" />
<meta property="og:url" content="https://culture.ixelles.be/fr/events/res-nullius/" />
<meta property="og:site_name" content="Ixelles" />
<meta name="twitter:card" content="summary_large_image" />
<meta name="twitter:label1" content="Durée de lecture estimée" />
	<meta name="twitter:data1" content="1 minute" />
<script type="application/ld+json" class="yoast-schema-graph">{"@context":"https://schema.org","@graph":[{"@type":"WebPage","@id":"https://culture.ixelles.be/fr/events/res-nullius/","url":"https://culture.ixelles.be/fr/events/res-nullius/","name":"Res Nullius - Ixelles","isPartOf":{"@id":"https://culture.ixelles.be/fr/#website"},"primaryImageOfPage":{"@id":"https://culture.ixelles.be/fr/events/res-nullius/#primaryimage"},"image":{"@id":"https://culture.ixelles.be/fr/events/res-nullius/#primaryimage"},"thumbnailUrl":"https://culture.ixelles.be/wp-content/uploads/2026/08/1787977991548-48098a2369b89ee61529d39733d176ba608ca968.jpg","datePublished":"2026-08-29T23:14:13+00:00","breadcrumb":{"@id":"https://culture.ixelles.be/fr/events/res-nullius/#breadcrumb"},"inLanguage":"fr-FR","potentialAction":[{"@type":"ReadAction","target":["https://culture.ixelles.be/fr/events/res-nullius/"]}]},{"@type":"ImageObject","inLanguage":"fr-FR","@id":"https://culture.ixelles.be/fr/events/res-nullius/#primaryimage","url":"https://culture.ixelles.be/wp-content/uploads/2026/08/1787977991548-48098a2369b89ee61529d39733d176ba608ca968.jpg","contentUrl":"https://culture.ixelles.be/wp-content/uploads/2026/08/1787977991548-48098a2369b89ee61529d39733d176ba608ca968.jpg","width":1920,"height":1080},{"@type":"BreadcrumbList","@id":"https://culture.ixelles.be/fr/events/res-nullius/#breadcrumb","itemListElement":[{"@type":"ListItem","position":1,"name":"Accueil","item":"https://culture.ixelles.be/fr/"},{"@type":"ListItem","position":2,"name":"Events","item":"https://culture.ixelles.be/fr/events/"},{"@type":"ListItem","position":3,"name":"Res Nullius"}]},{"@type":"WebSite","@id":"https://culture.ixelles.be/fr/#website","url":"https://culture.ixelles.be/fr/","name":"Ixelles","description":"","publisher":{"@id":"https://culture.ixelles.be/fr/#organization"},"potentialAction":[{"@type":"SearchAction","target":{"@type":"EntryPoint","urlTemplate":"https://culture.ixelles.be/fr/?s={search_term_string}"},"query-input":{"@type":"PropertyValueSpecification","valueRequired":true,"valueName":"search_term_string"}}],"inLanguage":"fr-FR"},{"@type":"Organization","@id":"https://culture.ixelles.be/fr/#organization","name":"Service culture Ixelles","url":"https://culture.ixelles.be/fr/","logo":{"@type":"ImageObject","inLanguage":"fr-FR","@id":"https://culture.ixelles.be/fr/#/schema/logo/image/","url":"https://culture.ixelles.be/wp-content/uploads/2021/05/ixelles_green.svg","contentUrl":"https://culture.ixelles.be/wp-content/uploads/2021/05/ixelles_green.svg","width":1,"height":1,"caption":"Service culture Ixelles"},"image":{"@id":"https://culture.ixelles.be/fr/#/schema/logo/image/"}}]}</script>
<!-- / Yoast SEO plugin. -->
