{"id":1988773,"date":"2026-08-31T23:16:53","date_gmt":"2026-08-31T23:16:53","guid":{"rendered":"https:\/\/culture.ixelles.be\/events\/baby-shower\/"},"modified":"2026-08-31T23:16:53","modified_gmt":"2026-08-31T23:16:53","slug":"baby-shower","status":"publish","type":"events","link":"https:\/\/culture.ixelles.be\/fr\/events\/baby-shower\/","title":{"rendered":"Baby shower"},"content":{"rendered":"<p>Le jour de sa baby shower, Alice a tout pr\u00e9vu : les cupcakes, la d\u00e9co pastel, la famille parfaite et le sourire qui va avec.<br \/>\nSeul d\u00e9tail : en arrivant au chalet, elle retrouve ses deux meilleures amies en plein blackout, au milieu d\u2019un d\u00e9cor de fin du monde. Personne ne se souvient vraiment de la veille, tout le monde ment tr\u00e8s mal, et les invit\u00e9s menacent d\u00e9j\u00e0 de d\u00e9barquer.<br \/>\nAlors qu\u2019elles tentent de remettre la f\u00eate et leur dignit\u00e9 en \u00e9tat, un probl\u00e8me nettement plus encombrant s\u2019invite dans le programme.<br \/>\nBaby Shower est une com\u00e9die noire en huis clos o\u00f9 trois amies tentent de sauver les apparences pendant que la journ\u00e9e la plus heureuse d\u2019Alice bascule dans un chaos impossible \u00e0 contenir.<\/p>\n","protected":false},"excerpt":{"rendered":"<p>Le jour de sa baby shower, Alice a tout pr\u00e9vu : les cupcakes, la d\u00e9co pastel, la famille parfaite et le sourire qui va avec. Seul d\u00e9tail : en arrivant au chalet, elle retrouve ses deux meilleures amies en plein blackout, au milieu d\u2019un d\u00e9cor de fin du monde. Personne ne se souvient vraiment de [&hellip;]<\/p>\n","protected":false},"author":1,"featured_media":1988776,"comment_status":"","ping_status":"closed","template":"","acf":[],"yoast_head":"<!-- This site is optimized with the Yoast SEO plugin v24.5 - https:\/\/yoast.com\/wordpress\/plugins\/seo\/ -->\n<title>Baby shower - Ixelles<\/title>\n<meta name=\"robots\" content=\"index, follow, max-snippet:-1, max-image-preview:large, max-video-preview:-1\" \/>\n<link rel=\"canonical\" href=\"https:\/\/culture.ixelles.be\/fr\/events\/baby-shower\/\" \/>\n<meta property=\"og:locale\" content=\"fr_FR\" \/>\n<meta property=\"og:type\" content=\"article\" \/>\n<meta property=\"og:title\" content=\"Baby shower - Ixelles\" \/>\n<meta property=\"og:url\" content=\"https:\/\/culture.ixelles.be\/fr\/events\/baby-shower\/\" \/>\n<meta property=\"og:site_name\" content=\"Ixelles\" \/>\n<meta name=\"twitter:card\" content=\"summary_large_image\" \/>\n<meta name=\"twitter:label1\" content=\"Dur\u00e9e de lecture estim\u00e9e\" \/>\n\t<meta name=\"twitter:data1\" content=\"1 minute\" \/>\n<script type=\"application\/ld+json\" class=\"yoast-schema-graph\">{\"@context\":\"https:\/\/schema.org\",\"@graph\":[{\"@type\":\"WebPage\",\"@id\":\"https:\/\/culture.ixelles.be\/fr\/events\/baby-shower\/\",\"url\":\"https:\/\/culture.ixelles.be\/fr\/events\/baby-shower\/\",\"name\":\"Baby shower - Ixelles\",\"isPartOf\":{\"@id\":\"https:\/\/culture.ixelles.be\/fr\/#website\"},\"primaryImageOfPage\":{\"@id\":\"https:\/\/culture.ixelles.be\/fr\/events\/baby-shower\/#primaryimage\"},\"image\":{\"@id\":\"https:\/\/culture.ixelles.be\/fr\/events\/baby-shower\/#primaryimage\"},\"thumbnailUrl\":\"https:\/\/culture.ixelles.be\/wp-content\/uploads\/2026\/08\/3295840dfacdaf5d9f20fabc08e76dafa663a98d.jpg\",\"datePublished\":\"2026-08-31T23:16:53+00:00\",\"breadcrumb\":{\"@id\":\"https:\/\/culture.ixelles.be\/fr\/events\/baby-shower\/#breadcrumb\"},\"inLanguage\":\"fr-FR\",\"potentialAction\":[{\"@type\":\"ReadAction\",\"target\":[\"https:\/\/culture.ixelles.be\/fr\/events\/baby-shower\/\"]}]},{\"@type\":\"ImageObject\",\"inLanguage\":\"fr-FR\",\"@id\":\"https:\/\/culture.ixelles.be\/fr\/events\/baby-shower\/#primaryimage\",\"url\":\"https:\/\/culture.ixelles.be\/wp-content\/uploads\/2026\/08\/3295840dfacdaf5d9f20fabc08e76dafa663a98d.jpg\",\"contentUrl\":\"https:\/\/culture.ixelles.be\/wp-content\/uploads\/2026\/08\/3295840dfacdaf5d9f20fabc08e76dafa663a98d.jpg\",\"width\":5008,\"height\":7063},{\"@type\":\"BreadcrumbList\",\"@id\":\"https:\/\/culture.ixelles.be\/fr\/events\/baby-shower\/#breadcrumb\",\"itemListElement\":[{\"@type\":\"ListItem\",\"position\":1,\"name\":\"Accueil\",\"item\":\"https:\/\/culture.ixelles.be\/fr\/\"},{\"@type\":\"ListItem\",\"position\":2,\"name\":\"Events\",\"item\":\"https:\/\/culture.ixelles.be\/fr\/events\/\"},{\"@type\":\"ListItem\",\"position\":3,\"name\":\"Baby shower\"}]},{\"@type\":\"WebSite\",\"@id\":\"https:\/\/culture.ixelles.be\/fr\/#website\",\"url\":\"https:\/\/culture.ixelles.be\/fr\/\",\"name\":\"Ixelles\",\"description\":\"\",\"publisher\":{\"@id\":\"https:\/\/culture.ixelles.be\/fr\/#organization\"},\"potentialAction\":[{\"@type\":\"SearchAction\",\"target\":{\"@type\":\"EntryPoint\",\"urlTemplate\":\"https:\/\/culture.ixelles.be\/fr\/?s={search_term_string}\"},\"query-input\":{\"@type\":\"PropertyValueSpecification\",\"valueRequired\":true,\"valueName\":\"search_term_string\"}}],\"inLanguage\":\"fr-FR\"},{\"@type\":\"Organization\",\"@id\":\"https:\/\/culture.ixelles.be\/fr\/#organization\",\"name\":\"Service culture Ixelles\",\"url\":\"https:\/\/culture.ixelles.be\/fr\/\",\"logo\":{\"@type\":\"ImageObject\",\"inLanguage\":\"fr-FR\",\"@id\":\"https:\/\/culture.ixelles.be\/fr\/#\/schema\/logo\/image\/\",\"url\":\"https:\/\/culture.ixelles.be\/wp-content\/uploads\/2021\/05\/ixelles_green.svg\",\"contentUrl\":\"https:\/\/culture.ixelles.be\/wp-content\/uploads\/2021\/05\/ixelles_green.svg\",\"width\":1,\"height\":1,\"caption\":\"Service culture Ixelles\"},\"image\":{\"@id\":\"https:\/\/culture.ixelles.be\/fr\/#\/schema\/logo\/image\/\"}}]}<\/script>\n<!-- \/ Yoast SEO plugin. -->","yoast_head_json":{"title":"Baby shower - Ixelles","robots":{"index":"index","follow":"follow","max-snippet":"max-snippet:-1","max-image-preview":"max-image-preview:large","max-video-preview":"max-video-preview:-1"},"canonical":"https:\/\/culture.ixelles.be\/fr\/events\/baby-shower\/","og_locale":"fr_FR","og_type":"article","og_title":"Baby shower - Ixelles","og_url":"https:\/\/culture.ixelles.be\/fr\/events\/baby-shower\/","og_site_name":"Ixelles","twitter_card":"summary_large_image","twitter_misc":{"Dur\u00e9e de lecture estim\u00e9e":"1 minute"},"schema":{"@context":"https:\/\/schema.org","@graph":[{"@type":"WebPage","@id":"https:\/\/culture.ixelles.be\/fr\/events\/baby-shower\/","url":"https:\/\/culture.ixelles.be\/fr\/events\/baby-shower\/","name":"Baby shower - Ixelles","isPartOf":{"@id":"https:\/\/culture.ixelles.be\/fr\/#website"},"primaryImageOfPage":{"@id":"https:\/\/culture.ixelles.be\/fr\/events\/baby-shower\/#primaryimage"},"image":{"@id":"https:\/\/culture.ixelles.be\/fr\/events\/baby-shower\/#primaryimage"},"thumbnailUrl":"https:\/\/culture.ixelles.be\/wp-content\/uploads\/2026\/08\/3295840dfacdaf5d9f20fabc08e76dafa663a98d.jpg","datePublished":"2026-08-31T23:16:53+00:00","breadcrumb":{"@id":"https:\/\/culture.ixelles.be\/fr\/events\/baby-shower\/#breadcrumb"},"inLanguage":"fr-FR","potentialAction":[{"@type":"ReadAction","target":["https:\/\/culture.ixelles.be\/fr\/events\/baby-shower\/"]}]},{"@type":"ImageObject","inLanguage":"fr-FR","@id":"https:\/\/culture.ixelles.be\/fr\/events\/baby-shower\/#primaryimage","url":"https:\/\/culture.ixelles.be\/wp-content\/uploads\/2026\/08\/3295840dfacdaf5d9f20fabc08e76dafa663a98d.jpg","contentUrl":"https:\/\/culture.ixelles.be\/wp-content\/uploads\/2026\/08\/3295840dfacdaf5d9f20fabc08e76dafa663a98d.jpg","width":5008,"height":7063},{"@type":"BreadcrumbList","@id":"https:\/\/culture.ixelles.be\/fr\/events\/baby-shower\/#breadcrumb","itemListElement":[{"@type":"ListItem","position":1,"name":"Accueil","item":"https:\/\/culture.ixelles.be\/fr\/"},{"@type":"ListItem","position":2,"name":"Events","item":"https:\/\/culture.ixelles.be\/fr\/events\/"},{"@type":"ListItem","position":3,"name":"Baby shower"}]},{"@type":"WebSite","@id":"https:\/\/culture.ixelles.be\/fr\/#website","url":"https:\/\/culture.ixelles.be\/fr\/","name":"Ixelles","description":"","publisher":{"@id":"https:\/\/culture.ixelles.be\/fr\/#organization"},"potentialAction":[{"@type":"SearchAction","target":{"@type":"EntryPoint","urlTemplate":"https:\/\/culture.ixelles.be\/fr\/?s={search_term_string}"},"query-input":{"@type":"PropertyValueSpecification","valueRequired":true,"valueName":"search_term_string"}}],"inLanguage":"fr-FR"},{"@type":"Organization","@id":"https:\/\/culture.ixelles.be\/fr\/#organization","name":"Service culture Ixelles","url":"https:\/\/culture.ixelles.be\/fr\/","logo":{"@type":"ImageObject","inLanguage":"fr-FR","@id":"https:\/\/culture.ixelles.be\/fr\/#\/schema\/logo\/image\/","url":"https:\/\/culture.ixelles.be\/wp-content\/uploads\/2021\/05\/ixelles_green.svg","contentUrl":"https:\/\/culture.ixelles.be\/wp-content\/uploads\/2021\/05\/ixelles_green.svg","width":1,"height":1,"caption":"Service culture Ixelles"},"image":{"@id":"https:\/\/culture.ixelles.be\/fr\/#\/schema\/logo\/image\/"}}]}},"_links":{"self":[{"href":"https:\/\/culture.ixelles.be\/fr\/wp-json\/wp\/v2\/events\/1988773"}],"collection":[{"href":"https:\/\/culture.ixelles.be\/fr\/wp-json\/wp\/v2\/events"}],"about":[{"href":"https:\/\/culture.ixelles.be\/fr\/wp-json\/wp\/v2\/types\/events"}],"author":[{"embeddable":true,"href":"https:\/\/culture.ixelles.be\/fr\/wp-json\/wp\/v2\/users\/1"}],"replies":[{"embeddable":true,"href":"https:\/\/culture.ixelles.be\/fr\/wp-json\/wp\/v2\/comments?post=1988773"}],"version-history":[{"count":0,"href":"https:\/\/culture.ixelles.be\/fr\/wp-json\/wp\/v2\/events\/1988773\/revisions"}],"wp:featuredmedia":[{"embeddable":true,"href":"https:\/\/culture.ixelles.be\/fr\/wp-json\/wp\/v2\/media\/1988776"}],"wp:attachment":[{"href":"https:\/\/culture.ixelles.be\/fr\/wp-json\/wp\/v2\/media?parent=1988773"}],"curies":[{"name":"wp","href":"https:\/\/api.w.org\/{rel}","templated":true}]}}

<p>Le jour de sa baby shower, Alice a tout prévu : les cupcakes, la déco pastel, la famille parfaite et le sourire qui va avec.<br />
Seul détail : en arrivant au chalet, elle retrouve ses deux meilleures amies en plein blackout, au milieu d’un décor de fin du monde. Personne ne se souvient vraiment de la veille, tout le monde ment très mal, et les invités menacent déjà de débarquer.<br />
Alors qu’elles tentent de remettre la fête et leur dignité en état, un problème nettement plus encombrant s’invite dans le programme.<br />
Baby Shower est une comédie noire en huis clos où trois amies tentent de sauver les apparences pendant que la journée la plus heureuse d’Alice bascule dans un chaos impossible à contenir.</p>

<p>Le jour de sa baby shower, Alice a tout prévu : les cupcakes, la déco pastel, la famille parfaite et le sourire qui va avec. Seul détail : en arrivant au chalet, elle retrouve ses deux meilleures amies en plein blackout, au milieu d’un décor de fin du monde. Personne ne se souvient vraiment de [&hellip;]</p>

<!-- This site is optimized with the Yoast SEO plugin v24.5 - https://yoast.com/wordpress/plugins/seo/ -->
<title>Baby shower - Ixelles</title>
<meta name="robots" content="index, follow, max-snippet:-1, max-image-preview:large, max-video-preview:-1" />
<link rel="canonical" href="https://culture.ixelles.be/fr/events/baby-shower/" />
<meta property="og:locale" content="fr_FR" />
<meta property="og:type" content="article" />
<meta property="og:title" content="Baby shower - Ixelles" />
<meta property="og:url" content="https://culture.ixelles.be/fr/events/baby-shower/" />
<meta property="og:site_name" content="Ixelles" />
<meta name="twitter:card" content="summary_large_image" />
<meta name="twitter:label1" content="Durée de lecture estimée" />
	<meta name="twitter:data1" content="1 minute" />
<script type="application/ld+json" class="yoast-schema-graph">{"@context":"https://schema.org","@graph":[{"@type":"WebPage","@id":"https://culture.ixelles.be/fr/events/baby-shower/","url":"https://culture.ixelles.be/fr/events/baby-shower/","name":"Baby shower - Ixelles","isPartOf":{"@id":"https://culture.ixelles.be/fr/#website"},"primaryImageOfPage":{"@id":"https://culture.ixelles.be/fr/events/baby-shower/#primaryimage"},"image":{"@id":"https://culture.ixelles.be/fr/events/baby-shower/#primaryimage"},"thumbnailUrl":"https://culture.ixelles.be/wp-content/uploads/2026/08/3295840dfacdaf5d9f20fabc08e76dafa663a98d.jpg","datePublished":"2026-08-31T23:16:53+00:00","breadcrumb":{"@id":"https://culture.ixelles.be/fr/events/baby-shower/#breadcrumb"},"inLanguage":"fr-FR","potentialAction":[{"@type":"ReadAction","target":["https://culture.ixelles.be/fr/events/baby-shower/"]}]},{"@type":"ImageObject","inLanguage":"fr-FR","@id":"https://culture.ixelles.be/fr/events/baby-shower/#primaryimage","url":"https://culture.ixelles.be/wp-content/uploads/2026/08/3295840dfacdaf5d9f20fabc08e76dafa663a98d.jpg","contentUrl":"https://culture.ixelles.be/wp-content/uploads/2026/08/3295840dfacdaf5d9f20fabc08e76dafa663a98d.jpg","width":5008,"height":7063},{"@type":"BreadcrumbList","@id":"https://culture.ixelles.be/fr/events/baby-shower/#breadcrumb","itemListElement":[{"@type":"ListItem","position":1,"name":"Accueil","item":"https://culture.ixelles.be/fr/"},{"@type":"ListItem","position":2,"name":"Events","item":"https://culture.ixelles.be/fr/events/"},{"@type":"ListItem","position":3,"name":"Baby shower"}]},{"@type":"WebSite","@id":"https://culture.ixelles.be/fr/#website","url":"https://culture.ixelles.be/fr/","name":"Ixelles","description":"","publisher":{"@id":"https://culture.ixelles.be/fr/#organization"},"potentialAction":[{"@type":"SearchAction","target":{"@type":"EntryPoint","urlTemplate":"https://culture.ixelles.be/fr/?s={search_term_string}"},"query-input":{"@type":"PropertyValueSpecification","valueRequired":true,"valueName":"search_term_string"}}],"inLanguage":"fr-FR"},{"@type":"Organization","@id":"https://culture.ixelles.be/fr/#organization","name":"Service culture Ixelles","url":"https://culture.ixelles.be/fr/","logo":{"@type":"ImageObject","inLanguage":"fr-FR","@id":"https://culture.ixelles.be/fr/#/schema/logo/image/","url":"https://culture.ixelles.be/wp-content/uploads/2021/05/ixelles_green.svg","contentUrl":"https://culture.ixelles.be/wp-content/uploads/2021/05/ixelles_green.svg","width":1,"height":1,"caption":"Service culture Ixelles"},"image":{"@id":"https://culture.ixelles.be/fr/#/schema/logo/image/"}}]}</script>
<!-- / Yoast SEO plugin. -->
