{"id":1988815,"date":"2026-08-31T23:19:41","date_gmt":"2026-08-31T23:19:41","guid":{"rendered":"https:\/\/culture.ixelles.be\/events\/grande-fille\/"},"modified":"2026-08-31T23:19:41","modified_gmt":"2026-08-31T23:19:41","slug":"grande-fille","status":"publish","type":"events","link":"https:\/\/culture.ixelles.be\/fr\/events\/grande-fille\/","title":{"rendered":"Grande fille"},"content":{"rendered":"<p>\u00catre \u00e0 la hauteur n\u2019est pas qu\u2019une question de taille. Femme temp\u00eate, femme-caoutchouc, Jeanne \u00c9lima n\u2019est d\u00e9cid\u00e9ment pas une humoriste comme les autres. Entre parodie et pantomime, cette com\u00e9dienne impossible \u00e0 cloisonner brise le plafond de verre des spectacles traditionnels et emporte le public par un feu cr\u00e9atif constant. Un tourbillon de sensibilit\u00e9 et d\u2019humour !<\/p>\n<p>Coup de coeur du jury du Festival Jacqueline Maillan, Prix du public et Prix de la presse aux Sommets du Rire.<\/p>\n","protected":false},"excerpt":{"rendered":"<p>\u00catre \u00e0 la hauteur n\u2019est pas qu\u2019une question de taille. Femme temp\u00eate, femme-caoutchouc, Jeanne \u00c9lima n\u2019est d\u00e9cid\u00e9ment pas une humoriste comme les autres. Entre parodie et pantomime, cette com\u00e9dienne impossible \u00e0 cloisonner brise le plafond de verre des spectacles traditionnels et emporte le public par un feu cr\u00e9atif constant. Un tourbillon de sensibilit\u00e9 et d\u2019humour [&hellip;]<\/p>\n","protected":false},"author":1,"featured_media":1988818,"comment_status":"","ping_status":"closed","template":"","acf":[],"yoast_head":"<!-- This site is optimized with the Yoast SEO plugin v24.5 - https:\/\/yoast.com\/wordpress\/plugins\/seo\/ -->\n<title>Grande fille - Ixelles<\/title>\n<meta name=\"robots\" content=\"index, follow, max-snippet:-1, max-image-preview:large, max-video-preview:-1\" \/>\n<link rel=\"canonical\" href=\"https:\/\/culture.ixelles.be\/fr\/events\/grande-fille\/\" \/>\n<meta property=\"og:locale\" content=\"fr_FR\" \/>\n<meta property=\"og:type\" content=\"article\" \/>\n<meta property=\"og:title\" content=\"Grande fille - Ixelles\" \/>\n<meta property=\"og:url\" content=\"https:\/\/culture.ixelles.be\/fr\/events\/grande-fille\/\" \/>\n<meta property=\"og:site_name\" content=\"Ixelles\" \/>\n<meta name=\"twitter:card\" content=\"summary_large_image\" \/>\n<script type=\"application\/ld+json\" class=\"yoast-schema-graph\">{\"@context\":\"https:\/\/schema.org\",\"@graph\":[{\"@type\":\"WebPage\",\"@id\":\"https:\/\/culture.ixelles.be\/fr\/events\/grande-fille\/\",\"url\":\"https:\/\/culture.ixelles.be\/fr\/events\/grande-fille\/\",\"name\":\"Grande fille - Ixelles\",\"isPartOf\":{\"@id\":\"https:\/\/culture.ixelles.be\/fr\/#website\"},\"primaryImageOfPage\":{\"@id\":\"https:\/\/culture.ixelles.be\/fr\/events\/grande-fille\/#primaryimage\"},\"image\":{\"@id\":\"https:\/\/culture.ixelles.be\/fr\/events\/grande-fille\/#primaryimage\"},\"thumbnailUrl\":\"https:\/\/culture.ixelles.be\/wp-content\/uploads\/2026\/08\/2b111f9f09e53cc3d6540af080fa05456228bbac.jpg\",\"datePublished\":\"2026-08-31T23:19:41+00:00\",\"breadcrumb\":{\"@id\":\"https:\/\/culture.ixelles.be\/fr\/events\/grande-fille\/#breadcrumb\"},\"inLanguage\":\"fr-FR\",\"potentialAction\":[{\"@type\":\"ReadAction\",\"target\":[\"https:\/\/culture.ixelles.be\/fr\/events\/grande-fille\/\"]}]},{\"@type\":\"ImageObject\",\"inLanguage\":\"fr-FR\",\"@id\":\"https:\/\/culture.ixelles.be\/fr\/events\/grande-fille\/#primaryimage\",\"url\":\"https:\/\/culture.ixelles.be\/wp-content\/uploads\/2026\/08\/2b111f9f09e53cc3d6540af080fa05456228bbac.jpg\",\"contentUrl\":\"https:\/\/culture.ixelles.be\/wp-content\/uploads\/2026\/08\/2b111f9f09e53cc3d6540af080fa05456228bbac.jpg\",\"width\":5008,\"height\":7063},{\"@type\":\"BreadcrumbList\",\"@id\":\"https:\/\/culture.ixelles.be\/fr\/events\/grande-fille\/#breadcrumb\",\"itemListElement\":[{\"@type\":\"ListItem\",\"position\":1,\"name\":\"Accueil\",\"item\":\"https:\/\/culture.ixelles.be\/fr\/\"},{\"@type\":\"ListItem\",\"position\":2,\"name\":\"Events\",\"item\":\"https:\/\/culture.ixelles.be\/fr\/events\/\"},{\"@type\":\"ListItem\",\"position\":3,\"name\":\"Grande fille\"}]},{\"@type\":\"WebSite\",\"@id\":\"https:\/\/culture.ixelles.be\/fr\/#website\",\"url\":\"https:\/\/culture.ixelles.be\/fr\/\",\"name\":\"Ixelles\",\"description\":\"\",\"publisher\":{\"@id\":\"https:\/\/culture.ixelles.be\/fr\/#organization\"},\"potentialAction\":[{\"@type\":\"SearchAction\",\"target\":{\"@type\":\"EntryPoint\",\"urlTemplate\":\"https:\/\/culture.ixelles.be\/fr\/?s={search_term_string}\"},\"query-input\":{\"@type\":\"PropertyValueSpecification\",\"valueRequired\":true,\"valueName\":\"search_term_string\"}}],\"inLanguage\":\"fr-FR\"},{\"@type\":\"Organization\",\"@id\":\"https:\/\/culture.ixelles.be\/fr\/#organization\",\"name\":\"Service culture Ixelles\",\"url\":\"https:\/\/culture.ixelles.be\/fr\/\",\"logo\":{\"@type\":\"ImageObject\",\"inLanguage\":\"fr-FR\",\"@id\":\"https:\/\/culture.ixelles.be\/fr\/#\/schema\/logo\/image\/\",\"url\":\"https:\/\/culture.ixelles.be\/wp-content\/uploads\/2021\/05\/ixelles_green.svg\",\"contentUrl\":\"https:\/\/culture.ixelles.be\/wp-content\/uploads\/2021\/05\/ixelles_green.svg\",\"width\":1,\"height\":1,\"caption\":\"Service culture Ixelles\"},\"image\":{\"@id\":\"https:\/\/culture.ixelles.be\/fr\/#\/schema\/logo\/image\/\"}}]}<\/script>\n<!-- \/ Yoast SEO plugin. -->","yoast_head_json":{"title":"Grande fille - Ixelles","robots":{"index":"index","follow":"follow","max-snippet":"max-snippet:-1","max-image-preview":"max-image-preview:large","max-video-preview":"max-video-preview:-1"},"canonical":"https:\/\/culture.ixelles.be\/fr\/events\/grande-fille\/","og_locale":"fr_FR","og_type":"article","og_title":"Grande fille - Ixelles","og_url":"https:\/\/culture.ixelles.be\/fr\/events\/grande-fille\/","og_site_name":"Ixelles","twitter_card":"summary_large_image","schema":{"@context":"https:\/\/schema.org","@graph":[{"@type":"WebPage","@id":"https:\/\/culture.ixelles.be\/fr\/events\/grande-fille\/","url":"https:\/\/culture.ixelles.be\/fr\/events\/grande-fille\/","name":"Grande fille - Ixelles","isPartOf":{"@id":"https:\/\/culture.ixelles.be\/fr\/#website"},"primaryImageOfPage":{"@id":"https:\/\/culture.ixelles.be\/fr\/events\/grande-fille\/#primaryimage"},"image":{"@id":"https:\/\/culture.ixelles.be\/fr\/events\/grande-fille\/#primaryimage"},"thumbnailUrl":"https:\/\/culture.ixelles.be\/wp-content\/uploads\/2026\/08\/2b111f9f09e53cc3d6540af080fa05456228bbac.jpg","datePublished":"2026-08-31T23:19:41+00:00","breadcrumb":{"@id":"https:\/\/culture.ixelles.be\/fr\/events\/grande-fille\/#breadcrumb"},"inLanguage":"fr-FR","potentialAction":[{"@type":"ReadAction","target":["https:\/\/culture.ixelles.be\/fr\/events\/grande-fille\/"]}]},{"@type":"ImageObject","inLanguage":"fr-FR","@id":"https:\/\/culture.ixelles.be\/fr\/events\/grande-fille\/#primaryimage","url":"https:\/\/culture.ixelles.be\/wp-content\/uploads\/2026\/08\/2b111f9f09e53cc3d6540af080fa05456228bbac.jpg","contentUrl":"https:\/\/culture.ixelles.be\/wp-content\/uploads\/2026\/08\/2b111f9f09e53cc3d6540af080fa05456228bbac.jpg","width":5008,"height":7063},{"@type":"BreadcrumbList","@id":"https:\/\/culture.ixelles.be\/fr\/events\/grande-fille\/#breadcrumb","itemListElement":[{"@type":"ListItem","position":1,"name":"Accueil","item":"https:\/\/culture.ixelles.be\/fr\/"},{"@type":"ListItem","position":2,"name":"Events","item":"https:\/\/culture.ixelles.be\/fr\/events\/"},{"@type":"ListItem","position":3,"name":"Grande fille"}]},{"@type":"WebSite","@id":"https:\/\/culture.ixelles.be\/fr\/#website","url":"https:\/\/culture.ixelles.be\/fr\/","name":"Ixelles","description":"","publisher":{"@id":"https:\/\/culture.ixelles.be\/fr\/#organization"},"potentialAction":[{"@type":"SearchAction","target":{"@type":"EntryPoint","urlTemplate":"https:\/\/culture.ixelles.be\/fr\/?s={search_term_string}"},"query-input":{"@type":"PropertyValueSpecification","valueRequired":true,"valueName":"search_term_string"}}],"inLanguage":"fr-FR"},{"@type":"Organization","@id":"https:\/\/culture.ixelles.be\/fr\/#organization","name":"Service culture Ixelles","url":"https:\/\/culture.ixelles.be\/fr\/","logo":{"@type":"ImageObject","inLanguage":"fr-FR","@id":"https:\/\/culture.ixelles.be\/fr\/#\/schema\/logo\/image\/","url":"https:\/\/culture.ixelles.be\/wp-content\/uploads\/2021\/05\/ixelles_green.svg","contentUrl":"https:\/\/culture.ixelles.be\/wp-content\/uploads\/2021\/05\/ixelles_green.svg","width":1,"height":1,"caption":"Service culture Ixelles"},"image":{"@id":"https:\/\/culture.ixelles.be\/fr\/#\/schema\/logo\/image\/"}}]}},"_links":{"self":[{"href":"https:\/\/culture.ixelles.be\/fr\/wp-json\/wp\/v2\/events\/1988815"}],"collection":[{"href":"https:\/\/culture.ixelles.be\/fr\/wp-json\/wp\/v2\/events"}],"about":[{"href":"https:\/\/culture.ixelles.be\/fr\/wp-json\/wp\/v2\/types\/events"}],"author":[{"embeddable":true,"href":"https:\/\/culture.ixelles.be\/fr\/wp-json\/wp\/v2\/users\/1"}],"replies":[{"embeddable":true,"href":"https:\/\/culture.ixelles.be\/fr\/wp-json\/wp\/v2\/comments?post=1988815"}],"version-history":[{"count":0,"href":"https:\/\/culture.ixelles.be\/fr\/wp-json\/wp\/v2\/events\/1988815\/revisions"}],"wp:featuredmedia":[{"embeddable":true,"href":"https:\/\/culture.ixelles.be\/fr\/wp-json\/wp\/v2\/media\/1988818"}],"wp:attachment":[{"href":"https:\/\/culture.ixelles.be\/fr\/wp-json\/wp\/v2\/media?parent=1988815"}],"curies":[{"name":"wp","href":"https:\/\/api.w.org\/{rel}","templated":true}]}}

<p>Être à la hauteur n’est pas qu’une question de taille. Femme tempête, femme-caoutchouc, Jeanne Élima n’est décidément pas une humoriste comme les autres. Entre parodie et pantomime, cette comédienne impossible à cloisonner brise le plafond de verre des spectacles traditionnels et emporte le public par un feu créatif constant. Un tourbillon de sensibilité et d’humour !</p>
<p>Coup de coeur du jury du Festival Jacqueline Maillan, Prix du public et Prix de la presse aux Sommets du Rire.</p>

<p>Être à la hauteur n’est pas qu’une question de taille. Femme tempête, femme-caoutchouc, Jeanne Élima n’est décidément pas une humoriste comme les autres. Entre parodie et pantomime, cette comédienne impossible à cloisonner brise le plafond de verre des spectacles traditionnels et emporte le public par un feu créatif constant. Un tourbillon de sensibilité et d’humour [&hellip;]</p>
