{"id":1989274,"date":"2026-09-01T23:01:31","date_gmt":"2026-09-01T23:01:31","guid":{"rendered":"https:\/\/culture.ixelles.be\/events\/soirees-de-musique-de-chambre-concert-douverture-de-saison-nevera-trio\/"},"modified":"2026-09-01T23:01:31","modified_gmt":"2026-09-01T23:01:31","slug":"soirees-de-musique-de-chambre-concert-douverture-de-saison-nevera-trio","status":"publish","type":"events","link":"https:\/\/culture.ixelles.be\/fr\/events\/soirees-de-musique-de-chambre-concert-douverture-de-saison-nevera-trio\/","title":{"rendered":"Soir\u00e9es de Musique de Chambre \u2013 CONCERT D&rsquo;OUVERTURE de saison &#8211; NEVERA Trio"},"content":{"rendered":"<p>Pour l&rsquo;ouverture de la nouvelle saison des Soir\u00e9es de musique de chambre de la Maison Hongroise, le Trio Nevera vous invite \u00e0 d\u00e9couvrir toute la richesse musicale des Balkans.<\/p>\n<p>Dipl\u00f4m\u00e9s du Conservatoire Royal de Bruxelles, les trois musiciens puisent leur inspiration dans les traditions musicales balkaniques et proposent un programme dynamique et entra\u00eenant. M\u00e9lodies traditionnelles, motifs envo\u00fbtants et rythmes irr\u00e9sistibles nous entra\u00eenent de Bart\u00f3k \u00e0 Bogdanovi\u0107.<\/p>\n<p>Constance G\u00e9rault \u2013 violon,<br \/>\nAna\u00efs Dumont \u2013 violoncelle,<br \/>\nMathias Euillet \u2013 guitare.<\/p>\n<p>Programme :<br \/>\nDu\u0161an Bogdanovi\u0107 \u2013 Balkan Sketches,<br \/>\nMiroslav Tadi\u0107 \u2013 4 pi\u00e8ces mac\u00e9doniennes,<br \/>\nB\u00e9la Bart\u00f3k \u2013 Danses de Transylvanie,<br \/>\nAnton\u00edn Dvo\u0159\u00e1k &#8211; Chansons que ma m\u00e8re m&rsquo;a apprises<\/p>\n","protected":false},"excerpt":{"rendered":"<p>Pour l&rsquo;ouverture de la nouvelle saison des Soir\u00e9es de musique de chambre de la Maison Hongroise, le Trio Nevera vous invite \u00e0 d\u00e9couvrir toute la richesse musicale des Balkans. Dipl\u00f4m\u00e9s du Conservatoire Royal de Bruxelles, les trois musiciens puisent leur inspiration dans les traditions musicales balkaniques et proposent un programme dynamique et entra\u00eenant. M\u00e9lodies traditionnelles, [&hellip;]<\/p>\n","protected":false},"author":1,"featured_media":1989277,"comment_status":"","ping_status":"closed","template":"","acf":[],"yoast_head":"<!-- This site is optimized with the Yoast SEO plugin v24.5 - https:\/\/yoast.com\/wordpress\/plugins\/seo\/ -->\n<title>Soir\u00e9es de Musique de Chambre \u2013 CONCERT D&#039;OUVERTURE de saison - NEVERA Trio - Ixelles<\/title>\n<meta name=\"robots\" content=\"index, follow, max-snippet:-1, max-image-preview:large, max-video-preview:-1\" \/>\n<link rel=\"canonical\" href=\"https:\/\/culture.ixelles.be\/fr\/events\/soirees-de-musique-de-chambre-concert-douverture-de-saison-nevera-trio\/\" \/>\n<meta property=\"og:locale\" content=\"fr_FR\" \/>\n<meta property=\"og:type\" content=\"article\" \/>\n<meta property=\"og:title\" content=\"Soir\u00e9es de Musique de Chambre \u2013 CONCERT D&#039;OUVERTURE de saison - NEVERA Trio - Ixelles\" \/>\n<meta property=\"og:url\" content=\"https:\/\/culture.ixelles.be\/fr\/events\/soirees-de-musique-de-chambre-concert-douverture-de-saison-nevera-trio\/\" \/>\n<meta property=\"og:site_name\" content=\"Ixelles\" \/>\n<meta name=\"twitter:card\" content=\"summary_large_image\" \/>\n<meta name=\"twitter:label1\" content=\"Dur\u00e9e de lecture estim\u00e9e\" \/>\n\t<meta name=\"twitter:data1\" content=\"1 minute\" \/>\n<script type=\"application\/ld+json\" class=\"yoast-schema-graph\">{\"@context\":\"https:\/\/schema.org\",\"@graph\":[{\"@type\":\"WebPage\",\"@id\":\"https:\/\/culture.ixelles.be\/fr\/events\/soirees-de-musique-de-chambre-concert-douverture-de-saison-nevera-trio\/\",\"url\":\"https:\/\/culture.ixelles.be\/fr\/events\/soirees-de-musique-de-chambre-concert-douverture-de-saison-nevera-trio\/\",\"name\":\"Soir\u00e9es de Musique de Chambre \u2013 CONCERT D'OUVERTURE de saison - NEVERA Trio - Ixelles\",\"isPartOf\":{\"@id\":\"https:\/\/culture.ixelles.be\/fr\/#website\"},\"primaryImageOfPage\":{\"@id\":\"https:\/\/culture.ixelles.be\/fr\/events\/soirees-de-musique-de-chambre-concert-douverture-de-saison-nevera-trio\/#primaryimage\"},\"image\":{\"@id\":\"https:\/\/culture.ixelles.be\/fr\/events\/soirees-de-musique-de-chambre-concert-douverture-de-saison-nevera-trio\/#primaryimage\"},\"thumbnailUrl\":\"https:\/\/culture.ixelles.be\/wp-content\/uploads\/2026\/09\/7f947a63e95ad7fb1c4ccd4da148d725a0ed2dc3.jpg\",\"datePublished\":\"2026-09-01T23:01:31+00:00\",\"breadcrumb\":{\"@id\":\"https:\/\/culture.ixelles.be\/fr\/events\/soirees-de-musique-de-chambre-concert-douverture-de-saison-nevera-trio\/#breadcrumb\"},\"inLanguage\":\"fr-FR\",\"potentialAction\":[{\"@type\":\"ReadAction\",\"target\":[\"https:\/\/culture.ixelles.be\/fr\/events\/soirees-de-musique-de-chambre-concert-douverture-de-saison-nevera-trio\/\"]}]},{\"@type\":\"ImageObject\",\"inLanguage\":\"fr-FR\",\"@id\":\"https:\/\/culture.ixelles.be\/fr\/events\/soirees-de-musique-de-chambre-concert-douverture-de-saison-nevera-trio\/#primaryimage\",\"url\":\"https:\/\/culture.ixelles.be\/wp-content\/uploads\/2026\/09\/7f947a63e95ad7fb1c4ccd4da148d725a0ed2dc3.jpg\",\"contentUrl\":\"https:\/\/culture.ixelles.be\/wp-content\/uploads\/2026\/09\/7f947a63e95ad7fb1c4ccd4da148d725a0ed2dc3.jpg\",\"width\":1241,\"height\":1755},{\"@type\":\"BreadcrumbList\",\"@id\":\"https:\/\/culture.ixelles.be\/fr\/events\/soirees-de-musique-de-chambre-concert-douverture-de-saison-nevera-trio\/#breadcrumb\",\"itemListElement\":[{\"@type\":\"ListItem\",\"position\":1,\"name\":\"Accueil\",\"item\":\"https:\/\/culture.ixelles.be\/fr\/\"},{\"@type\":\"ListItem\",\"position\":2,\"name\":\"Events\",\"item\":\"https:\/\/culture.ixelles.be\/fr\/events\/\"},{\"@type\":\"ListItem\",\"position\":3,\"name\":\"Soir\u00e9es de Musique de Chambre \u2013 CONCERT D&rsquo;OUVERTURE de saison &#8211; NEVERA Trio\"}]},{\"@type\":\"WebSite\",\"@id\":\"https:\/\/culture.ixelles.be\/fr\/#website\",\"url\":\"https:\/\/culture.ixelles.be\/fr\/\",\"name\":\"Ixelles\",\"description\":\"\",\"publisher\":{\"@id\":\"https:\/\/culture.ixelles.be\/fr\/#organization\"},\"potentialAction\":[{\"@type\":\"SearchAction\",\"target\":{\"@type\":\"EntryPoint\",\"urlTemplate\":\"https:\/\/culture.ixelles.be\/fr\/?s={search_term_string}\"},\"query-input\":{\"@type\":\"PropertyValueSpecification\",\"valueRequired\":true,\"valueName\":\"search_term_string\"}}],\"inLanguage\":\"fr-FR\"},{\"@type\":\"Organization\",\"@id\":\"https:\/\/culture.ixelles.be\/fr\/#organization\",\"name\":\"Service culture Ixelles\",\"url\":\"https:\/\/culture.ixelles.be\/fr\/\",\"logo\":{\"@type\":\"ImageObject\",\"inLanguage\":\"fr-FR\",\"@id\":\"https:\/\/culture.ixelles.be\/fr\/#\/schema\/logo\/image\/\",\"url\":\"https:\/\/culture.ixelles.be\/wp-content\/uploads\/2021\/05\/ixelles_green.svg\",\"contentUrl\":\"https:\/\/culture.ixelles.be\/wp-content\/uploads\/2021\/05\/ixelles_green.svg\",\"width\":1,\"height\":1,\"caption\":\"Service culture Ixelles\"},\"image\":{\"@id\":\"https:\/\/culture.ixelles.be\/fr\/#\/schema\/logo\/image\/\"}}]}<\/script>\n<!-- \/ Yoast SEO plugin. -->","yoast_head_json":{"title":"Soir\u00e9es de Musique de Chambre \u2013 CONCERT D'OUVERTURE de saison - NEVERA Trio - Ixelles","robots":{"index":"index","follow":"follow","max-snippet":"max-snippet:-1","max-image-preview":"max-image-preview:large","max-video-preview":"max-video-preview:-1"},"canonical":"https:\/\/culture.ixelles.be\/fr\/events\/soirees-de-musique-de-chambre-concert-douverture-de-saison-nevera-trio\/","og_locale":"fr_FR","og_type":"article","og_title":"Soir\u00e9es de Musique de Chambre \u2013 CONCERT D'OUVERTURE de saison - NEVERA Trio - Ixelles","og_url":"https:\/\/culture.ixelles.be\/fr\/events\/soirees-de-musique-de-chambre-concert-douverture-de-saison-nevera-trio\/","og_site_name":"Ixelles","twitter_card":"summary_large_image","twitter_misc":{"Dur\u00e9e de lecture estim\u00e9e":"1 minute"},"schema":{"@context":"https:\/\/schema.org","@graph":[{"@type":"WebPage","@id":"https:\/\/culture.ixelles.be\/fr\/events\/soirees-de-musique-de-chambre-concert-douverture-de-saison-nevera-trio\/","url":"https:\/\/culture.ixelles.be\/fr\/events\/soirees-de-musique-de-chambre-concert-douverture-de-saison-nevera-trio\/","name":"Soir\u00e9es de Musique de Chambre \u2013 CONCERT D'OUVERTURE de saison - NEVERA Trio - Ixelles","isPartOf":{"@id":"https:\/\/culture.ixelles.be\/fr\/#website"},"primaryImageOfPage":{"@id":"https:\/\/culture.ixelles.be\/fr\/events\/soirees-de-musique-de-chambre-concert-douverture-de-saison-nevera-trio\/#primaryimage"},"image":{"@id":"https:\/\/culture.ixelles.be\/fr\/events\/soirees-de-musique-de-chambre-concert-douverture-de-saison-nevera-trio\/#primaryimage"},"thumbnailUrl":"https:\/\/culture.ixelles.be\/wp-content\/uploads\/2026\/09\/7f947a63e95ad7fb1c4ccd4da148d725a0ed2dc3.jpg","datePublished":"2026-09-01T23:01:31+00:00","breadcrumb":{"@id":"https:\/\/culture.ixelles.be\/fr\/events\/soirees-de-musique-de-chambre-concert-douverture-de-saison-nevera-trio\/#breadcrumb"},"inLanguage":"fr-FR","potentialAction":[{"@type":"ReadAction","target":["https:\/\/culture.ixelles.be\/fr\/events\/soirees-de-musique-de-chambre-concert-douverture-de-saison-nevera-trio\/"]}]},{"@type":"ImageObject","inLanguage":"fr-FR","@id":"https:\/\/culture.ixelles.be\/fr\/events\/soirees-de-musique-de-chambre-concert-douverture-de-saison-nevera-trio\/#primaryimage","url":"https:\/\/culture.ixelles.be\/wp-content\/uploads\/2026\/09\/7f947a63e95ad7fb1c4ccd4da148d725a0ed2dc3.jpg","contentUrl":"https:\/\/culture.ixelles.be\/wp-content\/uploads\/2026\/09\/7f947a63e95ad7fb1c4ccd4da148d725a0ed2dc3.jpg","width":1241,"height":1755},{"@type":"BreadcrumbList","@id":"https:\/\/culture.ixelles.be\/fr\/events\/soirees-de-musique-de-chambre-concert-douverture-de-saison-nevera-trio\/#breadcrumb","itemListElement":[{"@type":"ListItem","position":1,"name":"Accueil","item":"https:\/\/culture.ixelles.be\/fr\/"},{"@type":"ListItem","position":2,"name":"Events","item":"https:\/\/culture.ixelles.be\/fr\/events\/"},{"@type":"ListItem","position":3,"name":"Soir\u00e9es de Musique de Chambre \u2013 CONCERT D&rsquo;OUVERTURE de saison &#8211; NEVERA Trio"}]},{"@type":"WebSite","@id":"https:\/\/culture.ixelles.be\/fr\/#website","url":"https:\/\/culture.ixelles.be\/fr\/","name":"Ixelles","description":"","publisher":{"@id":"https:\/\/culture.ixelles.be\/fr\/#organization"},"potentialAction":[{"@type":"SearchAction","target":{"@type":"EntryPoint","urlTemplate":"https:\/\/culture.ixelles.be\/fr\/?s={search_term_string}"},"query-input":{"@type":"PropertyValueSpecification","valueRequired":true,"valueName":"search_term_string"}}],"inLanguage":"fr-FR"},{"@type":"Organization","@id":"https:\/\/culture.ixelles.be\/fr\/#organization","name":"Service culture Ixelles","url":"https:\/\/culture.ixelles.be\/fr\/","logo":{"@type":"ImageObject","inLanguage":"fr-FR","@id":"https:\/\/culture.ixelles.be\/fr\/#\/schema\/logo\/image\/","url":"https:\/\/culture.ixelles.be\/wp-content\/uploads\/2021\/05\/ixelles_green.svg","contentUrl":"https:\/\/culture.ixelles.be\/wp-content\/uploads\/2021\/05\/ixelles_green.svg","width":1,"height":1,"caption":"Service culture Ixelles"},"image":{"@id":"https:\/\/culture.ixelles.be\/fr\/#\/schema\/logo\/image\/"}}]}},"_links":{"self":[{"href":"https:\/\/culture.ixelles.be\/fr\/wp-json\/wp\/v2\/events\/1989274"}],"collection":[{"href":"https:\/\/culture.ixelles.be\/fr\/wp-json\/wp\/v2\/events"}],"about":[{"href":"https:\/\/culture.ixelles.be\/fr\/wp-json\/wp\/v2\/types\/events"}],"author":[{"embeddable":true,"href":"https:\/\/culture.ixelles.be\/fr\/wp-json\/wp\/v2\/users\/1"}],"replies":[{"embeddable":true,"href":"https:\/\/culture.ixelles.be\/fr\/wp-json\/wp\/v2\/comments?post=1989274"}],"version-history":[{"count":0,"href":"https:\/\/culture.ixelles.be\/fr\/wp-json\/wp\/v2\/events\/1989274\/revisions"}],"wp:featuredmedia":[{"embeddable":true,"href":"https:\/\/culture.ixelles.be\/fr\/wp-json\/wp\/v2\/media\/1989277"}],"wp:attachment":[{"href":"https:\/\/culture.ixelles.be\/fr\/wp-json\/wp\/v2\/media?parent=1989274"}],"curies":[{"name":"wp","href":"https:\/\/api.w.org\/{rel}","templated":true}]}}

Soirées de Musique de Chambre – CONCERT D&rsquo;OUVERTURE de saison &#8211; NEVERA Trio

<p>Pour l&rsquo;ouverture de la nouvelle saison des Soirées de musique de chambre de la Maison Hongroise, le Trio Nevera vous invite à découvrir toute la richesse musicale des Balkans.</p>
<p>Diplômés du Conservatoire Royal de Bruxelles, les trois musiciens puisent leur inspiration dans les traditions musicales balkaniques et proposent un programme dynamique et entraînant. Mélodies traditionnelles, motifs envoûtants et rythmes irrésistibles nous entraînent de Bartók à Bogdanović.</p>
<p>Constance Gérault – violon,<br />
Anaïs Dumont – violoncelle,<br />
Mathias Euillet – guitare.</p>
<p>Programme :<br />
Dušan Bogdanović – Balkan Sketches,<br />
Miroslav Tadić – 4 pièces macédoniennes,<br />
Béla Bartók – Danses de Transylvanie,<br />
Antonín Dvořák &#8211; Chansons que ma mère m&rsquo;a apprises</p>

<p>Pour l&rsquo;ouverture de la nouvelle saison des Soirées de musique de chambre de la Maison Hongroise, le Trio Nevera vous invite à découvrir toute la richesse musicale des Balkans. Diplômés du Conservatoire Royal de Bruxelles, les trois musiciens puisent leur inspiration dans les traditions musicales balkaniques et proposent un programme dynamique et entraînant. Mélodies traditionnelles, [&hellip;]</p>

<!-- This site is optimized with the Yoast SEO plugin v24.5 - https://yoast.com/wordpress/plugins/seo/ -->
<title>Soirées de Musique de Chambre – CONCERT D&#039;OUVERTURE de saison - NEVERA Trio - Ixelles</title>
<meta name="robots" content="index, follow, max-snippet:-1, max-image-preview:large, max-video-preview:-1" />
<link rel="canonical" href="https://culture.ixelles.be/fr/events/soirees-de-musique-de-chambre-concert-douverture-de-saison-nevera-trio/" />
<meta property="og:locale" content="fr_FR" />
<meta property="og:type" content="article" />
<meta property="og:title" content="Soirées de Musique de Chambre – CONCERT D&#039;OUVERTURE de saison - NEVERA Trio - Ixelles" />
<meta property="og:url" content="https://culture.ixelles.be/fr/events/soirees-de-musique-de-chambre-concert-douverture-de-saison-nevera-trio/" />
<meta property="og:site_name" content="Ixelles" />
<meta name="twitter:card" content="summary_large_image" />
<meta name="twitter:label1" content="Durée de lecture estimée" />
	<meta name="twitter:data1" content="1 minute" />
<script type="application/ld+json" class="yoast-schema-graph">{"@context":"https://schema.org","@graph":[{"@type":"WebPage","@id":"https://culture.ixelles.be/fr/events/soirees-de-musique-de-chambre-concert-douverture-de-saison-nevera-trio/","url":"https://culture.ixelles.be/fr/events/soirees-de-musique-de-chambre-concert-douverture-de-saison-nevera-trio/","name":"Soirées de Musique de Chambre – CONCERT D'OUVERTURE de saison - NEVERA Trio - Ixelles","isPartOf":{"@id":"https://culture.ixelles.be/fr/#website"},"primaryImageOfPage":{"@id":"https://culture.ixelles.be/fr/events/soirees-de-musique-de-chambre-concert-douverture-de-saison-nevera-trio/#primaryimage"},"image":{"@id":"https://culture.ixelles.be/fr/events/soirees-de-musique-de-chambre-concert-douverture-de-saison-nevera-trio/#primaryimage"},"thumbnailUrl":"https://culture.ixelles.be/wp-content/uploads/2026/09/7f947a63e95ad7fb1c4ccd4da148d725a0ed2dc3.jpg","datePublished":"2026-09-01T23:01:31+00:00","breadcrumb":{"@id":"https://culture.ixelles.be/fr/events/soirees-de-musique-de-chambre-concert-douverture-de-saison-nevera-trio/#breadcrumb"},"inLanguage":"fr-FR","potentialAction":[{"@type":"ReadAction","target":["https://culture.ixelles.be/fr/events/soirees-de-musique-de-chambre-concert-douverture-de-saison-nevera-trio/"]}]},{"@type":"ImageObject","inLanguage":"fr-FR","@id":"https://culture.ixelles.be/fr/events/soirees-de-musique-de-chambre-concert-douverture-de-saison-nevera-trio/#primaryimage","url":"https://culture.ixelles.be/wp-content/uploads/2026/09/7f947a63e95ad7fb1c4ccd4da148d725a0ed2dc3.jpg","contentUrl":"https://culture.ixelles.be/wp-content/uploads/2026/09/7f947a63e95ad7fb1c4ccd4da148d725a0ed2dc3.jpg","width":1241,"height":1755},{"@type":"BreadcrumbList","@id":"https://culture.ixelles.be/fr/events/soirees-de-musique-de-chambre-concert-douverture-de-saison-nevera-trio/#breadcrumb","itemListElement":[{"@type":"ListItem","position":1,"name":"Accueil","item":"https://culture.ixelles.be/fr/"},{"@type":"ListItem","position":2,"name":"Events","item":"https://culture.ixelles.be/fr/events/"},{"@type":"ListItem","position":3,"name":"Soirées de Musique de Chambre – CONCERT D&rsquo;OUVERTURE de saison &#8211; NEVERA Trio"}]},{"@type":"WebSite","@id":"https://culture.ixelles.be/fr/#website","url":"https://culture.ixelles.be/fr/","name":"Ixelles","description":"","publisher":{"@id":"https://culture.ixelles.be/fr/#organization"},"potentialAction":[{"@type":"SearchAction","target":{"@type":"EntryPoint","urlTemplate":"https://culture.ixelles.be/fr/?s={search_term_string}"},"query-input":{"@type":"PropertyValueSpecification","valueRequired":true,"valueName":"search_term_string"}}],"inLanguage":"fr-FR"},{"@type":"Organization","@id":"https://culture.ixelles.be/fr/#organization","name":"Service culture Ixelles","url":"https://culture.ixelles.be/fr/","logo":{"@type":"ImageObject","inLanguage":"fr-FR","@id":"https://culture.ixelles.be/fr/#/schema/logo/image/","url":"https://culture.ixelles.be/wp-content/uploads/2021/05/ixelles_green.svg","contentUrl":"https://culture.ixelles.be/wp-content/uploads/2021/05/ixelles_green.svg","width":1,"height":1,"caption":"Service culture Ixelles"},"image":{"@id":"https://culture.ixelles.be/fr/#/schema/logo/image/"}}]}</script>
<!-- / Yoast SEO plugin. -->

Soirées de Musique de Chambre – CONCERT D'OUVERTURE de saison - NEVERA Trio - Ixelles
