{"id":1989355,"date":"2026-09-01T23:04:16","date_gmt":"2026-09-01T23:04:16","guid":{"rendered":"https:\/\/culture.ixelles.be\/events\/la-joyeuse-rentree\/"},"modified":"2026-09-01T23:04:16","modified_gmt":"2026-09-01T23:04:16","slug":"la-joyeuse-rentree","status":"publish","type":"events","link":"https:\/\/culture.ixelles.be\/fr\/events\/la-joyeuse-rentree\/","title":{"rendered":"La Joyeuse Rentr\u00e9e !"},"content":{"rendered":"<p>La Joyeuse Rentr\u00e9e lance la nouvelle saison culturelle \u00e0 Ixelles ! Le samedi 19 septembre, les partenaires culturels de la Commune vous donnent rendez-vous \u00e0 Fernand Cocq pour une apr\u00e8s-midi gratuite, festive et ouverte \u00e0 toutes et tous.<\/p>\n<p>Au programme : musique, th\u00e9\u00e2tre, fanfares, ateliers, jeux, installations interactives et rencontres. D\u00e8s 10h, Biblio XL et Bib Sans Souci proposent une d\u00e9couverte de la culture palestinienne \u00e0 travers des contes, des jeux et des ateliers. \u00c0 partir de 14h, retrouvez notamment BRUiTAL, Fujin et son \u00ab Orchestre ouvert \u00bb, Muziekpublique, le Mus\u00e9e d\u2019Ixelles, Amadeo Kollectif et le Brussels Film Orchestra. \u00c0 15h, direction le Mercelis pour Drache Nationale, une repr\u00e9sentation gratuite de la Cie Anoraks entre th\u00e9\u00e2tre et jonglerie, sur r\u00e9servation.<\/p>\n<p>Une journ\u00e9e pour d\u00e9couvrir les artistes, les lieux et les partenaires qui feront vivre la culture \u00e0 Ixelles tout au long de la saison 2026-2027.<\/p>\n","protected":false},"excerpt":{"rendered":"<p>La Joyeuse Rentr\u00e9e lance la nouvelle saison culturelle \u00e0 Ixelles ! Le samedi 19 septembre, les partenaires culturels de la Commune vous donnent rendez-vous \u00e0 Fernand Cocq pour une apr\u00e8s-midi gratuite, festive et ouverte \u00e0 toutes et tous. Au programme : musique, th\u00e9\u00e2tre, fanfares, ateliers, jeux, installations interactives et rencontres. D\u00e8s 10h, Biblio XL et [&hellip;]<\/p>\n","protected":false},"author":1,"featured_media":1989358,"comment_status":"","ping_status":"closed","template":"","acf":[],"yoast_head":"<!-- This site is optimized with the Yoast SEO plugin v24.5 - https:\/\/yoast.com\/wordpress\/plugins\/seo\/ -->\n<title>La Joyeuse Rentr\u00e9e ! - Ixelles<\/title>\n<meta name=\"robots\" content=\"index, follow, max-snippet:-1, max-image-preview:large, max-video-preview:-1\" \/>\n<link rel=\"canonical\" href=\"https:\/\/culture.ixelles.be\/fr\/events\/la-joyeuse-rentree\/\" \/>\n<meta property=\"og:locale\" content=\"fr_FR\" \/>\n<meta property=\"og:type\" content=\"article\" \/>\n<meta property=\"og:title\" content=\"La Joyeuse Rentr\u00e9e ! - Ixelles\" \/>\n<meta property=\"og:url\" content=\"https:\/\/culture.ixelles.be\/fr\/events\/la-joyeuse-rentree\/\" \/>\n<meta property=\"og:site_name\" content=\"Ixelles\" \/>\n<meta name=\"twitter:card\" content=\"summary_large_image\" \/>\n<meta name=\"twitter:label1\" content=\"Dur\u00e9e de lecture estim\u00e9e\" \/>\n\t<meta name=\"twitter:data1\" content=\"1 minute\" \/>\n<script type=\"application\/ld+json\" class=\"yoast-schema-graph\">{\"@context\":\"https:\/\/schema.org\",\"@graph\":[{\"@type\":\"WebPage\",\"@id\":\"https:\/\/culture.ixelles.be\/fr\/events\/la-joyeuse-rentree\/\",\"url\":\"https:\/\/culture.ixelles.be\/fr\/events\/la-joyeuse-rentree\/\",\"name\":\"La Joyeuse Rentr\u00e9e ! - Ixelles\",\"isPartOf\":{\"@id\":\"https:\/\/culture.ixelles.be\/fr\/#website\"},\"primaryImageOfPage\":{\"@id\":\"https:\/\/culture.ixelles.be\/fr\/events\/la-joyeuse-rentree\/#primaryimage\"},\"image\":{\"@id\":\"https:\/\/culture.ixelles.be\/fr\/events\/la-joyeuse-rentree\/#primaryimage\"},\"thumbnailUrl\":\"https:\/\/culture.ixelles.be\/wp-content\/uploads\/2026\/09\/3e204fe86041be86fbcfc0ae5f69a606ede546be.jpg\",\"datePublished\":\"2026-09-01T23:04:16+00:00\",\"breadcrumb\":{\"@id\":\"https:\/\/culture.ixelles.be\/fr\/events\/la-joyeuse-rentree\/#breadcrumb\"},\"inLanguage\":\"fr-FR\",\"potentialAction\":[{\"@type\":\"ReadAction\",\"target\":[\"https:\/\/culture.ixelles.be\/fr\/events\/la-joyeuse-rentree\/\"]}]},{\"@type\":\"ImageObject\",\"inLanguage\":\"fr-FR\",\"@id\":\"https:\/\/culture.ixelles.be\/fr\/events\/la-joyeuse-rentree\/#primaryimage\",\"url\":\"https:\/\/culture.ixelles.be\/wp-content\/uploads\/2026\/09\/3e204fe86041be86fbcfc0ae5f69a606ede546be.jpg\",\"contentUrl\":\"https:\/\/culture.ixelles.be\/wp-content\/uploads\/2026\/09\/3e204fe86041be86fbcfc0ae5f69a606ede546be.jpg\",\"width\":1365,\"height\":2048},{\"@type\":\"BreadcrumbList\",\"@id\":\"https:\/\/culture.ixelles.be\/fr\/events\/la-joyeuse-rentree\/#breadcrumb\",\"itemListElement\":[{\"@type\":\"ListItem\",\"position\":1,\"name\":\"Accueil\",\"item\":\"https:\/\/culture.ixelles.be\/fr\/\"},{\"@type\":\"ListItem\",\"position\":2,\"name\":\"Events\",\"item\":\"https:\/\/culture.ixelles.be\/fr\/events\/\"},{\"@type\":\"ListItem\",\"position\":3,\"name\":\"La Joyeuse Rentr\u00e9e !\"}]},{\"@type\":\"WebSite\",\"@id\":\"https:\/\/culture.ixelles.be\/fr\/#website\",\"url\":\"https:\/\/culture.ixelles.be\/fr\/\",\"name\":\"Ixelles\",\"description\":\"\",\"publisher\":{\"@id\":\"https:\/\/culture.ixelles.be\/fr\/#organization\"},\"potentialAction\":[{\"@type\":\"SearchAction\",\"target\":{\"@type\":\"EntryPoint\",\"urlTemplate\":\"https:\/\/culture.ixelles.be\/fr\/?s={search_term_string}\"},\"query-input\":{\"@type\":\"PropertyValueSpecification\",\"valueRequired\":true,\"valueName\":\"search_term_string\"}}],\"inLanguage\":\"fr-FR\"},{\"@type\":\"Organization\",\"@id\":\"https:\/\/culture.ixelles.be\/fr\/#organization\",\"name\":\"Service culture Ixelles\",\"url\":\"https:\/\/culture.ixelles.be\/fr\/\",\"logo\":{\"@type\":\"ImageObject\",\"inLanguage\":\"fr-FR\",\"@id\":\"https:\/\/culture.ixelles.be\/fr\/#\/schema\/logo\/image\/\",\"url\":\"https:\/\/culture.ixelles.be\/wp-content\/uploads\/2021\/05\/ixelles_green.svg\",\"contentUrl\":\"https:\/\/culture.ixelles.be\/wp-content\/uploads\/2021\/05\/ixelles_green.svg\",\"width\":1,\"height\":1,\"caption\":\"Service culture Ixelles\"},\"image\":{\"@id\":\"https:\/\/culture.ixelles.be\/fr\/#\/schema\/logo\/image\/\"}}]}<\/script>\n<!-- \/ Yoast SEO plugin. -->","yoast_head_json":{"title":"La Joyeuse Rentr\u00e9e ! - Ixelles","robots":{"index":"index","follow":"follow","max-snippet":"max-snippet:-1","max-image-preview":"max-image-preview:large","max-video-preview":"max-video-preview:-1"},"canonical":"https:\/\/culture.ixelles.be\/fr\/events\/la-joyeuse-rentree\/","og_locale":"fr_FR","og_type":"article","og_title":"La Joyeuse Rentr\u00e9e ! - Ixelles","og_url":"https:\/\/culture.ixelles.be\/fr\/events\/la-joyeuse-rentree\/","og_site_name":"Ixelles","twitter_card":"summary_large_image","twitter_misc":{"Dur\u00e9e de lecture estim\u00e9e":"1 minute"},"schema":{"@context":"https:\/\/schema.org","@graph":[{"@type":"WebPage","@id":"https:\/\/culture.ixelles.be\/fr\/events\/la-joyeuse-rentree\/","url":"https:\/\/culture.ixelles.be\/fr\/events\/la-joyeuse-rentree\/","name":"La Joyeuse Rentr\u00e9e ! - Ixelles","isPartOf":{"@id":"https:\/\/culture.ixelles.be\/fr\/#website"},"primaryImageOfPage":{"@id":"https:\/\/culture.ixelles.be\/fr\/events\/la-joyeuse-rentree\/#primaryimage"},"image":{"@id":"https:\/\/culture.ixelles.be\/fr\/events\/la-joyeuse-rentree\/#primaryimage"},"thumbnailUrl":"https:\/\/culture.ixelles.be\/wp-content\/uploads\/2026\/09\/3e204fe86041be86fbcfc0ae5f69a606ede546be.jpg","datePublished":"2026-09-01T23:04:16+00:00","breadcrumb":{"@id":"https:\/\/culture.ixelles.be\/fr\/events\/la-joyeuse-rentree\/#breadcrumb"},"inLanguage":"fr-FR","potentialAction":[{"@type":"ReadAction","target":["https:\/\/culture.ixelles.be\/fr\/events\/la-joyeuse-rentree\/"]}]},{"@type":"ImageObject","inLanguage":"fr-FR","@id":"https:\/\/culture.ixelles.be\/fr\/events\/la-joyeuse-rentree\/#primaryimage","url":"https:\/\/culture.ixelles.be\/wp-content\/uploads\/2026\/09\/3e204fe86041be86fbcfc0ae5f69a606ede546be.jpg","contentUrl":"https:\/\/culture.ixelles.be\/wp-content\/uploads\/2026\/09\/3e204fe86041be86fbcfc0ae5f69a606ede546be.jpg","width":1365,"height":2048},{"@type":"BreadcrumbList","@id":"https:\/\/culture.ixelles.be\/fr\/events\/la-joyeuse-rentree\/#breadcrumb","itemListElement":[{"@type":"ListItem","position":1,"name":"Accueil","item":"https:\/\/culture.ixelles.be\/fr\/"},{"@type":"ListItem","position":2,"name":"Events","item":"https:\/\/culture.ixelles.be\/fr\/events\/"},{"@type":"ListItem","position":3,"name":"La Joyeuse Rentr\u00e9e !"}]},{"@type":"WebSite","@id":"https:\/\/culture.ixelles.be\/fr\/#website","url":"https:\/\/culture.ixelles.be\/fr\/","name":"Ixelles","description":"","publisher":{"@id":"https:\/\/culture.ixelles.be\/fr\/#organization"},"potentialAction":[{"@type":"SearchAction","target":{"@type":"EntryPoint","urlTemplate":"https:\/\/culture.ixelles.be\/fr\/?s={search_term_string}"},"query-input":{"@type":"PropertyValueSpecification","valueRequired":true,"valueName":"search_term_string"}}],"inLanguage":"fr-FR"},{"@type":"Organization","@id":"https:\/\/culture.ixelles.be\/fr\/#organization","name":"Service culture Ixelles","url":"https:\/\/culture.ixelles.be\/fr\/","logo":{"@type":"ImageObject","inLanguage":"fr-FR","@id":"https:\/\/culture.ixelles.be\/fr\/#\/schema\/logo\/image\/","url":"https:\/\/culture.ixelles.be\/wp-content\/uploads\/2021\/05\/ixelles_green.svg","contentUrl":"https:\/\/culture.ixelles.be\/wp-content\/uploads\/2021\/05\/ixelles_green.svg","width":1,"height":1,"caption":"Service culture Ixelles"},"image":{"@id":"https:\/\/culture.ixelles.be\/fr\/#\/schema\/logo\/image\/"}}]}},"_links":{"self":[{"href":"https:\/\/culture.ixelles.be\/fr\/wp-json\/wp\/v2\/events\/1989355"}],"collection":[{"href":"https:\/\/culture.ixelles.be\/fr\/wp-json\/wp\/v2\/events"}],"about":[{"href":"https:\/\/culture.ixelles.be\/fr\/wp-json\/wp\/v2\/types\/events"}],"author":[{"embeddable":true,"href":"https:\/\/culture.ixelles.be\/fr\/wp-json\/wp\/v2\/users\/1"}],"replies":[{"embeddable":true,"href":"https:\/\/culture.ixelles.be\/fr\/wp-json\/wp\/v2\/comments?post=1989355"}],"version-history":[{"count":0,"href":"https:\/\/culture.ixelles.be\/fr\/wp-json\/wp\/v2\/events\/1989355\/revisions"}],"wp:featuredmedia":[{"embeddable":true,"href":"https:\/\/culture.ixelles.be\/fr\/wp-json\/wp\/v2\/media\/1989358"}],"wp:attachment":[{"href":"https:\/\/culture.ixelles.be\/fr\/wp-json\/wp\/v2\/media?parent=1989355"}],"curies":[{"name":"wp","href":"https:\/\/api.w.org\/{rel}","templated":true}]}}

La Joyeuse Rentrée !

<p>La Joyeuse Rentrée lance la nouvelle saison culturelle à Ixelles ! Le samedi 19 septembre, les partenaires culturels de la Commune vous donnent rendez-vous à Fernand Cocq pour une après-midi gratuite, festive et ouverte à toutes et tous.</p>
<p>Au programme : musique, théâtre, fanfares, ateliers, jeux, installations interactives et rencontres. Dès 10h, Biblio XL et Bib Sans Souci proposent une découverte de la culture palestinienne à travers des contes, des jeux et des ateliers. À partir de 14h, retrouvez notamment BRUiTAL, Fujin et son « Orchestre ouvert », Muziekpublique, le Musée d’Ixelles, Amadeo Kollectif et le Brussels Film Orchestra. À 15h, direction le Mercelis pour Drache Nationale, une représentation gratuite de la Cie Anoraks entre théâtre et jonglerie, sur réservation.</p>
<p>Une journée pour découvrir les artistes, les lieux et les partenaires qui feront vivre la culture à Ixelles tout au long de la saison 2026-2027.</p>

<p>La Joyeuse Rentrée lance la nouvelle saison culturelle à Ixelles ! Le samedi 19 septembre, les partenaires culturels de la Commune vous donnent rendez-vous à Fernand Cocq pour une après-midi gratuite, festive et ouverte à toutes et tous. Au programme : musique, théâtre, fanfares, ateliers, jeux, installations interactives et rencontres. Dès 10h, Biblio XL et [&hellip;]</p>

<!-- This site is optimized with the Yoast SEO plugin v24.5 - https://yoast.com/wordpress/plugins/seo/ -->
<title>La Joyeuse Rentrée ! - Ixelles</title>
<meta name="robots" content="index, follow, max-snippet:-1, max-image-preview:large, max-video-preview:-1" />
<link rel="canonical" href="https://culture.ixelles.be/fr/events/la-joyeuse-rentree/" />
<meta property="og:locale" content="fr_FR" />
<meta property="og:type" content="article" />
<meta property="og:title" content="La Joyeuse Rentrée ! - Ixelles" />
<meta property="og:url" content="https://culture.ixelles.be/fr/events/la-joyeuse-rentree/" />
<meta property="og:site_name" content="Ixelles" />
<meta name="twitter:card" content="summary_large_image" />
<meta name="twitter:label1" content="Durée de lecture estimée" />
	<meta name="twitter:data1" content="1 minute" />
<script type="application/ld+json" class="yoast-schema-graph">{"@context":"https://schema.org","@graph":[{"@type":"WebPage","@id":"https://culture.ixelles.be/fr/events/la-joyeuse-rentree/","url":"https://culture.ixelles.be/fr/events/la-joyeuse-rentree/","name":"La Joyeuse Rentrée ! - Ixelles","isPartOf":{"@id":"https://culture.ixelles.be/fr/#website"},"primaryImageOfPage":{"@id":"https://culture.ixelles.be/fr/events/la-joyeuse-rentree/#primaryimage"},"image":{"@id":"https://culture.ixelles.be/fr/events/la-joyeuse-rentree/#primaryimage"},"thumbnailUrl":"https://culture.ixelles.be/wp-content/uploads/2026/09/3e204fe86041be86fbcfc0ae5f69a606ede546be.jpg","datePublished":"2026-09-01T23:04:16+00:00","breadcrumb":{"@id":"https://culture.ixelles.be/fr/events/la-joyeuse-rentree/#breadcrumb"},"inLanguage":"fr-FR","potentialAction":[{"@type":"ReadAction","target":["https://culture.ixelles.be/fr/events/la-joyeuse-rentree/"]}]},{"@type":"ImageObject","inLanguage":"fr-FR","@id":"https://culture.ixelles.be/fr/events/la-joyeuse-rentree/#primaryimage","url":"https://culture.ixelles.be/wp-content/uploads/2026/09/3e204fe86041be86fbcfc0ae5f69a606ede546be.jpg","contentUrl":"https://culture.ixelles.be/wp-content/uploads/2026/09/3e204fe86041be86fbcfc0ae5f69a606ede546be.jpg","width":1365,"height":2048},{"@type":"BreadcrumbList","@id":"https://culture.ixelles.be/fr/events/la-joyeuse-rentree/#breadcrumb","itemListElement":[{"@type":"ListItem","position":1,"name":"Accueil","item":"https://culture.ixelles.be/fr/"},{"@type":"ListItem","position":2,"name":"Events","item":"https://culture.ixelles.be/fr/events/"},{"@type":"ListItem","position":3,"name":"La Joyeuse Rentrée !"}]},{"@type":"WebSite","@id":"https://culture.ixelles.be/fr/#website","url":"https://culture.ixelles.be/fr/","name":"Ixelles","description":"","publisher":{"@id":"https://culture.ixelles.be/fr/#organization"},"potentialAction":[{"@type":"SearchAction","target":{"@type":"EntryPoint","urlTemplate":"https://culture.ixelles.be/fr/?s={search_term_string}"},"query-input":{"@type":"PropertyValueSpecification","valueRequired":true,"valueName":"search_term_string"}}],"inLanguage":"fr-FR"},{"@type":"Organization","@id":"https://culture.ixelles.be/fr/#organization","name":"Service culture Ixelles","url":"https://culture.ixelles.be/fr/","logo":{"@type":"ImageObject","inLanguage":"fr-FR","@id":"https://culture.ixelles.be/fr/#/schema/logo/image/","url":"https://culture.ixelles.be/wp-content/uploads/2021/05/ixelles_green.svg","contentUrl":"https://culture.ixelles.be/wp-content/uploads/2021/05/ixelles_green.svg","width":1,"height":1,"caption":"Service culture Ixelles"},"image":{"@id":"https://culture.ixelles.be/fr/#/schema/logo/image/"}}]}</script>
<!-- / Yoast SEO plugin. -->

La Joyeuse Rentrée ! - Ixelles
