{"id":1989484,"date":"2026-09-01T23:07:51","date_gmt":"2026-09-01T23:07:51","guid":{"rendered":"https:\/\/culture.ixelles.be\/events\/confidences-de-bach\/"},"modified":"2026-09-01T23:07:51","modified_gmt":"2026-09-01T23:07:51","slug":"confidences-de-bach","status":"publish","type":"events","link":"https:\/\/culture.ixelles.be\/fr\/events\/confidences-de-bach\/","title":{"rendered":"Confidences de Bach"},"content":{"rendered":"<p>Hayoung Choi, est une des les plus fascinantes violoncellistes de sa g\u00e9n\u00e9ration, Premier Prix du Concours Musical International Reine \u00c9lisabeth 2022. A l&rsquo;Abbaye de la<br \/>\nCambre, ce 9 octobre \u00e0 20H, elle interpr\u00e8tera les Suites 2, 4, 5 pour violoncelle de J.S. Bach.<br \/>\nChefs-d&rsquo;\u0153uvre du r\u00e9pertoire pour violoncelle seul : les Suites de Johann Sebastian Bach.<br \/>\ninvitent au voyage int\u00e9rieur \u00e0 travers toutes les nuances de l&rsquo;\u00e2me humaine sous l\u2019archet voluptueux de l\u2019artiste.<br \/>\nDe l&rsquo;introspection bouleversante de la Deuxi\u00e8me Suite \u00e0 la majest\u00e9 lumineuse de la Quatri\u00e8me, jusqu&rsquo;\u00e0 l&rsquo;audace et l&rsquo;originalit\u00e9 saisissantes de la Cinqui\u00e8me, Hayoung Choi promet d&rsquo;offrir une lecture \u00e0 la fois personnelle, sensible et profond\u00e9ment habit\u00e9e de ce v\u00e9ritable sommet de la litt\u00e9rature musicale.<br \/>\nLe public belge garde un souvenir intact de son interpr\u00e9tation magistrale du Concerto pour violoncelle de Witold Lutos\u0142awski lors du Concours Reine \u00c9lisabeth 2022.  Hayoung Choi avait suscit\u00e9 l&rsquo;admiration du jury comme du public, qui lui avait r\u00e9serv\u00e9 une standing ovation. Par son audace artistique, son extraordinaire ma\u00eetrise technique et une sensibilit\u00e9 constamment au service de la musique, la violoncelliste avait impos\u00e9 une personnalit\u00e9 musicale d&rsquo;une rare intensit\u00e9.<br \/>\nAu-del\u00e0 de sa virtuosit\u00e9, elle captive par son exceptionnel sens du r\u00e9cit musical. Sous son archet, les murmures les plus d\u00e9licats c\u00f4toient des d\u00e9ferlements sonores d&rsquo;une puissance orchestrale, donnant \u00e0 chaque \u0153uvre une dimension profond\u00e9ment dramatique et \u00e9motionnelle.<br \/>\nLe concert sera enrichi par deux interm\u00e8des du ch\u0153ur Anemos de l&rsquo;IMEP, qui interpr\u00e9tera deux chefs d\u2019oeuvre de la musique sacr\u00e9e d&rsquo;Anton Bruckner : Locus iste et Christus factus est. Ces pages sublimes illustrent l&rsquo;art unique de Bruckner, dans lesquelles la puret\u00e9 h\u00e9rit\u00e9e de la Renaissance rencontre la richesse harmonique du romantisme. <\/p>\n","protected":false},"excerpt":{"rendered":"<p>Hayoung Choi, est une des les plus fascinantes violoncellistes de sa g\u00e9n\u00e9ration, Premier Prix du Concours Musical International Reine \u00c9lisabeth 2022. A l&rsquo;Abbaye de la Cambre, ce 9 octobre \u00e0 20H, elle interpr\u00e8tera les Suites 2, 4, 5 pour violoncelle de J.S. Bach. Chefs-d&rsquo;\u0153uvre du r\u00e9pertoire pour violoncelle seul : les Suites de Johann Sebastian [&hellip;]<\/p>\n","protected":false},"author":1,"featured_media":1989487,"comment_status":"","ping_status":"closed","template":"","acf":[],"yoast_head":"<!-- This site is optimized with the Yoast SEO plugin v24.5 - https:\/\/yoast.com\/wordpress\/plugins\/seo\/ -->\n<title>Confidences de Bach - Ixelles<\/title>\n<meta name=\"robots\" content=\"index, follow, max-snippet:-1, max-image-preview:large, max-video-preview:-1\" \/>\n<link rel=\"canonical\" href=\"https:\/\/culture.ixelles.be\/fr\/events\/confidences-de-bach\/\" \/>\n<meta property=\"og:locale\" content=\"fr_FR\" \/>\n<meta property=\"og:type\" content=\"article\" \/>\n<meta property=\"og:title\" content=\"Confidences de Bach - Ixelles\" \/>\n<meta property=\"og:url\" content=\"https:\/\/culture.ixelles.be\/fr\/events\/confidences-de-bach\/\" \/>\n<meta property=\"og:site_name\" content=\"Ixelles\" \/>\n<meta name=\"twitter:card\" content=\"summary_large_image\" \/>\n<meta name=\"twitter:label1\" content=\"Dur\u00e9e de lecture estim\u00e9e\" \/>\n\t<meta name=\"twitter:data1\" content=\"1 minute\" \/>\n<script type=\"application\/ld+json\" class=\"yoast-schema-graph\">{\"@context\":\"https:\/\/schema.org\",\"@graph\":[{\"@type\":\"WebPage\",\"@id\":\"https:\/\/culture.ixelles.be\/fr\/events\/confidences-de-bach\/\",\"url\":\"https:\/\/culture.ixelles.be\/fr\/events\/confidences-de-bach\/\",\"name\":\"Confidences de Bach - Ixelles\",\"isPartOf\":{\"@id\":\"https:\/\/culture.ixelles.be\/fr\/#website\"},\"primaryImageOfPage\":{\"@id\":\"https:\/\/culture.ixelles.be\/fr\/events\/confidences-de-bach\/#primaryimage\"},\"image\":{\"@id\":\"https:\/\/culture.ixelles.be\/fr\/events\/confidences-de-bach\/#primaryimage\"},\"thumbnailUrl\":\"https:\/\/culture.ixelles.be\/wp-content\/uploads\/2026\/09\/cc63ada9e883c1dd2d8686337e637d1f4370182a.png\",\"datePublished\":\"2026-09-01T23:07:51+00:00\",\"breadcrumb\":{\"@id\":\"https:\/\/culture.ixelles.be\/fr\/events\/confidences-de-bach\/#breadcrumb\"},\"inLanguage\":\"fr-FR\",\"potentialAction\":[{\"@type\":\"ReadAction\",\"target\":[\"https:\/\/culture.ixelles.be\/fr\/events\/confidences-de-bach\/\"]}]},{\"@type\":\"ImageObject\",\"inLanguage\":\"fr-FR\",\"@id\":\"https:\/\/culture.ixelles.be\/fr\/events\/confidences-de-bach\/#primaryimage\",\"url\":\"https:\/\/culture.ixelles.be\/wp-content\/uploads\/2026\/09\/cc63ada9e883c1dd2d8686337e637d1f4370182a.png\",\"contentUrl\":\"https:\/\/culture.ixelles.be\/wp-content\/uploads\/2026\/09\/cc63ada9e883c1dd2d8686337e637d1f4370182a.png\",\"width\":1414,\"height\":2000},{\"@type\":\"BreadcrumbList\",\"@id\":\"https:\/\/culture.ixelles.be\/fr\/events\/confidences-de-bach\/#breadcrumb\",\"itemListElement\":[{\"@type\":\"ListItem\",\"position\":1,\"name\":\"Accueil\",\"item\":\"https:\/\/culture.ixelles.be\/fr\/\"},{\"@type\":\"ListItem\",\"position\":2,\"name\":\"Events\",\"item\":\"https:\/\/culture.ixelles.be\/fr\/events\/\"},{\"@type\":\"ListItem\",\"position\":3,\"name\":\"Confidences de Bach\"}]},{\"@type\":\"WebSite\",\"@id\":\"https:\/\/culture.ixelles.be\/fr\/#website\",\"url\":\"https:\/\/culture.ixelles.be\/fr\/\",\"name\":\"Ixelles\",\"description\":\"\",\"publisher\":{\"@id\":\"https:\/\/culture.ixelles.be\/fr\/#organization\"},\"potentialAction\":[{\"@type\":\"SearchAction\",\"target\":{\"@type\":\"EntryPoint\",\"urlTemplate\":\"https:\/\/culture.ixelles.be\/fr\/?s={search_term_string}\"},\"query-input\":{\"@type\":\"PropertyValueSpecification\",\"valueRequired\":true,\"valueName\":\"search_term_string\"}}],\"inLanguage\":\"fr-FR\"},{\"@type\":\"Organization\",\"@id\":\"https:\/\/culture.ixelles.be\/fr\/#organization\",\"name\":\"Service culture Ixelles\",\"url\":\"https:\/\/culture.ixelles.be\/fr\/\",\"logo\":{\"@type\":\"ImageObject\",\"inLanguage\":\"fr-FR\",\"@id\":\"https:\/\/culture.ixelles.be\/fr\/#\/schema\/logo\/image\/\",\"url\":\"https:\/\/culture.ixelles.be\/wp-content\/uploads\/2021\/05\/ixelles_green.svg\",\"contentUrl\":\"https:\/\/culture.ixelles.be\/wp-content\/uploads\/2021\/05\/ixelles_green.svg\",\"width\":1,\"height\":1,\"caption\":\"Service culture Ixelles\"},\"image\":{\"@id\":\"https:\/\/culture.ixelles.be\/fr\/#\/schema\/logo\/image\/\"}}]}<\/script>\n<!-- \/ Yoast SEO plugin. -->","yoast_head_json":{"title":"Confidences de Bach - Ixelles","robots":{"index":"index","follow":"follow","max-snippet":"max-snippet:-1","max-image-preview":"max-image-preview:large","max-video-preview":"max-video-preview:-1"},"canonical":"https:\/\/culture.ixelles.be\/fr\/events\/confidences-de-bach\/","og_locale":"fr_FR","og_type":"article","og_title":"Confidences de Bach - Ixelles","og_url":"https:\/\/culture.ixelles.be\/fr\/events\/confidences-de-bach\/","og_site_name":"Ixelles","twitter_card":"summary_large_image","twitter_misc":{"Dur\u00e9e de lecture estim\u00e9e":"1 minute"},"schema":{"@context":"https:\/\/schema.org","@graph":[{"@type":"WebPage","@id":"https:\/\/culture.ixelles.be\/fr\/events\/confidences-de-bach\/","url":"https:\/\/culture.ixelles.be\/fr\/events\/confidences-de-bach\/","name":"Confidences de Bach - Ixelles","isPartOf":{"@id":"https:\/\/culture.ixelles.be\/fr\/#website"},"primaryImageOfPage":{"@id":"https:\/\/culture.ixelles.be\/fr\/events\/confidences-de-bach\/#primaryimage"},"image":{"@id":"https:\/\/culture.ixelles.be\/fr\/events\/confidences-de-bach\/#primaryimage"},"thumbnailUrl":"https:\/\/culture.ixelles.be\/wp-content\/uploads\/2026\/09\/cc63ada9e883c1dd2d8686337e637d1f4370182a.png","datePublished":"2026-09-01T23:07:51+00:00","breadcrumb":{"@id":"https:\/\/culture.ixelles.be\/fr\/events\/confidences-de-bach\/#breadcrumb"},"inLanguage":"fr-FR","potentialAction":[{"@type":"ReadAction","target":["https:\/\/culture.ixelles.be\/fr\/events\/confidences-de-bach\/"]}]},{"@type":"ImageObject","inLanguage":"fr-FR","@id":"https:\/\/culture.ixelles.be\/fr\/events\/confidences-de-bach\/#primaryimage","url":"https:\/\/culture.ixelles.be\/wp-content\/uploads\/2026\/09\/cc63ada9e883c1dd2d8686337e637d1f4370182a.png","contentUrl":"https:\/\/culture.ixelles.be\/wp-content\/uploads\/2026\/09\/cc63ada9e883c1dd2d8686337e637d1f4370182a.png","width":1414,"height":2000},{"@type":"BreadcrumbList","@id":"https:\/\/culture.ixelles.be\/fr\/events\/confidences-de-bach\/#breadcrumb","itemListElement":[{"@type":"ListItem","position":1,"name":"Accueil","item":"https:\/\/culture.ixelles.be\/fr\/"},{"@type":"ListItem","position":2,"name":"Events","item":"https:\/\/culture.ixelles.be\/fr\/events\/"},{"@type":"ListItem","position":3,"name":"Confidences de Bach"}]},{"@type":"WebSite","@id":"https:\/\/culture.ixelles.be\/fr\/#website","url":"https:\/\/culture.ixelles.be\/fr\/","name":"Ixelles","description":"","publisher":{"@id":"https:\/\/culture.ixelles.be\/fr\/#organization"},"potentialAction":[{"@type":"SearchAction","target":{"@type":"EntryPoint","urlTemplate":"https:\/\/culture.ixelles.be\/fr\/?s={search_term_string}"},"query-input":{"@type":"PropertyValueSpecification","valueRequired":true,"valueName":"search_term_string"}}],"inLanguage":"fr-FR"},{"@type":"Organization","@id":"https:\/\/culture.ixelles.be\/fr\/#organization","name":"Service culture Ixelles","url":"https:\/\/culture.ixelles.be\/fr\/","logo":{"@type":"ImageObject","inLanguage":"fr-FR","@id":"https:\/\/culture.ixelles.be\/fr\/#\/schema\/logo\/image\/","url":"https:\/\/culture.ixelles.be\/wp-content\/uploads\/2021\/05\/ixelles_green.svg","contentUrl":"https:\/\/culture.ixelles.be\/wp-content\/uploads\/2021\/05\/ixelles_green.svg","width":1,"height":1,"caption":"Service culture Ixelles"},"image":{"@id":"https:\/\/culture.ixelles.be\/fr\/#\/schema\/logo\/image\/"}}]}},"_links":{"self":[{"href":"https:\/\/culture.ixelles.be\/fr\/wp-json\/wp\/v2\/events\/1989484"}],"collection":[{"href":"https:\/\/culture.ixelles.be\/fr\/wp-json\/wp\/v2\/events"}],"about":[{"href":"https:\/\/culture.ixelles.be\/fr\/wp-json\/wp\/v2\/types\/events"}],"author":[{"embeddable":true,"href":"https:\/\/culture.ixelles.be\/fr\/wp-json\/wp\/v2\/users\/1"}],"replies":[{"embeddable":true,"href":"https:\/\/culture.ixelles.be\/fr\/wp-json\/wp\/v2\/comments?post=1989484"}],"version-history":[{"count":0,"href":"https:\/\/culture.ixelles.be\/fr\/wp-json\/wp\/v2\/events\/1989484\/revisions"}],"wp:featuredmedia":[{"embeddable":true,"href":"https:\/\/culture.ixelles.be\/fr\/wp-json\/wp\/v2\/media\/1989487"}],"wp:attachment":[{"href":"https:\/\/culture.ixelles.be\/fr\/wp-json\/wp\/v2\/media?parent=1989484"}],"curies":[{"name":"wp","href":"https:\/\/api.w.org\/{rel}","templated":true}]}}

<p>Hayoung Choi, est une des les plus fascinantes violoncellistes de sa génération, Premier Prix du Concours Musical International Reine Élisabeth 2022. A l&rsquo;Abbaye de la<br />
Cambre, ce 9 octobre à 20H, elle interprètera les Suites 2, 4, 5 pour violoncelle de J.S. Bach.<br />
Chefs-d&rsquo;œuvre du répertoire pour violoncelle seul : les Suites de Johann Sebastian Bach.<br />
invitent au voyage intérieur à travers toutes les nuances de l&rsquo;âme humaine sous l’archet voluptueux de l’artiste.<br />
De l&rsquo;introspection bouleversante de la Deuxième Suite à la majesté lumineuse de la Quatrième, jusqu&rsquo;à l&rsquo;audace et l&rsquo;originalité saisissantes de la Cinquième, Hayoung Choi promet d&rsquo;offrir une lecture à la fois personnelle, sensible et profondément habitée de ce véritable sommet de la littérature musicale.<br />
Le public belge garde un souvenir intact de son interprétation magistrale du Concerto pour violoncelle de Witold Lutosławski lors du Concours Reine Élisabeth 2022.  Hayoung Choi avait suscité l&rsquo;admiration du jury comme du public, qui lui avait réservé une standing ovation. Par son audace artistique, son extraordinaire maîtrise technique et une sensibilité constamment au service de la musique, la violoncelliste avait imposé une personnalité musicale d&rsquo;une rare intensité.<br />
Au-delà de sa virtuosité, elle captive par son exceptionnel sens du récit musical. Sous son archet, les murmures les plus délicats côtoient des déferlements sonores d&rsquo;une puissance orchestrale, donnant à chaque œuvre une dimension profondément dramatique et émotionnelle.<br />
Le concert sera enrichi par deux intermèdes du chœur Anemos de l&rsquo;IMEP, qui interprétera deux chefs d’oeuvre de la musique sacrée d&rsquo;Anton Bruckner : Locus iste et Christus factus est. Ces pages sublimes illustrent l&rsquo;art unique de Bruckner, dans lesquelles la pureté héritée de la Renaissance rencontre la richesse harmonique du romantisme. </p>

<p>Hayoung Choi, est une des les plus fascinantes violoncellistes de sa génération, Premier Prix du Concours Musical International Reine Élisabeth 2022. A l&rsquo;Abbaye de la Cambre, ce 9 octobre à 20H, elle interprètera les Suites 2, 4, 5 pour violoncelle de J.S. Bach. Chefs-d&rsquo;œuvre du répertoire pour violoncelle seul : les Suites de Johann Sebastian [&hellip;]</p>

<!-- This site is optimized with the Yoast SEO plugin v24.5 - https://yoast.com/wordpress/plugins/seo/ -->
<title>Confidences de Bach - Ixelles</title>
<meta name="robots" content="index, follow, max-snippet:-1, max-image-preview:large, max-video-preview:-1" />
<link rel="canonical" href="https://culture.ixelles.be/fr/events/confidences-de-bach/" />
<meta property="og:locale" content="fr_FR" />
<meta property="og:type" content="article" />
<meta property="og:title" content="Confidences de Bach - Ixelles" />
<meta property="og:url" content="https://culture.ixelles.be/fr/events/confidences-de-bach/" />
<meta property="og:site_name" content="Ixelles" />
<meta name="twitter:card" content="summary_large_image" />
<meta name="twitter:label1" content="Durée de lecture estimée" />
	<meta name="twitter:data1" content="1 minute" />
<script type="application/ld+json" class="yoast-schema-graph">{"@context":"https://schema.org","@graph":[{"@type":"WebPage","@id":"https://culture.ixelles.be/fr/events/confidences-de-bach/","url":"https://culture.ixelles.be/fr/events/confidences-de-bach/","name":"Confidences de Bach - Ixelles","isPartOf":{"@id":"https://culture.ixelles.be/fr/#website"},"primaryImageOfPage":{"@id":"https://culture.ixelles.be/fr/events/confidences-de-bach/#primaryimage"},"image":{"@id":"https://culture.ixelles.be/fr/events/confidences-de-bach/#primaryimage"},"thumbnailUrl":"https://culture.ixelles.be/wp-content/uploads/2026/09/cc63ada9e883c1dd2d8686337e637d1f4370182a.png","datePublished":"2026-09-01T23:07:51+00:00","breadcrumb":{"@id":"https://culture.ixelles.be/fr/events/confidences-de-bach/#breadcrumb"},"inLanguage":"fr-FR","potentialAction":[{"@type":"ReadAction","target":["https://culture.ixelles.be/fr/events/confidences-de-bach/"]}]},{"@type":"ImageObject","inLanguage":"fr-FR","@id":"https://culture.ixelles.be/fr/events/confidences-de-bach/#primaryimage","url":"https://culture.ixelles.be/wp-content/uploads/2026/09/cc63ada9e883c1dd2d8686337e637d1f4370182a.png","contentUrl":"https://culture.ixelles.be/wp-content/uploads/2026/09/cc63ada9e883c1dd2d8686337e637d1f4370182a.png","width":1414,"height":2000},{"@type":"BreadcrumbList","@id":"https://culture.ixelles.be/fr/events/confidences-de-bach/#breadcrumb","itemListElement":[{"@type":"ListItem","position":1,"name":"Accueil","item":"https://culture.ixelles.be/fr/"},{"@type":"ListItem","position":2,"name":"Events","item":"https://culture.ixelles.be/fr/events/"},{"@type":"ListItem","position":3,"name":"Confidences de Bach"}]},{"@type":"WebSite","@id":"https://culture.ixelles.be/fr/#website","url":"https://culture.ixelles.be/fr/","name":"Ixelles","description":"","publisher":{"@id":"https://culture.ixelles.be/fr/#organization"},"potentialAction":[{"@type":"SearchAction","target":{"@type":"EntryPoint","urlTemplate":"https://culture.ixelles.be/fr/?s={search_term_string}"},"query-input":{"@type":"PropertyValueSpecification","valueRequired":true,"valueName":"search_term_string"}}],"inLanguage":"fr-FR"},{"@type":"Organization","@id":"https://culture.ixelles.be/fr/#organization","name":"Service culture Ixelles","url":"https://culture.ixelles.be/fr/","logo":{"@type":"ImageObject","inLanguage":"fr-FR","@id":"https://culture.ixelles.be/fr/#/schema/logo/image/","url":"https://culture.ixelles.be/wp-content/uploads/2021/05/ixelles_green.svg","contentUrl":"https://culture.ixelles.be/wp-content/uploads/2021/05/ixelles_green.svg","width":1,"height":1,"caption":"Service culture Ixelles"},"image":{"@id":"https://culture.ixelles.be/fr/#/schema/logo/image/"}}]}</script>
<!-- / Yoast SEO plugin. -->
