{"id":1989490,"date":"2026-09-01T23:08:05","date_gmt":"2026-09-01T23:08:05","guid":{"rendered":"https:\/\/culture.ixelles.be\/events\/copenhagen\/"},"modified":"2026-09-01T23:08:05","modified_gmt":"2026-09-01T23:08:05","slug":"copenhagen","status":"publish","type":"events","link":"https:\/\/culture.ixelles.be\/fr\/events\/copenhagen\/","title":{"rendered":"Copenhagen"},"content":{"rendered":"<p>Ils \u00e9taient amis avant que le monde ne sombre dans la guerre.<br \/>\nNiels Bohr et Werner Heisenberg ont autrefois travaill\u00e9 en \u00e9troite collaboration pour percer les secrets de l\u2019atome. Puis la guerre les a plac\u00e9s dans des camps oppos\u00e9s. Nous sommes en 1941. Heisenberg se rend \u00e0 Copenhague, sous occupation nazie, pour rencontrer son ancien mentor, Bohr, et sa femme, Margrethe. On ne s\u2019est jamais mis d\u2019accord sur ce qui s\u2019est pass\u00e9 entre eux. Alors que tous trois revivent cette soir\u00e9e fatidique, les souvenirs s\u2019affrontent, les motivations sont remises en question et la certitude s\u2019av\u00e8re insaisissable.<\/p>\n<p>Avec Eva Fontaine (Amandaland, BBC), Peter Hald (The Bridge, SVT\/DR) et Manuel Klein (War Horse, National Theatre), la pi\u00e8ce maintes fois prim\u00e9e de Michael Frayn, Copenhagen, revient sur l\u2019un des plus grands myst\u00e8res de la Seconde Guerre mondiale : pourquoi Heisenberg est-il venu ?<\/p>\n<p>Copenhagen de Michael Frayn<br \/>\nMise en sc\u00e8ne et sc\u00e9nographie : Robert Chevara<br \/>\nDu 15 octobre au 6 novembre 2026, du mardi au dimanche \u00e0 19 h 30, avec une matin\u00e9e le dimanche \u00e0 14 h 30<br \/>\nLa Maison Qui Chant &#8211; Rue du Viaduc 122, Ixelles<br \/>\nLangue : anglais<br \/>\nBillets : 25 \u20ac &#8211; 45 \u20ac<\/p>\n<p>Pour plus d&rsquo;informations et pour acheter des billets : https:\/\/thebridge.brussels\/Copenhagen<\/p>\n","protected":false},"excerpt":{"rendered":"<p>Ils \u00e9taient amis avant que le monde ne sombre dans la guerre. Niels Bohr et Werner Heisenberg ont autrefois travaill\u00e9 en \u00e9troite collaboration pour percer les secrets de l\u2019atome. Puis la guerre les a plac\u00e9s dans des camps oppos\u00e9s. Nous sommes en 1941. Heisenberg se rend \u00e0 Copenhague, sous occupation nazie, pour rencontrer son ancien [&hellip;]<\/p>\n","protected":false},"author":1,"featured_media":1989493,"comment_status":"","ping_status":"closed","template":"","acf":[],"yoast_head":"<!-- This site is optimized with the Yoast SEO plugin v24.5 - https:\/\/yoast.com\/wordpress\/plugins\/seo\/ -->\n<title>Copenhagen - Ixelles<\/title>\n<meta name=\"robots\" content=\"index, follow, max-snippet:-1, max-image-preview:large, max-video-preview:-1\" \/>\n<link rel=\"canonical\" href=\"https:\/\/culture.ixelles.be\/fr\/events\/copenhagen\/\" \/>\n<meta property=\"og:locale\" content=\"fr_FR\" \/>\n<meta property=\"og:type\" content=\"article\" \/>\n<meta property=\"og:title\" content=\"Copenhagen - Ixelles\" \/>\n<meta property=\"og:url\" content=\"https:\/\/culture.ixelles.be\/fr\/events\/copenhagen\/\" \/>\n<meta property=\"og:site_name\" content=\"Ixelles\" \/>\n<meta name=\"twitter:card\" content=\"summary_large_image\" \/>\n<meta name=\"twitter:label1\" content=\"Dur\u00e9e de lecture estim\u00e9e\" \/>\n\t<meta name=\"twitter:data1\" content=\"1 minute\" \/>\n<script type=\"application\/ld+json\" class=\"yoast-schema-graph\">{\"@context\":\"https:\/\/schema.org\",\"@graph\":[{\"@type\":\"WebPage\",\"@id\":\"https:\/\/culture.ixelles.be\/fr\/events\/copenhagen\/\",\"url\":\"https:\/\/culture.ixelles.be\/fr\/events\/copenhagen\/\",\"name\":\"Copenhagen - Ixelles\",\"isPartOf\":{\"@id\":\"https:\/\/culture.ixelles.be\/fr\/#website\"},\"primaryImageOfPage\":{\"@id\":\"https:\/\/culture.ixelles.be\/fr\/events\/copenhagen\/#primaryimage\"},\"image\":{\"@id\":\"https:\/\/culture.ixelles.be\/fr\/events\/copenhagen\/#primaryimage\"},\"thumbnailUrl\":\"https:\/\/culture.ixelles.be\/wp-content\/uploads\/2026\/09\/22a8fbd301843cb272498b5c38881eee9af00317.png\",\"datePublished\":\"2026-09-01T23:08:05+00:00\",\"breadcrumb\":{\"@id\":\"https:\/\/culture.ixelles.be\/fr\/events\/copenhagen\/#breadcrumb\"},\"inLanguage\":\"fr-FR\",\"potentialAction\":[{\"@type\":\"ReadAction\",\"target\":[\"https:\/\/culture.ixelles.be\/fr\/events\/copenhagen\/\"]}]},{\"@type\":\"ImageObject\",\"inLanguage\":\"fr-FR\",\"@id\":\"https:\/\/culture.ixelles.be\/fr\/events\/copenhagen\/#primaryimage\",\"url\":\"https:\/\/culture.ixelles.be\/wp-content\/uploads\/2026\/09\/22a8fbd301843cb272498b5c38881eee9af00317.png\",\"contentUrl\":\"https:\/\/culture.ixelles.be\/wp-content\/uploads\/2026\/09\/22a8fbd301843cb272498b5c38881eee9af00317.png\",\"width\":1080,\"height\":1350},{\"@type\":\"BreadcrumbList\",\"@id\":\"https:\/\/culture.ixelles.be\/fr\/events\/copenhagen\/#breadcrumb\",\"itemListElement\":[{\"@type\":\"ListItem\",\"position\":1,\"name\":\"Accueil\",\"item\":\"https:\/\/culture.ixelles.be\/fr\/\"},{\"@type\":\"ListItem\",\"position\":2,\"name\":\"Events\",\"item\":\"https:\/\/culture.ixelles.be\/fr\/events\/\"},{\"@type\":\"ListItem\",\"position\":3,\"name\":\"Copenhagen\"}]},{\"@type\":\"WebSite\",\"@id\":\"https:\/\/culture.ixelles.be\/fr\/#website\",\"url\":\"https:\/\/culture.ixelles.be\/fr\/\",\"name\":\"Ixelles\",\"description\":\"\",\"publisher\":{\"@id\":\"https:\/\/culture.ixelles.be\/fr\/#organization\"},\"potentialAction\":[{\"@type\":\"SearchAction\",\"target\":{\"@type\":\"EntryPoint\",\"urlTemplate\":\"https:\/\/culture.ixelles.be\/fr\/?s={search_term_string}\"},\"query-input\":{\"@type\":\"PropertyValueSpecification\",\"valueRequired\":true,\"valueName\":\"search_term_string\"}}],\"inLanguage\":\"fr-FR\"},{\"@type\":\"Organization\",\"@id\":\"https:\/\/culture.ixelles.be\/fr\/#organization\",\"name\":\"Service culture Ixelles\",\"url\":\"https:\/\/culture.ixelles.be\/fr\/\",\"logo\":{\"@type\":\"ImageObject\",\"inLanguage\":\"fr-FR\",\"@id\":\"https:\/\/culture.ixelles.be\/fr\/#\/schema\/logo\/image\/\",\"url\":\"https:\/\/culture.ixelles.be\/wp-content\/uploads\/2021\/05\/ixelles_green.svg\",\"contentUrl\":\"https:\/\/culture.ixelles.be\/wp-content\/uploads\/2021\/05\/ixelles_green.svg\",\"width\":1,\"height\":1,\"caption\":\"Service culture Ixelles\"},\"image\":{\"@id\":\"https:\/\/culture.ixelles.be\/fr\/#\/schema\/logo\/image\/\"}}]}<\/script>\n<!-- \/ Yoast SEO plugin. -->","yoast_head_json":{"title":"Copenhagen - Ixelles","robots":{"index":"index","follow":"follow","max-snippet":"max-snippet:-1","max-image-preview":"max-image-preview:large","max-video-preview":"max-video-preview:-1"},"canonical":"https:\/\/culture.ixelles.be\/fr\/events\/copenhagen\/","og_locale":"fr_FR","og_type":"article","og_title":"Copenhagen - Ixelles","og_url":"https:\/\/culture.ixelles.be\/fr\/events\/copenhagen\/","og_site_name":"Ixelles","twitter_card":"summary_large_image","twitter_misc":{"Dur\u00e9e de lecture estim\u00e9e":"1 minute"},"schema":{"@context":"https:\/\/schema.org","@graph":[{"@type":"WebPage","@id":"https:\/\/culture.ixelles.be\/fr\/events\/copenhagen\/","url":"https:\/\/culture.ixelles.be\/fr\/events\/copenhagen\/","name":"Copenhagen - Ixelles","isPartOf":{"@id":"https:\/\/culture.ixelles.be\/fr\/#website"},"primaryImageOfPage":{"@id":"https:\/\/culture.ixelles.be\/fr\/events\/copenhagen\/#primaryimage"},"image":{"@id":"https:\/\/culture.ixelles.be\/fr\/events\/copenhagen\/#primaryimage"},"thumbnailUrl":"https:\/\/culture.ixelles.be\/wp-content\/uploads\/2026\/09\/22a8fbd301843cb272498b5c38881eee9af00317.png","datePublished":"2026-09-01T23:08:05+00:00","breadcrumb":{"@id":"https:\/\/culture.ixelles.be\/fr\/events\/copenhagen\/#breadcrumb"},"inLanguage":"fr-FR","potentialAction":[{"@type":"ReadAction","target":["https:\/\/culture.ixelles.be\/fr\/events\/copenhagen\/"]}]},{"@type":"ImageObject","inLanguage":"fr-FR","@id":"https:\/\/culture.ixelles.be\/fr\/events\/copenhagen\/#primaryimage","url":"https:\/\/culture.ixelles.be\/wp-content\/uploads\/2026\/09\/22a8fbd301843cb272498b5c38881eee9af00317.png","contentUrl":"https:\/\/culture.ixelles.be\/wp-content\/uploads\/2026\/09\/22a8fbd301843cb272498b5c38881eee9af00317.png","width":1080,"height":1350},{"@type":"BreadcrumbList","@id":"https:\/\/culture.ixelles.be\/fr\/events\/copenhagen\/#breadcrumb","itemListElement":[{"@type":"ListItem","position":1,"name":"Accueil","item":"https:\/\/culture.ixelles.be\/fr\/"},{"@type":"ListItem","position":2,"name":"Events","item":"https:\/\/culture.ixelles.be\/fr\/events\/"},{"@type":"ListItem","position":3,"name":"Copenhagen"}]},{"@type":"WebSite","@id":"https:\/\/culture.ixelles.be\/fr\/#website","url":"https:\/\/culture.ixelles.be\/fr\/","name":"Ixelles","description":"","publisher":{"@id":"https:\/\/culture.ixelles.be\/fr\/#organization"},"potentialAction":[{"@type":"SearchAction","target":{"@type":"EntryPoint","urlTemplate":"https:\/\/culture.ixelles.be\/fr\/?s={search_term_string}"},"query-input":{"@type":"PropertyValueSpecification","valueRequired":true,"valueName":"search_term_string"}}],"inLanguage":"fr-FR"},{"@type":"Organization","@id":"https:\/\/culture.ixelles.be\/fr\/#organization","name":"Service culture Ixelles","url":"https:\/\/culture.ixelles.be\/fr\/","logo":{"@type":"ImageObject","inLanguage":"fr-FR","@id":"https:\/\/culture.ixelles.be\/fr\/#\/schema\/logo\/image\/","url":"https:\/\/culture.ixelles.be\/wp-content\/uploads\/2021\/05\/ixelles_green.svg","contentUrl":"https:\/\/culture.ixelles.be\/wp-content\/uploads\/2021\/05\/ixelles_green.svg","width":1,"height":1,"caption":"Service culture Ixelles"},"image":{"@id":"https:\/\/culture.ixelles.be\/fr\/#\/schema\/logo\/image\/"}}]}},"_links":{"self":[{"href":"https:\/\/culture.ixelles.be\/fr\/wp-json\/wp\/v2\/events\/1989490"}],"collection":[{"href":"https:\/\/culture.ixelles.be\/fr\/wp-json\/wp\/v2\/events"}],"about":[{"href":"https:\/\/culture.ixelles.be\/fr\/wp-json\/wp\/v2\/types\/events"}],"author":[{"embeddable":true,"href":"https:\/\/culture.ixelles.be\/fr\/wp-json\/wp\/v2\/users\/1"}],"replies":[{"embeddable":true,"href":"https:\/\/culture.ixelles.be\/fr\/wp-json\/wp\/v2\/comments?post=1989490"}],"version-history":[{"count":0,"href":"https:\/\/culture.ixelles.be\/fr\/wp-json\/wp\/v2\/events\/1989490\/revisions"}],"wp:featuredmedia":[{"embeddable":true,"href":"https:\/\/culture.ixelles.be\/fr\/wp-json\/wp\/v2\/media\/1989493"}],"wp:attachment":[{"href":"https:\/\/culture.ixelles.be\/fr\/wp-json\/wp\/v2\/media?parent=1989490"}],"curies":[{"name":"wp","href":"https:\/\/api.w.org\/{rel}","templated":true}]}}

<p>Ils étaient amis avant que le monde ne sombre dans la guerre.<br />
Niels Bohr et Werner Heisenberg ont autrefois travaillé en étroite collaboration pour percer les secrets de l’atome. Puis la guerre les a placés dans des camps opposés. Nous sommes en 1941. Heisenberg se rend à Copenhague, sous occupation nazie, pour rencontrer son ancien mentor, Bohr, et sa femme, Margrethe. On ne s’est jamais mis d’accord sur ce qui s’est passé entre eux. Alors que tous trois revivent cette soirée fatidique, les souvenirs s’affrontent, les motivations sont remises en question et la certitude s’avère insaisissable.</p>
<p>Avec Eva Fontaine (Amandaland, BBC), Peter Hald (The Bridge, SVT/DR) et Manuel Klein (War Horse, National Theatre), la pièce maintes fois primée de Michael Frayn, Copenhagen, revient sur l’un des plus grands mystères de la Seconde Guerre mondiale : pourquoi Heisenberg est-il venu ?</p>
<p>Copenhagen de Michael Frayn<br />
Mise en scène et scénographie : Robert Chevara<br />
Du 15 octobre au 6 novembre 2026, du mardi au dimanche à 19 h 30, avec une matinée le dimanche à 14 h 30<br />
La Maison Qui Chant &#8211; Rue du Viaduc 122, Ixelles<br />
Langue : anglais<br />
Billets : 25 € &#8211; 45 €</p>
<p>Pour plus d&rsquo;informations et pour acheter des billets : https://thebridge.brussels/Copenhagen</p>

<p>Ils étaient amis avant que le monde ne sombre dans la guerre. Niels Bohr et Werner Heisenberg ont autrefois travaillé en étroite collaboration pour percer les secrets de l’atome. Puis la guerre les a placés dans des camps opposés. Nous sommes en 1941. Heisenberg se rend à Copenhague, sous occupation nazie, pour rencontrer son ancien [&hellip;]</p>

<!-- This site is optimized with the Yoast SEO plugin v24.5 - https://yoast.com/wordpress/plugins/seo/ -->
<title>Copenhagen - Ixelles</title>
<meta name="robots" content="index, follow, max-snippet:-1, max-image-preview:large, max-video-preview:-1" />
<link rel="canonical" href="https://culture.ixelles.be/fr/events/copenhagen/" />
<meta property="og:locale" content="fr_FR" />
<meta property="og:type" content="article" />
<meta property="og:title" content="Copenhagen - Ixelles" />
<meta property="og:url" content="https://culture.ixelles.be/fr/events/copenhagen/" />
<meta property="og:site_name" content="Ixelles" />
<meta name="twitter:card" content="summary_large_image" />
<meta name="twitter:label1" content="Durée de lecture estimée" />
	<meta name="twitter:data1" content="1 minute" />
<script type="application/ld+json" class="yoast-schema-graph">{"@context":"https://schema.org","@graph":[{"@type":"WebPage","@id":"https://culture.ixelles.be/fr/events/copenhagen/","url":"https://culture.ixelles.be/fr/events/copenhagen/","name":"Copenhagen - Ixelles","isPartOf":{"@id":"https://culture.ixelles.be/fr/#website"},"primaryImageOfPage":{"@id":"https://culture.ixelles.be/fr/events/copenhagen/#primaryimage"},"image":{"@id":"https://culture.ixelles.be/fr/events/copenhagen/#primaryimage"},"thumbnailUrl":"https://culture.ixelles.be/wp-content/uploads/2026/09/22a8fbd301843cb272498b5c38881eee9af00317.png","datePublished":"2026-09-01T23:08:05+00:00","breadcrumb":{"@id":"https://culture.ixelles.be/fr/events/copenhagen/#breadcrumb"},"inLanguage":"fr-FR","potentialAction":[{"@type":"ReadAction","target":["https://culture.ixelles.be/fr/events/copenhagen/"]}]},{"@type":"ImageObject","inLanguage":"fr-FR","@id":"https://culture.ixelles.be/fr/events/copenhagen/#primaryimage","url":"https://culture.ixelles.be/wp-content/uploads/2026/09/22a8fbd301843cb272498b5c38881eee9af00317.png","contentUrl":"https://culture.ixelles.be/wp-content/uploads/2026/09/22a8fbd301843cb272498b5c38881eee9af00317.png","width":1080,"height":1350},{"@type":"BreadcrumbList","@id":"https://culture.ixelles.be/fr/events/copenhagen/#breadcrumb","itemListElement":[{"@type":"ListItem","position":1,"name":"Accueil","item":"https://culture.ixelles.be/fr/"},{"@type":"ListItem","position":2,"name":"Events","item":"https://culture.ixelles.be/fr/events/"},{"@type":"ListItem","position":3,"name":"Copenhagen"}]},{"@type":"WebSite","@id":"https://culture.ixelles.be/fr/#website","url":"https://culture.ixelles.be/fr/","name":"Ixelles","description":"","publisher":{"@id":"https://culture.ixelles.be/fr/#organization"},"potentialAction":[{"@type":"SearchAction","target":{"@type":"EntryPoint","urlTemplate":"https://culture.ixelles.be/fr/?s={search_term_string}"},"query-input":{"@type":"PropertyValueSpecification","valueRequired":true,"valueName":"search_term_string"}}],"inLanguage":"fr-FR"},{"@type":"Organization","@id":"https://culture.ixelles.be/fr/#organization","name":"Service culture Ixelles","url":"https://culture.ixelles.be/fr/","logo":{"@type":"ImageObject","inLanguage":"fr-FR","@id":"https://culture.ixelles.be/fr/#/schema/logo/image/","url":"https://culture.ixelles.be/wp-content/uploads/2021/05/ixelles_green.svg","contentUrl":"https://culture.ixelles.be/wp-content/uploads/2021/05/ixelles_green.svg","width":1,"height":1,"caption":"Service culture Ixelles"},"image":{"@id":"https://culture.ixelles.be/fr/#/schema/logo/image/"}}]}</script>
<!-- / Yoast SEO plugin. -->
