{"id":1990689,"date":"2026-09-03T23:04:15","date_gmt":"2026-09-03T23:04:15","guid":{"rendered":"https:\/\/culture.ixelles.be\/events\/open-deck-by-steiner-pianopiano\/"},"modified":"2026-09-03T23:04:15","modified_gmt":"2026-09-03T23:04:15","slug":"open-deck-by-steiner-pianopiano","status":"publish","type":"events","link":"https:\/\/culture.ixelles.be\/fr\/events\/open-deck-by-steiner-pianopiano\/","title":{"rendered":"Open deck by Steiner &amp; PianoPiano"},"content":{"rendered":"<p>Venez c\u00e9l\u00e9brer la musique \u00e9lectronique sous le signe du care, de l&rsquo;inclusivit\u00e9 et de la f\u00eate ! Fond\u00e9 par Steiner et PIANOPIANO, le projet Muted No More est n\u00e9 avec l&rsquo;envie forte de rendre les platines accessibles aux personnes FINTA et racis\u00e9es \u00e0 travers des espaces d&rsquo;apprentissage et de partage bienveillants.<\/p>\n<p>Pour ce samedi festif, le duo investit les lieux avec une formule en deux temps qui promet un grand shoot d&rsquo;\u00e9nergie positive. D\u00e8s 17h30, l&rsquo;Open Deck invite les participant\u00b7es \u00e0 monter le son, tester leurs tracks et faire vibrer le public sans pression de performance. D\u00e8s 20h30, Steiner b2b PIANOPIANO prennent les commandes pour un set partag\u00e9, vibrant et f\u00e9d\u00e9rateur jusqu&rsquo;\u00e0 22h00. Un rendez-vous chaleureux, ouvert \u00e0 tous et toutes, pour savourer un verre au coucher du soleil au rythme de s\u00e9lections percutantes. Entr\u00e9e libre et sourires assur\u00e9s !<\/p>\n","protected":false},"excerpt":{"rendered":"<p>Venez c\u00e9l\u00e9brer la musique \u00e9lectronique sous le signe du care, de l&rsquo;inclusivit\u00e9 et de la f\u00eate ! Fond\u00e9 par Steiner et PIANOPIANO, le projet Muted No More est n\u00e9 avec l&rsquo;envie forte de rendre les platines accessibles aux personnes FINTA et racis\u00e9es \u00e0 travers des espaces d&rsquo;apprentissage et de partage bienveillants. Pour ce samedi festif, [&hellip;]<\/p>\n","protected":false},"author":1,"featured_media":1990692,"comment_status":"","ping_status":"closed","template":"","acf":[],"yoast_head":"<!-- This site is optimized with the Yoast SEO plugin v24.5 - https:\/\/yoast.com\/wordpress\/plugins\/seo\/ -->\n<title>Open deck by Steiner &amp; PianoPiano - Ixelles<\/title>\n<meta name=\"robots\" content=\"index, follow, max-snippet:-1, max-image-preview:large, max-video-preview:-1\" \/>\n<link rel=\"canonical\" href=\"https:\/\/culture.ixelles.be\/fr\/events\/open-deck-by-steiner-pianopiano\/\" \/>\n<meta property=\"og:locale\" content=\"fr_FR\" \/>\n<meta property=\"og:type\" content=\"article\" \/>\n<meta property=\"og:title\" content=\"Open deck by Steiner &amp; PianoPiano - Ixelles\" \/>\n<meta property=\"og:url\" content=\"https:\/\/culture.ixelles.be\/fr\/events\/open-deck-by-steiner-pianopiano\/\" \/>\n<meta property=\"og:site_name\" content=\"Ixelles\" \/>\n<meta name=\"twitter:card\" content=\"summary_large_image\" \/>\n<meta name=\"twitter:label1\" content=\"Dur\u00e9e de lecture estim\u00e9e\" \/>\n\t<meta name=\"twitter:data1\" content=\"1 minute\" \/>\n<script type=\"application\/ld+json\" class=\"yoast-schema-graph\">{\"@context\":\"https:\/\/schema.org\",\"@graph\":[{\"@type\":\"WebPage\",\"@id\":\"https:\/\/culture.ixelles.be\/fr\/events\/open-deck-by-steiner-pianopiano\/\",\"url\":\"https:\/\/culture.ixelles.be\/fr\/events\/open-deck-by-steiner-pianopiano\/\",\"name\":\"Open deck by Steiner &amp; PianoPiano - Ixelles\",\"isPartOf\":{\"@id\":\"https:\/\/culture.ixelles.be\/fr\/#website\"},\"primaryImageOfPage\":{\"@id\":\"https:\/\/culture.ixelles.be\/fr\/events\/open-deck-by-steiner-pianopiano\/#primaryimage\"},\"image\":{\"@id\":\"https:\/\/culture.ixelles.be\/fr\/events\/open-deck-by-steiner-pianopiano\/#primaryimage\"},\"thumbnailUrl\":\"https:\/\/culture.ixelles.be\/wp-content\/uploads\/2026\/09\/9da568b4e6bafa2a7cc9ab5cfeaf0f3a9ef03816.png\",\"datePublished\":\"2026-09-03T23:04:15+00:00\",\"breadcrumb\":{\"@id\":\"https:\/\/culture.ixelles.be\/fr\/events\/open-deck-by-steiner-pianopiano\/#breadcrumb\"},\"inLanguage\":\"fr-FR\",\"potentialAction\":[{\"@type\":\"ReadAction\",\"target\":[\"https:\/\/culture.ixelles.be\/fr\/events\/open-deck-by-steiner-pianopiano\/\"]}]},{\"@type\":\"ImageObject\",\"inLanguage\":\"fr-FR\",\"@id\":\"https:\/\/culture.ixelles.be\/fr\/events\/open-deck-by-steiner-pianopiano\/#primaryimage\",\"url\":\"https:\/\/culture.ixelles.be\/wp-content\/uploads\/2026\/09\/9da568b4e6bafa2a7cc9ab5cfeaf0f3a9ef03816.png\",\"contentUrl\":\"https:\/\/culture.ixelles.be\/wp-content\/uploads\/2026\/09\/9da568b4e6bafa2a7cc9ab5cfeaf0f3a9ef03816.png\",\"width\":2340,\"height\":866},{\"@type\":\"BreadcrumbList\",\"@id\":\"https:\/\/culture.ixelles.be\/fr\/events\/open-deck-by-steiner-pianopiano\/#breadcrumb\",\"itemListElement\":[{\"@type\":\"ListItem\",\"position\":1,\"name\":\"Accueil\",\"item\":\"https:\/\/culture.ixelles.be\/fr\/\"},{\"@type\":\"ListItem\",\"position\":2,\"name\":\"Events\",\"item\":\"https:\/\/culture.ixelles.be\/fr\/events\/\"},{\"@type\":\"ListItem\",\"position\":3,\"name\":\"Open deck by Steiner &amp; PianoPiano\"}]},{\"@type\":\"WebSite\",\"@id\":\"https:\/\/culture.ixelles.be\/fr\/#website\",\"url\":\"https:\/\/culture.ixelles.be\/fr\/\",\"name\":\"Ixelles\",\"description\":\"\",\"publisher\":{\"@id\":\"https:\/\/culture.ixelles.be\/fr\/#organization\"},\"potentialAction\":[{\"@type\":\"SearchAction\",\"target\":{\"@type\":\"EntryPoint\",\"urlTemplate\":\"https:\/\/culture.ixelles.be\/fr\/?s={search_term_string}\"},\"query-input\":{\"@type\":\"PropertyValueSpecification\",\"valueRequired\":true,\"valueName\":\"search_term_string\"}}],\"inLanguage\":\"fr-FR\"},{\"@type\":\"Organization\",\"@id\":\"https:\/\/culture.ixelles.be\/fr\/#organization\",\"name\":\"Service culture Ixelles\",\"url\":\"https:\/\/culture.ixelles.be\/fr\/\",\"logo\":{\"@type\":\"ImageObject\",\"inLanguage\":\"fr-FR\",\"@id\":\"https:\/\/culture.ixelles.be\/fr\/#\/schema\/logo\/image\/\",\"url\":\"https:\/\/culture.ixelles.be\/wp-content\/uploads\/2021\/05\/ixelles_green.svg\",\"contentUrl\":\"https:\/\/culture.ixelles.be\/wp-content\/uploads\/2021\/05\/ixelles_green.svg\",\"width\":1,\"height\":1,\"caption\":\"Service culture Ixelles\"},\"image\":{\"@id\":\"https:\/\/culture.ixelles.be\/fr\/#\/schema\/logo\/image\/\"}}]}<\/script>\n<!-- \/ Yoast SEO plugin. -->","yoast_head_json":{"title":"Open deck by Steiner &amp; PianoPiano - Ixelles","robots":{"index":"index","follow":"follow","max-snippet":"max-snippet:-1","max-image-preview":"max-image-preview:large","max-video-preview":"max-video-preview:-1"},"canonical":"https:\/\/culture.ixelles.be\/fr\/events\/open-deck-by-steiner-pianopiano\/","og_locale":"fr_FR","og_type":"article","og_title":"Open deck by Steiner &amp; PianoPiano - Ixelles","og_url":"https:\/\/culture.ixelles.be\/fr\/events\/open-deck-by-steiner-pianopiano\/","og_site_name":"Ixelles","twitter_card":"summary_large_image","twitter_misc":{"Dur\u00e9e de lecture estim\u00e9e":"1 minute"},"schema":{"@context":"https:\/\/schema.org","@graph":[{"@type":"WebPage","@id":"https:\/\/culture.ixelles.be\/fr\/events\/open-deck-by-steiner-pianopiano\/","url":"https:\/\/culture.ixelles.be\/fr\/events\/open-deck-by-steiner-pianopiano\/","name":"Open deck by Steiner &amp; PianoPiano - Ixelles","isPartOf":{"@id":"https:\/\/culture.ixelles.be\/fr\/#website"},"primaryImageOfPage":{"@id":"https:\/\/culture.ixelles.be\/fr\/events\/open-deck-by-steiner-pianopiano\/#primaryimage"},"image":{"@id":"https:\/\/culture.ixelles.be\/fr\/events\/open-deck-by-steiner-pianopiano\/#primaryimage"},"thumbnailUrl":"https:\/\/culture.ixelles.be\/wp-content\/uploads\/2026\/09\/9da568b4e6bafa2a7cc9ab5cfeaf0f3a9ef03816.png","datePublished":"2026-09-03T23:04:15+00:00","breadcrumb":{"@id":"https:\/\/culture.ixelles.be\/fr\/events\/open-deck-by-steiner-pianopiano\/#breadcrumb"},"inLanguage":"fr-FR","potentialAction":[{"@type":"ReadAction","target":["https:\/\/culture.ixelles.be\/fr\/events\/open-deck-by-steiner-pianopiano\/"]}]},{"@type":"ImageObject","inLanguage":"fr-FR","@id":"https:\/\/culture.ixelles.be\/fr\/events\/open-deck-by-steiner-pianopiano\/#primaryimage","url":"https:\/\/culture.ixelles.be\/wp-content\/uploads\/2026\/09\/9da568b4e6bafa2a7cc9ab5cfeaf0f3a9ef03816.png","contentUrl":"https:\/\/culture.ixelles.be\/wp-content\/uploads\/2026\/09\/9da568b4e6bafa2a7cc9ab5cfeaf0f3a9ef03816.png","width":2340,"height":866},{"@type":"BreadcrumbList","@id":"https:\/\/culture.ixelles.be\/fr\/events\/open-deck-by-steiner-pianopiano\/#breadcrumb","itemListElement":[{"@type":"ListItem","position":1,"name":"Accueil","item":"https:\/\/culture.ixelles.be\/fr\/"},{"@type":"ListItem","position":2,"name":"Events","item":"https:\/\/culture.ixelles.be\/fr\/events\/"},{"@type":"ListItem","position":3,"name":"Open deck by Steiner &amp; PianoPiano"}]},{"@type":"WebSite","@id":"https:\/\/culture.ixelles.be\/fr\/#website","url":"https:\/\/culture.ixelles.be\/fr\/","name":"Ixelles","description":"","publisher":{"@id":"https:\/\/culture.ixelles.be\/fr\/#organization"},"potentialAction":[{"@type":"SearchAction","target":{"@type":"EntryPoint","urlTemplate":"https:\/\/culture.ixelles.be\/fr\/?s={search_term_string}"},"query-input":{"@type":"PropertyValueSpecification","valueRequired":true,"valueName":"search_term_string"}}],"inLanguage":"fr-FR"},{"@type":"Organization","@id":"https:\/\/culture.ixelles.be\/fr\/#organization","name":"Service culture Ixelles","url":"https:\/\/culture.ixelles.be\/fr\/","logo":{"@type":"ImageObject","inLanguage":"fr-FR","@id":"https:\/\/culture.ixelles.be\/fr\/#\/schema\/logo\/image\/","url":"https:\/\/culture.ixelles.be\/wp-content\/uploads\/2021\/05\/ixelles_green.svg","contentUrl":"https:\/\/culture.ixelles.be\/wp-content\/uploads\/2021\/05\/ixelles_green.svg","width":1,"height":1,"caption":"Service culture Ixelles"},"image":{"@id":"https:\/\/culture.ixelles.be\/fr\/#\/schema\/logo\/image\/"}}]}},"_links":{"self":[{"href":"https:\/\/culture.ixelles.be\/fr\/wp-json\/wp\/v2\/events\/1990689"}],"collection":[{"href":"https:\/\/culture.ixelles.be\/fr\/wp-json\/wp\/v2\/events"}],"about":[{"href":"https:\/\/culture.ixelles.be\/fr\/wp-json\/wp\/v2\/types\/events"}],"author":[{"embeddable":true,"href":"https:\/\/culture.ixelles.be\/fr\/wp-json\/wp\/v2\/users\/1"}],"replies":[{"embeddable":true,"href":"https:\/\/culture.ixelles.be\/fr\/wp-json\/wp\/v2\/comments?post=1990689"}],"version-history":[{"count":0,"href":"https:\/\/culture.ixelles.be\/fr\/wp-json\/wp\/v2\/events\/1990689\/revisions"}],"wp:featuredmedia":[{"embeddable":true,"href":"https:\/\/culture.ixelles.be\/fr\/wp-json\/wp\/v2\/media\/1990692"}],"wp:attachment":[{"href":"https:\/\/culture.ixelles.be\/fr\/wp-json\/wp\/v2\/media?parent=1990689"}],"curies":[{"name":"wp","href":"https:\/\/api.w.org\/{rel}","templated":true}]}}

<p>Venez célébrer la musique électronique sous le signe du care, de l&rsquo;inclusivité et de la fête ! Fondé par Steiner et PIANOPIANO, le projet Muted No More est né avec l&rsquo;envie forte de rendre les platines accessibles aux personnes FINTA et racisées à travers des espaces d&rsquo;apprentissage et de partage bienveillants.</p>
<p>Pour ce samedi festif, le duo investit les lieux avec une formule en deux temps qui promet un grand shoot d&rsquo;énergie positive. Dès 17h30, l&rsquo;Open Deck invite les participant·es à monter le son, tester leurs tracks et faire vibrer le public sans pression de performance. Dès 20h30, Steiner b2b PIANOPIANO prennent les commandes pour un set partagé, vibrant et fédérateur jusqu&rsquo;à 22h00. Un rendez-vous chaleureux, ouvert à tous et toutes, pour savourer un verre au coucher du soleil au rythme de sélections percutantes. Entrée libre et sourires assurés !</p>

<p>Venez célébrer la musique électronique sous le signe du care, de l&rsquo;inclusivité et de la fête ! Fondé par Steiner et PIANOPIANO, le projet Muted No More est né avec l&rsquo;envie forte de rendre les platines accessibles aux personnes FINTA et racisées à travers des espaces d&rsquo;apprentissage et de partage bienveillants. Pour ce samedi festif, [&hellip;]</p>

<!-- This site is optimized with the Yoast SEO plugin v24.5 - https://yoast.com/wordpress/plugins/seo/ -->
<title>Open deck by Steiner &amp; PianoPiano - Ixelles</title>
<meta name="robots" content="index, follow, max-snippet:-1, max-image-preview:large, max-video-preview:-1" />
<link rel="canonical" href="https://culture.ixelles.be/fr/events/open-deck-by-steiner-pianopiano/" />
<meta property="og:locale" content="fr_FR" />
<meta property="og:type" content="article" />
<meta property="og:title" content="Open deck by Steiner &amp; PianoPiano - Ixelles" />
<meta property="og:url" content="https://culture.ixelles.be/fr/events/open-deck-by-steiner-pianopiano/" />
<meta property="og:site_name" content="Ixelles" />
<meta name="twitter:card" content="summary_large_image" />
<meta name="twitter:label1" content="Durée de lecture estimée" />
	<meta name="twitter:data1" content="1 minute" />
<script type="application/ld+json" class="yoast-schema-graph">{"@context":"https://schema.org","@graph":[{"@type":"WebPage","@id":"https://culture.ixelles.be/fr/events/open-deck-by-steiner-pianopiano/","url":"https://culture.ixelles.be/fr/events/open-deck-by-steiner-pianopiano/","name":"Open deck by Steiner &amp; PianoPiano - Ixelles","isPartOf":{"@id":"https://culture.ixelles.be/fr/#website"},"primaryImageOfPage":{"@id":"https://culture.ixelles.be/fr/events/open-deck-by-steiner-pianopiano/#primaryimage"},"image":{"@id":"https://culture.ixelles.be/fr/events/open-deck-by-steiner-pianopiano/#primaryimage"},"thumbnailUrl":"https://culture.ixelles.be/wp-content/uploads/2026/09/9da568b4e6bafa2a7cc9ab5cfeaf0f3a9ef03816.png","datePublished":"2026-09-03T23:04:15+00:00","breadcrumb":{"@id":"https://culture.ixelles.be/fr/events/open-deck-by-steiner-pianopiano/#breadcrumb"},"inLanguage":"fr-FR","potentialAction":[{"@type":"ReadAction","target":["https://culture.ixelles.be/fr/events/open-deck-by-steiner-pianopiano/"]}]},{"@type":"ImageObject","inLanguage":"fr-FR","@id":"https://culture.ixelles.be/fr/events/open-deck-by-steiner-pianopiano/#primaryimage","url":"https://culture.ixelles.be/wp-content/uploads/2026/09/9da568b4e6bafa2a7cc9ab5cfeaf0f3a9ef03816.png","contentUrl":"https://culture.ixelles.be/wp-content/uploads/2026/09/9da568b4e6bafa2a7cc9ab5cfeaf0f3a9ef03816.png","width":2340,"height":866},{"@type":"BreadcrumbList","@id":"https://culture.ixelles.be/fr/events/open-deck-by-steiner-pianopiano/#breadcrumb","itemListElement":[{"@type":"ListItem","position":1,"name":"Accueil","item":"https://culture.ixelles.be/fr/"},{"@type":"ListItem","position":2,"name":"Events","item":"https://culture.ixelles.be/fr/events/"},{"@type":"ListItem","position":3,"name":"Open deck by Steiner &amp; PianoPiano"}]},{"@type":"WebSite","@id":"https://culture.ixelles.be/fr/#website","url":"https://culture.ixelles.be/fr/","name":"Ixelles","description":"","publisher":{"@id":"https://culture.ixelles.be/fr/#organization"},"potentialAction":[{"@type":"SearchAction","target":{"@type":"EntryPoint","urlTemplate":"https://culture.ixelles.be/fr/?s={search_term_string}"},"query-input":{"@type":"PropertyValueSpecification","valueRequired":true,"valueName":"search_term_string"}}],"inLanguage":"fr-FR"},{"@type":"Organization","@id":"https://culture.ixelles.be/fr/#organization","name":"Service culture Ixelles","url":"https://culture.ixelles.be/fr/","logo":{"@type":"ImageObject","inLanguage":"fr-FR","@id":"https://culture.ixelles.be/fr/#/schema/logo/image/","url":"https://culture.ixelles.be/wp-content/uploads/2021/05/ixelles_green.svg","contentUrl":"https://culture.ixelles.be/wp-content/uploads/2021/05/ixelles_green.svg","width":1,"height":1,"caption":"Service culture Ixelles"},"image":{"@id":"https://culture.ixelles.be/fr/#/schema/logo/image/"}}]}</script>
<!-- / Yoast SEO plugin. -->
