{"id":1990710,"date":"2026-09-03T23:04:43","date_gmt":"2026-09-03T23:04:43","guid":{"rendered":"https:\/\/culture.ixelles.be\/events\/atelier-origami\/"},"modified":"2026-09-03T23:04:43","modified_gmt":"2026-09-03T23:04:43","slug":"atelier-origami","status":"publish","type":"events","link":"https:\/\/culture.ixelles.be\/fr\/events\/atelier-origami\/","title":{"rendered":"Atelier Origami"},"content":{"rendered":"<p>Faites une pause dans votre semaine et laissez parler votre cr\u00e9ativit\u00e9 ! Cet atelier d&rsquo;origami vous invite \u00e0 d\u00e9couvrir la magie du pliage japonais dans une atmosph\u00e8re r\u00e9solument conviviale et bienveillante.<\/p>\n<p>Accessible \u00e0 toustes, que vous soyez grand\u00b7e d\u00e9butant\u00b7e ou amateur\u00b7rice de travaux manuels, l&rsquo;atelier est anim\u00e9 par Julie, experte reconnue en grenouilles sauteuses et en dragons sauvages (tout en papier, rassurez-vous !). Sous ses conseils avis\u00e9s et dans la bonne humeur, transformez de simples feuilles de papier en petites \u0153uvres d&rsquo;art uniques avec lesquelles vous pourrez fi\u00e8rement repartir. Une activit\u00e9 id\u00e9ale \u00e0 partager entre ami\u00b7es, en famille ou en solo pour se d\u00e9tendre, siroter un verre et repartir avec le sourire. Entr\u00e9e libre !<\/p>\n","protected":false},"excerpt":{"rendered":"<p>Faites une pause dans votre semaine et laissez parler votre cr\u00e9ativit\u00e9 ! Cet atelier d&rsquo;origami vous invite \u00e0 d\u00e9couvrir la magie du pliage japonais dans une atmosph\u00e8re r\u00e9solument conviviale et bienveillante. Accessible \u00e0 toustes, que vous soyez grand\u00b7e d\u00e9butant\u00b7e ou amateur\u00b7rice de travaux manuels, l&rsquo;atelier est anim\u00e9 par Julie, experte reconnue en grenouilles sauteuses et [&hellip;]<\/p>\n","protected":false},"author":1,"featured_media":1990713,"comment_status":"","ping_status":"closed","template":"","acf":[],"yoast_head":"<!-- This site is optimized with the Yoast SEO plugin v24.5 - https:\/\/yoast.com\/wordpress\/plugins\/seo\/ -->\n<title>Atelier Origami - Ixelles<\/title>\n<meta name=\"robots\" content=\"index, follow, max-snippet:-1, max-image-preview:large, max-video-preview:-1\" \/>\n<link rel=\"canonical\" href=\"https:\/\/culture.ixelles.be\/fr\/events\/atelier-origami\/\" \/>\n<meta property=\"og:locale\" content=\"fr_FR\" \/>\n<meta property=\"og:type\" content=\"article\" \/>\n<meta property=\"og:title\" content=\"Atelier Origami - Ixelles\" \/>\n<meta property=\"og:url\" content=\"https:\/\/culture.ixelles.be\/fr\/events\/atelier-origami\/\" \/>\n<meta property=\"og:site_name\" content=\"Ixelles\" \/>\n<meta name=\"twitter:card\" content=\"summary_large_image\" \/>\n<meta name=\"twitter:label1\" content=\"Dur\u00e9e de lecture estim\u00e9e\" \/>\n\t<meta name=\"twitter:data1\" content=\"1 minute\" \/>\n<script type=\"application\/ld+json\" class=\"yoast-schema-graph\">{\"@context\":\"https:\/\/schema.org\",\"@graph\":[{\"@type\":\"WebPage\",\"@id\":\"https:\/\/culture.ixelles.be\/fr\/events\/atelier-origami\/\",\"url\":\"https:\/\/culture.ixelles.be\/fr\/events\/atelier-origami\/\",\"name\":\"Atelier Origami - Ixelles\",\"isPartOf\":{\"@id\":\"https:\/\/culture.ixelles.be\/fr\/#website\"},\"primaryImageOfPage\":{\"@id\":\"https:\/\/culture.ixelles.be\/fr\/events\/atelier-origami\/#primaryimage\"},\"image\":{\"@id\":\"https:\/\/culture.ixelles.be\/fr\/events\/atelier-origami\/#primaryimage\"},\"thumbnailUrl\":\"https:\/\/culture.ixelles.be\/wp-content\/uploads\/2026\/09\/7b7bdd41400a361f3afe298ad07fefc3930f698d.png\",\"datePublished\":\"2026-09-03T23:04:43+00:00\",\"breadcrumb\":{\"@id\":\"https:\/\/culture.ixelles.be\/fr\/events\/atelier-origami\/#breadcrumb\"},\"inLanguage\":\"fr-FR\",\"potentialAction\":[{\"@type\":\"ReadAction\",\"target\":[\"https:\/\/culture.ixelles.be\/fr\/events\/atelier-origami\/\"]}]},{\"@type\":\"ImageObject\",\"inLanguage\":\"fr-FR\",\"@id\":\"https:\/\/culture.ixelles.be\/fr\/events\/atelier-origami\/#primaryimage\",\"url\":\"https:\/\/culture.ixelles.be\/wp-content\/uploads\/2026\/09\/7b7bdd41400a361f3afe298ad07fefc3930f698d.png\",\"contentUrl\":\"https:\/\/culture.ixelles.be\/wp-content\/uploads\/2026\/09\/7b7bdd41400a361f3afe298ad07fefc3930f698d.png\",\"width\":2340,\"height\":866},{\"@type\":\"BreadcrumbList\",\"@id\":\"https:\/\/culture.ixelles.be\/fr\/events\/atelier-origami\/#breadcrumb\",\"itemListElement\":[{\"@type\":\"ListItem\",\"position\":1,\"name\":\"Accueil\",\"item\":\"https:\/\/culture.ixelles.be\/fr\/\"},{\"@type\":\"ListItem\",\"position\":2,\"name\":\"Events\",\"item\":\"https:\/\/culture.ixelles.be\/fr\/events\/\"},{\"@type\":\"ListItem\",\"position\":3,\"name\":\"Atelier Origami\"}]},{\"@type\":\"WebSite\",\"@id\":\"https:\/\/culture.ixelles.be\/fr\/#website\",\"url\":\"https:\/\/culture.ixelles.be\/fr\/\",\"name\":\"Ixelles\",\"description\":\"\",\"publisher\":{\"@id\":\"https:\/\/culture.ixelles.be\/fr\/#organization\"},\"potentialAction\":[{\"@type\":\"SearchAction\",\"target\":{\"@type\":\"EntryPoint\",\"urlTemplate\":\"https:\/\/culture.ixelles.be\/fr\/?s={search_term_string}\"},\"query-input\":{\"@type\":\"PropertyValueSpecification\",\"valueRequired\":true,\"valueName\":\"search_term_string\"}}],\"inLanguage\":\"fr-FR\"},{\"@type\":\"Organization\",\"@id\":\"https:\/\/culture.ixelles.be\/fr\/#organization\",\"name\":\"Service culture Ixelles\",\"url\":\"https:\/\/culture.ixelles.be\/fr\/\",\"logo\":{\"@type\":\"ImageObject\",\"inLanguage\":\"fr-FR\",\"@id\":\"https:\/\/culture.ixelles.be\/fr\/#\/schema\/logo\/image\/\",\"url\":\"https:\/\/culture.ixelles.be\/wp-content\/uploads\/2021\/05\/ixelles_green.svg\",\"contentUrl\":\"https:\/\/culture.ixelles.be\/wp-content\/uploads\/2021\/05\/ixelles_green.svg\",\"width\":1,\"height\":1,\"caption\":\"Service culture Ixelles\"},\"image\":{\"@id\":\"https:\/\/culture.ixelles.be\/fr\/#\/schema\/logo\/image\/\"}}]}<\/script>\n<!-- \/ Yoast SEO plugin. -->","yoast_head_json":{"title":"Atelier Origami - Ixelles","robots":{"index":"index","follow":"follow","max-snippet":"max-snippet:-1","max-image-preview":"max-image-preview:large","max-video-preview":"max-video-preview:-1"},"canonical":"https:\/\/culture.ixelles.be\/fr\/events\/atelier-origami\/","og_locale":"fr_FR","og_type":"article","og_title":"Atelier Origami - Ixelles","og_url":"https:\/\/culture.ixelles.be\/fr\/events\/atelier-origami\/","og_site_name":"Ixelles","twitter_card":"summary_large_image","twitter_misc":{"Dur\u00e9e de lecture estim\u00e9e":"1 minute"},"schema":{"@context":"https:\/\/schema.org","@graph":[{"@type":"WebPage","@id":"https:\/\/culture.ixelles.be\/fr\/events\/atelier-origami\/","url":"https:\/\/culture.ixelles.be\/fr\/events\/atelier-origami\/","name":"Atelier Origami - Ixelles","isPartOf":{"@id":"https:\/\/culture.ixelles.be\/fr\/#website"},"primaryImageOfPage":{"@id":"https:\/\/culture.ixelles.be\/fr\/events\/atelier-origami\/#primaryimage"},"image":{"@id":"https:\/\/culture.ixelles.be\/fr\/events\/atelier-origami\/#primaryimage"},"thumbnailUrl":"https:\/\/culture.ixelles.be\/wp-content\/uploads\/2026\/09\/7b7bdd41400a361f3afe298ad07fefc3930f698d.png","datePublished":"2026-09-03T23:04:43+00:00","breadcrumb":{"@id":"https:\/\/culture.ixelles.be\/fr\/events\/atelier-origami\/#breadcrumb"},"inLanguage":"fr-FR","potentialAction":[{"@type":"ReadAction","target":["https:\/\/culture.ixelles.be\/fr\/events\/atelier-origami\/"]}]},{"@type":"ImageObject","inLanguage":"fr-FR","@id":"https:\/\/culture.ixelles.be\/fr\/events\/atelier-origami\/#primaryimage","url":"https:\/\/culture.ixelles.be\/wp-content\/uploads\/2026\/09\/7b7bdd41400a361f3afe298ad07fefc3930f698d.png","contentUrl":"https:\/\/culture.ixelles.be\/wp-content\/uploads\/2026\/09\/7b7bdd41400a361f3afe298ad07fefc3930f698d.png","width":2340,"height":866},{"@type":"BreadcrumbList","@id":"https:\/\/culture.ixelles.be\/fr\/events\/atelier-origami\/#breadcrumb","itemListElement":[{"@type":"ListItem","position":1,"name":"Accueil","item":"https:\/\/culture.ixelles.be\/fr\/"},{"@type":"ListItem","position":2,"name":"Events","item":"https:\/\/culture.ixelles.be\/fr\/events\/"},{"@type":"ListItem","position":3,"name":"Atelier Origami"}]},{"@type":"WebSite","@id":"https:\/\/culture.ixelles.be\/fr\/#website","url":"https:\/\/culture.ixelles.be\/fr\/","name":"Ixelles","description":"","publisher":{"@id":"https:\/\/culture.ixelles.be\/fr\/#organization"},"potentialAction":[{"@type":"SearchAction","target":{"@type":"EntryPoint","urlTemplate":"https:\/\/culture.ixelles.be\/fr\/?s={search_term_string}"},"query-input":{"@type":"PropertyValueSpecification","valueRequired":true,"valueName":"search_term_string"}}],"inLanguage":"fr-FR"},{"@type":"Organization","@id":"https:\/\/culture.ixelles.be\/fr\/#organization","name":"Service culture Ixelles","url":"https:\/\/culture.ixelles.be\/fr\/","logo":{"@type":"ImageObject","inLanguage":"fr-FR","@id":"https:\/\/culture.ixelles.be\/fr\/#\/schema\/logo\/image\/","url":"https:\/\/culture.ixelles.be\/wp-content\/uploads\/2021\/05\/ixelles_green.svg","contentUrl":"https:\/\/culture.ixelles.be\/wp-content\/uploads\/2021\/05\/ixelles_green.svg","width":1,"height":1,"caption":"Service culture Ixelles"},"image":{"@id":"https:\/\/culture.ixelles.be\/fr\/#\/schema\/logo\/image\/"}}]}},"_links":{"self":[{"href":"https:\/\/culture.ixelles.be\/fr\/wp-json\/wp\/v2\/events\/1990710"}],"collection":[{"href":"https:\/\/culture.ixelles.be\/fr\/wp-json\/wp\/v2\/events"}],"about":[{"href":"https:\/\/culture.ixelles.be\/fr\/wp-json\/wp\/v2\/types\/events"}],"author":[{"embeddable":true,"href":"https:\/\/culture.ixelles.be\/fr\/wp-json\/wp\/v2\/users\/1"}],"replies":[{"embeddable":true,"href":"https:\/\/culture.ixelles.be\/fr\/wp-json\/wp\/v2\/comments?post=1990710"}],"version-history":[{"count":0,"href":"https:\/\/culture.ixelles.be\/fr\/wp-json\/wp\/v2\/events\/1990710\/revisions"}],"wp:featuredmedia":[{"embeddable":true,"href":"https:\/\/culture.ixelles.be\/fr\/wp-json\/wp\/v2\/media\/1990713"}],"wp:attachment":[{"href":"https:\/\/culture.ixelles.be\/fr\/wp-json\/wp\/v2\/media?parent=1990710"}],"curies":[{"name":"wp","href":"https:\/\/api.w.org\/{rel}","templated":true}]}}

<p>Faites une pause dans votre semaine et laissez parler votre créativité ! Cet atelier d&rsquo;origami vous invite à découvrir la magie du pliage japonais dans une atmosphère résolument conviviale et bienveillante.</p>
<p>Accessible à toustes, que vous soyez grand·e débutant·e ou amateur·rice de travaux manuels, l&rsquo;atelier est animé par Julie, experte reconnue en grenouilles sauteuses et en dragons sauvages (tout en papier, rassurez-vous !). Sous ses conseils avisés et dans la bonne humeur, transformez de simples feuilles de papier en petites œuvres d&rsquo;art uniques avec lesquelles vous pourrez fièrement repartir. Une activité idéale à partager entre ami·es, en famille ou en solo pour se détendre, siroter un verre et repartir avec le sourire. Entrée libre !</p>

<p>Faites une pause dans votre semaine et laissez parler votre créativité ! Cet atelier d&rsquo;origami vous invite à découvrir la magie du pliage japonais dans une atmosphère résolument conviviale et bienveillante. Accessible à toustes, que vous soyez grand·e débutant·e ou amateur·rice de travaux manuels, l&rsquo;atelier est animé par Julie, experte reconnue en grenouilles sauteuses et [&hellip;]</p>

<!-- This site is optimized with the Yoast SEO plugin v24.5 - https://yoast.com/wordpress/plugins/seo/ -->
<title>Atelier Origami - Ixelles</title>
<meta name="robots" content="index, follow, max-snippet:-1, max-image-preview:large, max-video-preview:-1" />
<link rel="canonical" href="https://culture.ixelles.be/fr/events/atelier-origami/" />
<meta property="og:locale" content="fr_FR" />
<meta property="og:type" content="article" />
<meta property="og:title" content="Atelier Origami - Ixelles" />
<meta property="og:url" content="https://culture.ixelles.be/fr/events/atelier-origami/" />
<meta property="og:site_name" content="Ixelles" />
<meta name="twitter:card" content="summary_large_image" />
<meta name="twitter:label1" content="Durée de lecture estimée" />
	<meta name="twitter:data1" content="1 minute" />
<script type="application/ld+json" class="yoast-schema-graph">{"@context":"https://schema.org","@graph":[{"@type":"WebPage","@id":"https://culture.ixelles.be/fr/events/atelier-origami/","url":"https://culture.ixelles.be/fr/events/atelier-origami/","name":"Atelier Origami - Ixelles","isPartOf":{"@id":"https://culture.ixelles.be/fr/#website"},"primaryImageOfPage":{"@id":"https://culture.ixelles.be/fr/events/atelier-origami/#primaryimage"},"image":{"@id":"https://culture.ixelles.be/fr/events/atelier-origami/#primaryimage"},"thumbnailUrl":"https://culture.ixelles.be/wp-content/uploads/2026/09/7b7bdd41400a361f3afe298ad07fefc3930f698d.png","datePublished":"2026-09-03T23:04:43+00:00","breadcrumb":{"@id":"https://culture.ixelles.be/fr/events/atelier-origami/#breadcrumb"},"inLanguage":"fr-FR","potentialAction":[{"@type":"ReadAction","target":["https://culture.ixelles.be/fr/events/atelier-origami/"]}]},{"@type":"ImageObject","inLanguage":"fr-FR","@id":"https://culture.ixelles.be/fr/events/atelier-origami/#primaryimage","url":"https://culture.ixelles.be/wp-content/uploads/2026/09/7b7bdd41400a361f3afe298ad07fefc3930f698d.png","contentUrl":"https://culture.ixelles.be/wp-content/uploads/2026/09/7b7bdd41400a361f3afe298ad07fefc3930f698d.png","width":2340,"height":866},{"@type":"BreadcrumbList","@id":"https://culture.ixelles.be/fr/events/atelier-origami/#breadcrumb","itemListElement":[{"@type":"ListItem","position":1,"name":"Accueil","item":"https://culture.ixelles.be/fr/"},{"@type":"ListItem","position":2,"name":"Events","item":"https://culture.ixelles.be/fr/events/"},{"@type":"ListItem","position":3,"name":"Atelier Origami"}]},{"@type":"WebSite","@id":"https://culture.ixelles.be/fr/#website","url":"https://culture.ixelles.be/fr/","name":"Ixelles","description":"","publisher":{"@id":"https://culture.ixelles.be/fr/#organization"},"potentialAction":[{"@type":"SearchAction","target":{"@type":"EntryPoint","urlTemplate":"https://culture.ixelles.be/fr/?s={search_term_string}"},"query-input":{"@type":"PropertyValueSpecification","valueRequired":true,"valueName":"search_term_string"}}],"inLanguage":"fr-FR"},{"@type":"Organization","@id":"https://culture.ixelles.be/fr/#organization","name":"Service culture Ixelles","url":"https://culture.ixelles.be/fr/","logo":{"@type":"ImageObject","inLanguage":"fr-FR","@id":"https://culture.ixelles.be/fr/#/schema/logo/image/","url":"https://culture.ixelles.be/wp-content/uploads/2021/05/ixelles_green.svg","contentUrl":"https://culture.ixelles.be/wp-content/uploads/2021/05/ixelles_green.svg","width":1,"height":1,"caption":"Service culture Ixelles"},"image":{"@id":"https://culture.ixelles.be/fr/#/schema/logo/image/"}}]}</script>
<!-- / Yoast SEO plugin. -->
