{"id":1990728,"date":"2026-09-03T23:05:00","date_gmt":"2026-09-03T23:05:00","guid":{"rendered":"https:\/\/culture.ixelles.be\/events\/jam-session-by-violet-pins-guests\/"},"modified":"2026-09-03T23:05:00","modified_gmt":"2026-09-03T23:05:00","slug":"jam-session-by-violet-pins-guests","status":"publish","type":"events","link":"https:\/\/culture.ixelles.be\/fr\/events\/jam-session-by-violet-pins-guests\/","title":{"rendered":"Jam session by violet.pins &amp; guests"},"content":{"rendered":"<p>Rapprochez-vous au plus pr\u00e8s de la musique vivante ! Ce jeudi, violet.pins &amp; ses invit\u00e9s s&#8217;emparent de la sc\u00e8ne pour une Jam Session ouverte, vibrante et d\u00e9bordante de g\u00e9n\u00e9rosit\u00e9.<\/p>\n<p>Ici, aucune fronti\u00e8re entre artistes et public : musiciens et musiciennes de tous horizons sont invit\u00e9\u00b7es \u00e0 monter sur sc\u00e8ne pour improviser, \u00e9changer des accords et cr\u00e9er des instants sonores uniques sur le vif. Pas envie de jouer ? Installez-vous confortablement avec un verre frais, profitez de la douceur de la soir\u00e9e et laissez-vous porter par l\u2019\u00e9nergie communicative des jams spontan\u00e9es. Que vous veniez pour jammer ou pour chiller entre ami\u00b7es, la promesse est simple : des rythmes f\u00e9d\u00e9rateurs, une bonne humeur contagieuse et une communaut\u00e9 soud\u00e9e autour du plaisir de jouer ensemble. Entr\u00e9e gratuite et bienvenue \u00e0 toustes !<\/p>\n","protected":false},"excerpt":{"rendered":"<p>Rapprochez-vous au plus pr\u00e8s de la musique vivante ! Ce jeudi, violet.pins &amp; ses invit\u00e9s s&#8217;emparent de la sc\u00e8ne pour une Jam Session ouverte, vibrante et d\u00e9bordante de g\u00e9n\u00e9rosit\u00e9. Ici, aucune fronti\u00e8re entre artistes et public : musiciens et musiciennes de tous horizons sont invit\u00e9\u00b7es \u00e0 monter sur sc\u00e8ne pour improviser, \u00e9changer des accords et [&hellip;]<\/p>\n","protected":false},"author":1,"featured_media":1990731,"comment_status":"","ping_status":"closed","template":"","acf":[],"yoast_head":"<!-- This site is optimized with the Yoast SEO plugin v24.5 - https:\/\/yoast.com\/wordpress\/plugins\/seo\/ -->\n<title>Jam session by violet.pins &amp; guests - Ixelles<\/title>\n<meta name=\"robots\" content=\"index, follow, max-snippet:-1, max-image-preview:large, max-video-preview:-1\" \/>\n<link rel=\"canonical\" href=\"https:\/\/culture.ixelles.be\/fr\/events\/jam-session-by-violet-pins-guests\/\" \/>\n<meta property=\"og:locale\" content=\"fr_FR\" \/>\n<meta property=\"og:type\" content=\"article\" \/>\n<meta property=\"og:title\" content=\"Jam session by violet.pins &amp; guests - Ixelles\" \/>\n<meta property=\"og:url\" content=\"https:\/\/culture.ixelles.be\/fr\/events\/jam-session-by-violet-pins-guests\/\" \/>\n<meta property=\"og:site_name\" content=\"Ixelles\" \/>\n<meta name=\"twitter:card\" content=\"summary_large_image\" \/>\n<meta name=\"twitter:label1\" content=\"Dur\u00e9e de lecture estim\u00e9e\" \/>\n\t<meta name=\"twitter:data1\" content=\"1 minute\" \/>\n<script type=\"application\/ld+json\" class=\"yoast-schema-graph\">{\"@context\":\"https:\/\/schema.org\",\"@graph\":[{\"@type\":\"WebPage\",\"@id\":\"https:\/\/culture.ixelles.be\/fr\/events\/jam-session-by-violet-pins-guests\/\",\"url\":\"https:\/\/culture.ixelles.be\/fr\/events\/jam-session-by-violet-pins-guests\/\",\"name\":\"Jam session by violet.pins &amp; guests - Ixelles\",\"isPartOf\":{\"@id\":\"https:\/\/culture.ixelles.be\/fr\/#website\"},\"primaryImageOfPage\":{\"@id\":\"https:\/\/culture.ixelles.be\/fr\/events\/jam-session-by-violet-pins-guests\/#primaryimage\"},\"image\":{\"@id\":\"https:\/\/culture.ixelles.be\/fr\/events\/jam-session-by-violet-pins-guests\/#primaryimage\"},\"thumbnailUrl\":\"https:\/\/culture.ixelles.be\/wp-content\/uploads\/2026\/09\/a652b6543132e715d81f4c8baa82d80366730326.png\",\"datePublished\":\"2026-09-03T23:05:00+00:00\",\"breadcrumb\":{\"@id\":\"https:\/\/culture.ixelles.be\/fr\/events\/jam-session-by-violet-pins-guests\/#breadcrumb\"},\"inLanguage\":\"fr-FR\",\"potentialAction\":[{\"@type\":\"ReadAction\",\"target\":[\"https:\/\/culture.ixelles.be\/fr\/events\/jam-session-by-violet-pins-guests\/\"]}]},{\"@type\":\"ImageObject\",\"inLanguage\":\"fr-FR\",\"@id\":\"https:\/\/culture.ixelles.be\/fr\/events\/jam-session-by-violet-pins-guests\/#primaryimage\",\"url\":\"https:\/\/culture.ixelles.be\/wp-content\/uploads\/2026\/09\/a652b6543132e715d81f4c8baa82d80366730326.png\",\"contentUrl\":\"https:\/\/culture.ixelles.be\/wp-content\/uploads\/2026\/09\/a652b6543132e715d81f4c8baa82d80366730326.png\",\"width\":2340,\"height\":866},{\"@type\":\"BreadcrumbList\",\"@id\":\"https:\/\/culture.ixelles.be\/fr\/events\/jam-session-by-violet-pins-guests\/#breadcrumb\",\"itemListElement\":[{\"@type\":\"ListItem\",\"position\":1,\"name\":\"Accueil\",\"item\":\"https:\/\/culture.ixelles.be\/fr\/\"},{\"@type\":\"ListItem\",\"position\":2,\"name\":\"Events\",\"item\":\"https:\/\/culture.ixelles.be\/fr\/events\/\"},{\"@type\":\"ListItem\",\"position\":3,\"name\":\"Jam session by violet.pins &amp; guests\"}]},{\"@type\":\"WebSite\",\"@id\":\"https:\/\/culture.ixelles.be\/fr\/#website\",\"url\":\"https:\/\/culture.ixelles.be\/fr\/\",\"name\":\"Ixelles\",\"description\":\"\",\"publisher\":{\"@id\":\"https:\/\/culture.ixelles.be\/fr\/#organization\"},\"potentialAction\":[{\"@type\":\"SearchAction\",\"target\":{\"@type\":\"EntryPoint\",\"urlTemplate\":\"https:\/\/culture.ixelles.be\/fr\/?s={search_term_string}\"},\"query-input\":{\"@type\":\"PropertyValueSpecification\",\"valueRequired\":true,\"valueName\":\"search_term_string\"}}],\"inLanguage\":\"fr-FR\"},{\"@type\":\"Organization\",\"@id\":\"https:\/\/culture.ixelles.be\/fr\/#organization\",\"name\":\"Service culture Ixelles\",\"url\":\"https:\/\/culture.ixelles.be\/fr\/\",\"logo\":{\"@type\":\"ImageObject\",\"inLanguage\":\"fr-FR\",\"@id\":\"https:\/\/culture.ixelles.be\/fr\/#\/schema\/logo\/image\/\",\"url\":\"https:\/\/culture.ixelles.be\/wp-content\/uploads\/2021\/05\/ixelles_green.svg\",\"contentUrl\":\"https:\/\/culture.ixelles.be\/wp-content\/uploads\/2021\/05\/ixelles_green.svg\",\"width\":1,\"height\":1,\"caption\":\"Service culture Ixelles\"},\"image\":{\"@id\":\"https:\/\/culture.ixelles.be\/fr\/#\/schema\/logo\/image\/\"}}]}<\/script>\n<!-- \/ Yoast SEO plugin. -->","yoast_head_json":{"title":"Jam session by violet.pins &amp; guests - Ixelles","robots":{"index":"index","follow":"follow","max-snippet":"max-snippet:-1","max-image-preview":"max-image-preview:large","max-video-preview":"max-video-preview:-1"},"canonical":"https:\/\/culture.ixelles.be\/fr\/events\/jam-session-by-violet-pins-guests\/","og_locale":"fr_FR","og_type":"article","og_title":"Jam session by violet.pins &amp; guests - Ixelles","og_url":"https:\/\/culture.ixelles.be\/fr\/events\/jam-session-by-violet-pins-guests\/","og_site_name":"Ixelles","twitter_card":"summary_large_image","twitter_misc":{"Dur\u00e9e de lecture estim\u00e9e":"1 minute"},"schema":{"@context":"https:\/\/schema.org","@graph":[{"@type":"WebPage","@id":"https:\/\/culture.ixelles.be\/fr\/events\/jam-session-by-violet-pins-guests\/","url":"https:\/\/culture.ixelles.be\/fr\/events\/jam-session-by-violet-pins-guests\/","name":"Jam session by violet.pins &amp; guests - Ixelles","isPartOf":{"@id":"https:\/\/culture.ixelles.be\/fr\/#website"},"primaryImageOfPage":{"@id":"https:\/\/culture.ixelles.be\/fr\/events\/jam-session-by-violet-pins-guests\/#primaryimage"},"image":{"@id":"https:\/\/culture.ixelles.be\/fr\/events\/jam-session-by-violet-pins-guests\/#primaryimage"},"thumbnailUrl":"https:\/\/culture.ixelles.be\/wp-content\/uploads\/2026\/09\/a652b6543132e715d81f4c8baa82d80366730326.png","datePublished":"2026-09-03T23:05:00+00:00","breadcrumb":{"@id":"https:\/\/culture.ixelles.be\/fr\/events\/jam-session-by-violet-pins-guests\/#breadcrumb"},"inLanguage":"fr-FR","potentialAction":[{"@type":"ReadAction","target":["https:\/\/culture.ixelles.be\/fr\/events\/jam-session-by-violet-pins-guests\/"]}]},{"@type":"ImageObject","inLanguage":"fr-FR","@id":"https:\/\/culture.ixelles.be\/fr\/events\/jam-session-by-violet-pins-guests\/#primaryimage","url":"https:\/\/culture.ixelles.be\/wp-content\/uploads\/2026\/09\/a652b6543132e715d81f4c8baa82d80366730326.png","contentUrl":"https:\/\/culture.ixelles.be\/wp-content\/uploads\/2026\/09\/a652b6543132e715d81f4c8baa82d80366730326.png","width":2340,"height":866},{"@type":"BreadcrumbList","@id":"https:\/\/culture.ixelles.be\/fr\/events\/jam-session-by-violet-pins-guests\/#breadcrumb","itemListElement":[{"@type":"ListItem","position":1,"name":"Accueil","item":"https:\/\/culture.ixelles.be\/fr\/"},{"@type":"ListItem","position":2,"name":"Events","item":"https:\/\/culture.ixelles.be\/fr\/events\/"},{"@type":"ListItem","position":3,"name":"Jam session by violet.pins &amp; guests"}]},{"@type":"WebSite","@id":"https:\/\/culture.ixelles.be\/fr\/#website","url":"https:\/\/culture.ixelles.be\/fr\/","name":"Ixelles","description":"","publisher":{"@id":"https:\/\/culture.ixelles.be\/fr\/#organization"},"potentialAction":[{"@type":"SearchAction","target":{"@type":"EntryPoint","urlTemplate":"https:\/\/culture.ixelles.be\/fr\/?s={search_term_string}"},"query-input":{"@type":"PropertyValueSpecification","valueRequired":true,"valueName":"search_term_string"}}],"inLanguage":"fr-FR"},{"@type":"Organization","@id":"https:\/\/culture.ixelles.be\/fr\/#organization","name":"Service culture Ixelles","url":"https:\/\/culture.ixelles.be\/fr\/","logo":{"@type":"ImageObject","inLanguage":"fr-FR","@id":"https:\/\/culture.ixelles.be\/fr\/#\/schema\/logo\/image\/","url":"https:\/\/culture.ixelles.be\/wp-content\/uploads\/2021\/05\/ixelles_green.svg","contentUrl":"https:\/\/culture.ixelles.be\/wp-content\/uploads\/2021\/05\/ixelles_green.svg","width":1,"height":1,"caption":"Service culture Ixelles"},"image":{"@id":"https:\/\/culture.ixelles.be\/fr\/#\/schema\/logo\/image\/"}}]}},"_links":{"self":[{"href":"https:\/\/culture.ixelles.be\/fr\/wp-json\/wp\/v2\/events\/1990728"}],"collection":[{"href":"https:\/\/culture.ixelles.be\/fr\/wp-json\/wp\/v2\/events"}],"about":[{"href":"https:\/\/culture.ixelles.be\/fr\/wp-json\/wp\/v2\/types\/events"}],"author":[{"embeddable":true,"href":"https:\/\/culture.ixelles.be\/fr\/wp-json\/wp\/v2\/users\/1"}],"replies":[{"embeddable":true,"href":"https:\/\/culture.ixelles.be\/fr\/wp-json\/wp\/v2\/comments?post=1990728"}],"version-history":[{"count":0,"href":"https:\/\/culture.ixelles.be\/fr\/wp-json\/wp\/v2\/events\/1990728\/revisions"}],"wp:featuredmedia":[{"embeddable":true,"href":"https:\/\/culture.ixelles.be\/fr\/wp-json\/wp\/v2\/media\/1990731"}],"wp:attachment":[{"href":"https:\/\/culture.ixelles.be\/fr\/wp-json\/wp\/v2\/media?parent=1990728"}],"curies":[{"name":"wp","href":"https:\/\/api.w.org\/{rel}","templated":true}]}}

<p>Rapprochez-vous au plus près de la musique vivante ! Ce jeudi, violet.pins &amp; ses invités s&#8217;emparent de la scène pour une Jam Session ouverte, vibrante et débordante de générosité.</p>
<p>Ici, aucune frontière entre artistes et public : musiciens et musiciennes de tous horizons sont invité·es à monter sur scène pour improviser, échanger des accords et créer des instants sonores uniques sur le vif. Pas envie de jouer ? Installez-vous confortablement avec un verre frais, profitez de la douceur de la soirée et laissez-vous porter par l’énergie communicative des jams spontanées. Que vous veniez pour jammer ou pour chiller entre ami·es, la promesse est simple : des rythmes fédérateurs, une bonne humeur contagieuse et une communauté soudée autour du plaisir de jouer ensemble. Entrée gratuite et bienvenue à toustes !</p>

<p>Rapprochez-vous au plus près de la musique vivante ! Ce jeudi, violet.pins &amp; ses invités s&#8217;emparent de la scène pour une Jam Session ouverte, vibrante et débordante de générosité. Ici, aucune frontière entre artistes et public : musiciens et musiciennes de tous horizons sont invité·es à monter sur scène pour improviser, échanger des accords et [&hellip;]</p>

<!-- This site is optimized with the Yoast SEO plugin v24.5 - https://yoast.com/wordpress/plugins/seo/ -->
<title>Jam session by violet.pins &amp; guests - Ixelles</title>
<meta name="robots" content="index, follow, max-snippet:-1, max-image-preview:large, max-video-preview:-1" />
<link rel="canonical" href="https://culture.ixelles.be/fr/events/jam-session-by-violet-pins-guests/" />
<meta property="og:locale" content="fr_FR" />
<meta property="og:type" content="article" />
<meta property="og:title" content="Jam session by violet.pins &amp; guests - Ixelles" />
<meta property="og:url" content="https://culture.ixelles.be/fr/events/jam-session-by-violet-pins-guests/" />
<meta property="og:site_name" content="Ixelles" />
<meta name="twitter:card" content="summary_large_image" />
<meta name="twitter:label1" content="Durée de lecture estimée" />
	<meta name="twitter:data1" content="1 minute" />
<script type="application/ld+json" class="yoast-schema-graph">{"@context":"https://schema.org","@graph":[{"@type":"WebPage","@id":"https://culture.ixelles.be/fr/events/jam-session-by-violet-pins-guests/","url":"https://culture.ixelles.be/fr/events/jam-session-by-violet-pins-guests/","name":"Jam session by violet.pins &amp; guests - Ixelles","isPartOf":{"@id":"https://culture.ixelles.be/fr/#website"},"primaryImageOfPage":{"@id":"https://culture.ixelles.be/fr/events/jam-session-by-violet-pins-guests/#primaryimage"},"image":{"@id":"https://culture.ixelles.be/fr/events/jam-session-by-violet-pins-guests/#primaryimage"},"thumbnailUrl":"https://culture.ixelles.be/wp-content/uploads/2026/09/a652b6543132e715d81f4c8baa82d80366730326.png","datePublished":"2026-09-03T23:05:00+00:00","breadcrumb":{"@id":"https://culture.ixelles.be/fr/events/jam-session-by-violet-pins-guests/#breadcrumb"},"inLanguage":"fr-FR","potentialAction":[{"@type":"ReadAction","target":["https://culture.ixelles.be/fr/events/jam-session-by-violet-pins-guests/"]}]},{"@type":"ImageObject","inLanguage":"fr-FR","@id":"https://culture.ixelles.be/fr/events/jam-session-by-violet-pins-guests/#primaryimage","url":"https://culture.ixelles.be/wp-content/uploads/2026/09/a652b6543132e715d81f4c8baa82d80366730326.png","contentUrl":"https://culture.ixelles.be/wp-content/uploads/2026/09/a652b6543132e715d81f4c8baa82d80366730326.png","width":2340,"height":866},{"@type":"BreadcrumbList","@id":"https://culture.ixelles.be/fr/events/jam-session-by-violet-pins-guests/#breadcrumb","itemListElement":[{"@type":"ListItem","position":1,"name":"Accueil","item":"https://culture.ixelles.be/fr/"},{"@type":"ListItem","position":2,"name":"Events","item":"https://culture.ixelles.be/fr/events/"},{"@type":"ListItem","position":3,"name":"Jam session by violet.pins &amp; guests"}]},{"@type":"WebSite","@id":"https://culture.ixelles.be/fr/#website","url":"https://culture.ixelles.be/fr/","name":"Ixelles","description":"","publisher":{"@id":"https://culture.ixelles.be/fr/#organization"},"potentialAction":[{"@type":"SearchAction","target":{"@type":"EntryPoint","urlTemplate":"https://culture.ixelles.be/fr/?s={search_term_string}"},"query-input":{"@type":"PropertyValueSpecification","valueRequired":true,"valueName":"search_term_string"}}],"inLanguage":"fr-FR"},{"@type":"Organization","@id":"https://culture.ixelles.be/fr/#organization","name":"Service culture Ixelles","url":"https://culture.ixelles.be/fr/","logo":{"@type":"ImageObject","inLanguage":"fr-FR","@id":"https://culture.ixelles.be/fr/#/schema/logo/image/","url":"https://culture.ixelles.be/wp-content/uploads/2021/05/ixelles_green.svg","contentUrl":"https://culture.ixelles.be/wp-content/uploads/2021/05/ixelles_green.svg","width":1,"height":1,"caption":"Service culture Ixelles"},"image":{"@id":"https://culture.ixelles.be/fr/#/schema/logo/image/"}}]}</script>
<!-- / Yoast SEO plugin. -->
