{"id":1990860,"date":"2026-09-03T23:08:05","date_gmt":"2026-09-03T23:08:05","guid":{"rendered":"https:\/\/culture.ixelles.be\/events\/brume-ursqaure-open-air\/"},"modified":"2026-09-03T23:08:05","modified_gmt":"2026-09-03T23:08:05","slug":"brume-ursqaure-open-air","status":"publish","type":"events","link":"https:\/\/culture.ixelles.be\/fr\/events\/brume-ursqaure-open-air\/","title":{"rendered":"Brume @ursqaure Open Air"},"content":{"rendered":"<p>Apr\u00e8s une pr\u00e9c\u00e9dente \u00e9dition m\u00e9morable qui a conquis les c\u0153urs, le collectif Brume est de retour \u00e0 la maison pour cl\u00f4turer la saison estivale en beaut\u00e9 ! Rendez-vous ce vendredi 11 septembre pour une grande f\u00eate \u00e0 ciel ouvert dans le cadre chaleureux et convivial d&rsquo;UR Square.<\/p>\n<p>De 16h \u00e0 22h, venez profiter des derniers rayons de l&rsquo;\u00e9t\u00e9 au son d&rsquo;une programmation musicale pointue et 100 % locale, pens\u00e9e pour faire monter l&rsquo;\u00e9nergie crescendo jusqu&rsquo;au cr\u00e9puscule :<\/p>\n<p>16h00 \u2013 18h00 : Velota (warm-up solaire et immersif)<\/p>\n<p>18h00 \u2013 20h00 : Nemea6 (mont\u00e9e en puissance et grooves percutants)<\/p>\n<p>20h00 \u2013 22h00 : Kat b2b Tr\u00e8sBeauParadisFiscal (cl\u00f4ture explosive sous les \u00e9toiles)<\/p>\n<p>Entre verres rafra\u00eechissants, sourires complices et pas de danse partag\u00e9s, offrez-vous une derni\u00e8re parenth\u00e8se festive avant l&rsquo;automne. Rassemblez votre crew, l&rsquo;acc\u00e8s est enti\u00e8rement libre et gratuit !<\/p>\n","protected":false},"excerpt":{"rendered":"<p>Apr\u00e8s une pr\u00e9c\u00e9dente \u00e9dition m\u00e9morable qui a conquis les c\u0153urs, le collectif Brume est de retour \u00e0 la maison pour cl\u00f4turer la saison estivale en beaut\u00e9 ! Rendez-vous ce vendredi 11 septembre pour une grande f\u00eate \u00e0 ciel ouvert dans le cadre chaleureux et convivial d&rsquo;UR Square. De 16h \u00e0 22h, venez profiter des derniers [&hellip;]<\/p>\n","protected":false},"author":1,"featured_media":1990863,"comment_status":"","ping_status":"closed","template":"","acf":[],"yoast_head":"<!-- This site is optimized with the Yoast SEO plugin v24.5 - https:\/\/yoast.com\/wordpress\/plugins\/seo\/ -->\n<title>Brume @ursqaure Open Air - Ixelles<\/title>\n<meta name=\"robots\" content=\"index, follow, max-snippet:-1, max-image-preview:large, max-video-preview:-1\" \/>\n<link rel=\"canonical\" href=\"https:\/\/culture.ixelles.be\/fr\/events\/brume-ursqaure-open-air\/\" \/>\n<meta property=\"og:locale\" content=\"fr_FR\" \/>\n<meta property=\"og:type\" content=\"article\" \/>\n<meta property=\"og:title\" content=\"Brume @ursqaure Open Air - Ixelles\" \/>\n<meta property=\"og:url\" content=\"https:\/\/culture.ixelles.be\/fr\/events\/brume-ursqaure-open-air\/\" \/>\n<meta property=\"og:site_name\" content=\"Ixelles\" \/>\n<meta name=\"twitter:card\" content=\"summary_large_image\" \/>\n<meta name=\"twitter:label1\" content=\"Dur\u00e9e de lecture estim\u00e9e\" \/>\n\t<meta name=\"twitter:data1\" content=\"1 minute\" \/>\n<script type=\"application\/ld+json\" class=\"yoast-schema-graph\">{\"@context\":\"https:\/\/schema.org\",\"@graph\":[{\"@type\":\"WebPage\",\"@id\":\"https:\/\/culture.ixelles.be\/fr\/events\/brume-ursqaure-open-air\/\",\"url\":\"https:\/\/culture.ixelles.be\/fr\/events\/brume-ursqaure-open-air\/\",\"name\":\"Brume @ursqaure Open Air - Ixelles\",\"isPartOf\":{\"@id\":\"https:\/\/culture.ixelles.be\/fr\/#website\"},\"primaryImageOfPage\":{\"@id\":\"https:\/\/culture.ixelles.be\/fr\/events\/brume-ursqaure-open-air\/#primaryimage\"},\"image\":{\"@id\":\"https:\/\/culture.ixelles.be\/fr\/events\/brume-ursqaure-open-air\/#primaryimage\"},\"thumbnailUrl\":\"https:\/\/culture.ixelles.be\/wp-content\/uploads\/2026\/09\/b4e6b9b9a568333498cd40db0ed3c669a5585577.png\",\"datePublished\":\"2026-09-03T23:08:05+00:00\",\"breadcrumb\":{\"@id\":\"https:\/\/culture.ixelles.be\/fr\/events\/brume-ursqaure-open-air\/#breadcrumb\"},\"inLanguage\":\"fr-FR\",\"potentialAction\":[{\"@type\":\"ReadAction\",\"target\":[\"https:\/\/culture.ixelles.be\/fr\/events\/brume-ursqaure-open-air\/\"]}]},{\"@type\":\"ImageObject\",\"inLanguage\":\"fr-FR\",\"@id\":\"https:\/\/culture.ixelles.be\/fr\/events\/brume-ursqaure-open-air\/#primaryimage\",\"url\":\"https:\/\/culture.ixelles.be\/wp-content\/uploads\/2026\/09\/b4e6b9b9a568333498cd40db0ed3c669a5585577.png\",\"contentUrl\":\"https:\/\/culture.ixelles.be\/wp-content\/uploads\/2026\/09\/b4e6b9b9a568333498cd40db0ed3c669a5585577.png\",\"width\":2340,\"height\":866},{\"@type\":\"BreadcrumbList\",\"@id\":\"https:\/\/culture.ixelles.be\/fr\/events\/brume-ursqaure-open-air\/#breadcrumb\",\"itemListElement\":[{\"@type\":\"ListItem\",\"position\":1,\"name\":\"Accueil\",\"item\":\"https:\/\/culture.ixelles.be\/fr\/\"},{\"@type\":\"ListItem\",\"position\":2,\"name\":\"Events\",\"item\":\"https:\/\/culture.ixelles.be\/fr\/events\/\"},{\"@type\":\"ListItem\",\"position\":3,\"name\":\"Brume @ursqaure Open Air\"}]},{\"@type\":\"WebSite\",\"@id\":\"https:\/\/culture.ixelles.be\/fr\/#website\",\"url\":\"https:\/\/culture.ixelles.be\/fr\/\",\"name\":\"Ixelles\",\"description\":\"\",\"publisher\":{\"@id\":\"https:\/\/culture.ixelles.be\/fr\/#organization\"},\"potentialAction\":[{\"@type\":\"SearchAction\",\"target\":{\"@type\":\"EntryPoint\",\"urlTemplate\":\"https:\/\/culture.ixelles.be\/fr\/?s={search_term_string}\"},\"query-input\":{\"@type\":\"PropertyValueSpecification\",\"valueRequired\":true,\"valueName\":\"search_term_string\"}}],\"inLanguage\":\"fr-FR\"},{\"@type\":\"Organization\",\"@id\":\"https:\/\/culture.ixelles.be\/fr\/#organization\",\"name\":\"Service culture Ixelles\",\"url\":\"https:\/\/culture.ixelles.be\/fr\/\",\"logo\":{\"@type\":\"ImageObject\",\"inLanguage\":\"fr-FR\",\"@id\":\"https:\/\/culture.ixelles.be\/fr\/#\/schema\/logo\/image\/\",\"url\":\"https:\/\/culture.ixelles.be\/wp-content\/uploads\/2021\/05\/ixelles_green.svg\",\"contentUrl\":\"https:\/\/culture.ixelles.be\/wp-content\/uploads\/2021\/05\/ixelles_green.svg\",\"width\":1,\"height\":1,\"caption\":\"Service culture Ixelles\"},\"image\":{\"@id\":\"https:\/\/culture.ixelles.be\/fr\/#\/schema\/logo\/image\/\"}}]}<\/script>\n<!-- \/ Yoast SEO plugin. -->","yoast_head_json":{"title":"Brume @ursqaure Open Air - Ixelles","robots":{"index":"index","follow":"follow","max-snippet":"max-snippet:-1","max-image-preview":"max-image-preview:large","max-video-preview":"max-video-preview:-1"},"canonical":"https:\/\/culture.ixelles.be\/fr\/events\/brume-ursqaure-open-air\/","og_locale":"fr_FR","og_type":"article","og_title":"Brume @ursqaure Open Air - Ixelles","og_url":"https:\/\/culture.ixelles.be\/fr\/events\/brume-ursqaure-open-air\/","og_site_name":"Ixelles","twitter_card":"summary_large_image","twitter_misc":{"Dur\u00e9e de lecture estim\u00e9e":"1 minute"},"schema":{"@context":"https:\/\/schema.org","@graph":[{"@type":"WebPage","@id":"https:\/\/culture.ixelles.be\/fr\/events\/brume-ursqaure-open-air\/","url":"https:\/\/culture.ixelles.be\/fr\/events\/brume-ursqaure-open-air\/","name":"Brume @ursqaure Open Air - Ixelles","isPartOf":{"@id":"https:\/\/culture.ixelles.be\/fr\/#website"},"primaryImageOfPage":{"@id":"https:\/\/culture.ixelles.be\/fr\/events\/brume-ursqaure-open-air\/#primaryimage"},"image":{"@id":"https:\/\/culture.ixelles.be\/fr\/events\/brume-ursqaure-open-air\/#primaryimage"},"thumbnailUrl":"https:\/\/culture.ixelles.be\/wp-content\/uploads\/2026\/09\/b4e6b9b9a568333498cd40db0ed3c669a5585577.png","datePublished":"2026-09-03T23:08:05+00:00","breadcrumb":{"@id":"https:\/\/culture.ixelles.be\/fr\/events\/brume-ursqaure-open-air\/#breadcrumb"},"inLanguage":"fr-FR","potentialAction":[{"@type":"ReadAction","target":["https:\/\/culture.ixelles.be\/fr\/events\/brume-ursqaure-open-air\/"]}]},{"@type":"ImageObject","inLanguage":"fr-FR","@id":"https:\/\/culture.ixelles.be\/fr\/events\/brume-ursqaure-open-air\/#primaryimage","url":"https:\/\/culture.ixelles.be\/wp-content\/uploads\/2026\/09\/b4e6b9b9a568333498cd40db0ed3c669a5585577.png","contentUrl":"https:\/\/culture.ixelles.be\/wp-content\/uploads\/2026\/09\/b4e6b9b9a568333498cd40db0ed3c669a5585577.png","width":2340,"height":866},{"@type":"BreadcrumbList","@id":"https:\/\/culture.ixelles.be\/fr\/events\/brume-ursqaure-open-air\/#breadcrumb","itemListElement":[{"@type":"ListItem","position":1,"name":"Accueil","item":"https:\/\/culture.ixelles.be\/fr\/"},{"@type":"ListItem","position":2,"name":"Events","item":"https:\/\/culture.ixelles.be\/fr\/events\/"},{"@type":"ListItem","position":3,"name":"Brume @ursqaure Open Air"}]},{"@type":"WebSite","@id":"https:\/\/culture.ixelles.be\/fr\/#website","url":"https:\/\/culture.ixelles.be\/fr\/","name":"Ixelles","description":"","publisher":{"@id":"https:\/\/culture.ixelles.be\/fr\/#organization"},"potentialAction":[{"@type":"SearchAction","target":{"@type":"EntryPoint","urlTemplate":"https:\/\/culture.ixelles.be\/fr\/?s={search_term_string}"},"query-input":{"@type":"PropertyValueSpecification","valueRequired":true,"valueName":"search_term_string"}}],"inLanguage":"fr-FR"},{"@type":"Organization","@id":"https:\/\/culture.ixelles.be\/fr\/#organization","name":"Service culture Ixelles","url":"https:\/\/culture.ixelles.be\/fr\/","logo":{"@type":"ImageObject","inLanguage":"fr-FR","@id":"https:\/\/culture.ixelles.be\/fr\/#\/schema\/logo\/image\/","url":"https:\/\/culture.ixelles.be\/wp-content\/uploads\/2021\/05\/ixelles_green.svg","contentUrl":"https:\/\/culture.ixelles.be\/wp-content\/uploads\/2021\/05\/ixelles_green.svg","width":1,"height":1,"caption":"Service culture Ixelles"},"image":{"@id":"https:\/\/culture.ixelles.be\/fr\/#\/schema\/logo\/image\/"}}]}},"_links":{"self":[{"href":"https:\/\/culture.ixelles.be\/fr\/wp-json\/wp\/v2\/events\/1990860"}],"collection":[{"href":"https:\/\/culture.ixelles.be\/fr\/wp-json\/wp\/v2\/events"}],"about":[{"href":"https:\/\/culture.ixelles.be\/fr\/wp-json\/wp\/v2\/types\/events"}],"author":[{"embeddable":true,"href":"https:\/\/culture.ixelles.be\/fr\/wp-json\/wp\/v2\/users\/1"}],"replies":[{"embeddable":true,"href":"https:\/\/culture.ixelles.be\/fr\/wp-json\/wp\/v2\/comments?post=1990860"}],"version-history":[{"count":0,"href":"https:\/\/culture.ixelles.be\/fr\/wp-json\/wp\/v2\/events\/1990860\/revisions"}],"wp:featuredmedia":[{"embeddable":true,"href":"https:\/\/culture.ixelles.be\/fr\/wp-json\/wp\/v2\/media\/1990863"}],"wp:attachment":[{"href":"https:\/\/culture.ixelles.be\/fr\/wp-json\/wp\/v2\/media?parent=1990860"}],"curies":[{"name":"wp","href":"https:\/\/api.w.org\/{rel}","templated":true}]}}

<p>Après une précédente édition mémorable qui a conquis les cœurs, le collectif Brume est de retour à la maison pour clôturer la saison estivale en beauté ! Rendez-vous ce vendredi 11 septembre pour une grande fête à ciel ouvert dans le cadre chaleureux et convivial d&rsquo;UR Square.</p>
<p>De 16h à 22h, venez profiter des derniers rayons de l&rsquo;été au son d&rsquo;une programmation musicale pointue et 100 % locale, pensée pour faire monter l&rsquo;énergie crescendo jusqu&rsquo;au crépuscule :</p>
<p>16h00 – 18h00 : Velota (warm-up solaire et immersif)</p>
<p>18h00 – 20h00 : Nemea6 (montée en puissance et grooves percutants)</p>
<p>20h00 – 22h00 : Kat b2b TrèsBeauParadisFiscal (clôture explosive sous les étoiles)</p>
<p>Entre verres rafraîchissants, sourires complices et pas de danse partagés, offrez-vous une dernière parenthèse festive avant l&rsquo;automne. Rassemblez votre crew, l&rsquo;accès est entièrement libre et gratuit !</p>

<p>Après une précédente édition mémorable qui a conquis les cœurs, le collectif Brume est de retour à la maison pour clôturer la saison estivale en beauté ! Rendez-vous ce vendredi 11 septembre pour une grande fête à ciel ouvert dans le cadre chaleureux et convivial d&rsquo;UR Square. De 16h à 22h, venez profiter des derniers [&hellip;]</p>

<!-- This site is optimized with the Yoast SEO plugin v24.5 - https://yoast.com/wordpress/plugins/seo/ -->
<title>Brume @ursqaure Open Air - Ixelles</title>
<meta name="robots" content="index, follow, max-snippet:-1, max-image-preview:large, max-video-preview:-1" />
<link rel="canonical" href="https://culture.ixelles.be/fr/events/brume-ursqaure-open-air/" />
<meta property="og:locale" content="fr_FR" />
<meta property="og:type" content="article" />
<meta property="og:title" content="Brume @ursqaure Open Air - Ixelles" />
<meta property="og:url" content="https://culture.ixelles.be/fr/events/brume-ursqaure-open-air/" />
<meta property="og:site_name" content="Ixelles" />
<meta name="twitter:card" content="summary_large_image" />
<meta name="twitter:label1" content="Durée de lecture estimée" />
	<meta name="twitter:data1" content="1 minute" />
<script type="application/ld+json" class="yoast-schema-graph">{"@context":"https://schema.org","@graph":[{"@type":"WebPage","@id":"https://culture.ixelles.be/fr/events/brume-ursqaure-open-air/","url":"https://culture.ixelles.be/fr/events/brume-ursqaure-open-air/","name":"Brume @ursqaure Open Air - Ixelles","isPartOf":{"@id":"https://culture.ixelles.be/fr/#website"},"primaryImageOfPage":{"@id":"https://culture.ixelles.be/fr/events/brume-ursqaure-open-air/#primaryimage"},"image":{"@id":"https://culture.ixelles.be/fr/events/brume-ursqaure-open-air/#primaryimage"},"thumbnailUrl":"https://culture.ixelles.be/wp-content/uploads/2026/09/b4e6b9b9a568333498cd40db0ed3c669a5585577.png","datePublished":"2026-09-03T23:08:05+00:00","breadcrumb":{"@id":"https://culture.ixelles.be/fr/events/brume-ursqaure-open-air/#breadcrumb"},"inLanguage":"fr-FR","potentialAction":[{"@type":"ReadAction","target":["https://culture.ixelles.be/fr/events/brume-ursqaure-open-air/"]}]},{"@type":"ImageObject","inLanguage":"fr-FR","@id":"https://culture.ixelles.be/fr/events/brume-ursqaure-open-air/#primaryimage","url":"https://culture.ixelles.be/wp-content/uploads/2026/09/b4e6b9b9a568333498cd40db0ed3c669a5585577.png","contentUrl":"https://culture.ixelles.be/wp-content/uploads/2026/09/b4e6b9b9a568333498cd40db0ed3c669a5585577.png","width":2340,"height":866},{"@type":"BreadcrumbList","@id":"https://culture.ixelles.be/fr/events/brume-ursqaure-open-air/#breadcrumb","itemListElement":[{"@type":"ListItem","position":1,"name":"Accueil","item":"https://culture.ixelles.be/fr/"},{"@type":"ListItem","position":2,"name":"Events","item":"https://culture.ixelles.be/fr/events/"},{"@type":"ListItem","position":3,"name":"Brume @ursqaure Open Air"}]},{"@type":"WebSite","@id":"https://culture.ixelles.be/fr/#website","url":"https://culture.ixelles.be/fr/","name":"Ixelles","description":"","publisher":{"@id":"https://culture.ixelles.be/fr/#organization"},"potentialAction":[{"@type":"SearchAction","target":{"@type":"EntryPoint","urlTemplate":"https://culture.ixelles.be/fr/?s={search_term_string}"},"query-input":{"@type":"PropertyValueSpecification","valueRequired":true,"valueName":"search_term_string"}}],"inLanguage":"fr-FR"},{"@type":"Organization","@id":"https://culture.ixelles.be/fr/#organization","name":"Service culture Ixelles","url":"https://culture.ixelles.be/fr/","logo":{"@type":"ImageObject","inLanguage":"fr-FR","@id":"https://culture.ixelles.be/fr/#/schema/logo/image/","url":"https://culture.ixelles.be/wp-content/uploads/2021/05/ixelles_green.svg","contentUrl":"https://culture.ixelles.be/wp-content/uploads/2021/05/ixelles_green.svg","width":1,"height":1,"caption":"Service culture Ixelles"},"image":{"@id":"https://culture.ixelles.be/fr/#/schema/logo/image/"}}]}</script>
<!-- / Yoast SEO plugin. -->
