{"id":1991043,"date":"2026-09-03T23:13:20","date_gmt":"2026-09-03T23:13:20","guid":{"rendered":"https:\/\/culture.ixelles.be\/events\/2026-solvay-public-lectures\/"},"modified":"2026-09-03T23:13:20","modified_gmt":"2026-09-03T23:13:20","slug":"2026-solvay-public-lectures","status":"publish","type":"events","link":"https:\/\/culture.ixelles.be\/fr\/events\/2026-solvay-public-lectures\/","title":{"rendered":"2026 Solvay Public Lectures"},"content":{"rendered":"<p>Depuis 2005, les Instituts internationaux Solvay organisent chaque ann\u00e9e une conf\u00e9rence destin\u00e9e au grand public, au cours de laquelle des scientifiques de premier plan sont invit\u00e9s \u00e0 pr\u00e9senter les derni\u00e8res avanc\u00e9es dans les domaines de la chimie, de la physique et de la biologie.<br \/>\n\u00c0 l&rsquo;issue des deux conf\u00e9rences, un panel de scientifiques de renom r\u00e9pondra \u00e0 vos questions. Vous pouvez d&rsquo;ores et d\u00e9j\u00e0 soumettre vos questions via ce formulaire, jusqu&rsquo;au 19 octobre.<\/p>\n","protected":false},"excerpt":{"rendered":"<p>Depuis 2005, les Instituts internationaux Solvay organisent chaque ann\u00e9e une conf\u00e9rence destin\u00e9e au grand public, au cours de laquelle des scientifiques de premier plan sont invit\u00e9s \u00e0 pr\u00e9senter les derni\u00e8res avanc\u00e9es dans les domaines de la chimie, de la physique et de la biologie. \u00c0 l&rsquo;issue des deux conf\u00e9rences, un panel de scientifiques de renom [&hellip;]<\/p>\n","protected":false},"author":1,"featured_media":1991046,"comment_status":"","ping_status":"closed","template":"","acf":[],"yoast_head":"<!-- This site is optimized with the Yoast SEO plugin v24.5 - https:\/\/yoast.com\/wordpress\/plugins\/seo\/ -->\n<title>2026 Solvay Public Lectures - Ixelles<\/title>\n<meta name=\"robots\" content=\"index, follow, max-snippet:-1, max-image-preview:large, max-video-preview:-1\" \/>\n<link rel=\"canonical\" href=\"https:\/\/culture.ixelles.be\/fr\/events\/2026-solvay-public-lectures\/\" \/>\n<meta property=\"og:locale\" content=\"fr_FR\" \/>\n<meta property=\"og:type\" content=\"article\" \/>\n<meta property=\"og:title\" content=\"2026 Solvay Public Lectures - Ixelles\" \/>\n<meta property=\"og:url\" content=\"https:\/\/culture.ixelles.be\/fr\/events\/2026-solvay-public-lectures\/\" \/>\n<meta property=\"og:site_name\" content=\"Ixelles\" \/>\n<meta name=\"twitter:card\" content=\"summary_large_image\" \/>\n<script type=\"application\/ld+json\" class=\"yoast-schema-graph\">{\"@context\":\"https:\/\/schema.org\",\"@graph\":[{\"@type\":\"WebPage\",\"@id\":\"https:\/\/culture.ixelles.be\/fr\/events\/2026-solvay-public-lectures\/\",\"url\":\"https:\/\/culture.ixelles.be\/fr\/events\/2026-solvay-public-lectures\/\",\"name\":\"2026 Solvay Public Lectures - Ixelles\",\"isPartOf\":{\"@id\":\"https:\/\/culture.ixelles.be\/fr\/#website\"},\"primaryImageOfPage\":{\"@id\":\"https:\/\/culture.ixelles.be\/fr\/events\/2026-solvay-public-lectures\/#primaryimage\"},\"image\":{\"@id\":\"https:\/\/culture.ixelles.be\/fr\/events\/2026-solvay-public-lectures\/#primaryimage\"},\"thumbnailUrl\":\"https:\/\/culture.ixelles.be\/wp-content\/uploads\/2026\/09\/1788410069202-13da08b12aadb88cabe2e6b7f5f42fdfdd4564a8.png\",\"datePublished\":\"2026-09-03T23:13:20+00:00\",\"breadcrumb\":{\"@id\":\"https:\/\/culture.ixelles.be\/fr\/events\/2026-solvay-public-lectures\/#breadcrumb\"},\"inLanguage\":\"fr-FR\",\"potentialAction\":[{\"@type\":\"ReadAction\",\"target\":[\"https:\/\/culture.ixelles.be\/fr\/events\/2026-solvay-public-lectures\/\"]}]},{\"@type\":\"ImageObject\",\"inLanguage\":\"fr-FR\",\"@id\":\"https:\/\/culture.ixelles.be\/fr\/events\/2026-solvay-public-lectures\/#primaryimage\",\"url\":\"https:\/\/culture.ixelles.be\/wp-content\/uploads\/2026\/09\/1788410069202-13da08b12aadb88cabe2e6b7f5f42fdfdd4564a8.png\",\"contentUrl\":\"https:\/\/culture.ixelles.be\/wp-content\/uploads\/2026\/09\/1788410069202-13da08b12aadb88cabe2e6b7f5f42fdfdd4564a8.png\",\"width\":1919,\"height\":1080},{\"@type\":\"BreadcrumbList\",\"@id\":\"https:\/\/culture.ixelles.be\/fr\/events\/2026-solvay-public-lectures\/#breadcrumb\",\"itemListElement\":[{\"@type\":\"ListItem\",\"position\":1,\"name\":\"Accueil\",\"item\":\"https:\/\/culture.ixelles.be\/fr\/\"},{\"@type\":\"ListItem\",\"position\":2,\"name\":\"Events\",\"item\":\"https:\/\/culture.ixelles.be\/fr\/events\/\"},{\"@type\":\"ListItem\",\"position\":3,\"name\":\"2026 Solvay Public Lectures\"}]},{\"@type\":\"WebSite\",\"@id\":\"https:\/\/culture.ixelles.be\/fr\/#website\",\"url\":\"https:\/\/culture.ixelles.be\/fr\/\",\"name\":\"Ixelles\",\"description\":\"\",\"publisher\":{\"@id\":\"https:\/\/culture.ixelles.be\/fr\/#organization\"},\"potentialAction\":[{\"@type\":\"SearchAction\",\"target\":{\"@type\":\"EntryPoint\",\"urlTemplate\":\"https:\/\/culture.ixelles.be\/fr\/?s={search_term_string}\"},\"query-input\":{\"@type\":\"PropertyValueSpecification\",\"valueRequired\":true,\"valueName\":\"search_term_string\"}}],\"inLanguage\":\"fr-FR\"},{\"@type\":\"Organization\",\"@id\":\"https:\/\/culture.ixelles.be\/fr\/#organization\",\"name\":\"Service culture Ixelles\",\"url\":\"https:\/\/culture.ixelles.be\/fr\/\",\"logo\":{\"@type\":\"ImageObject\",\"inLanguage\":\"fr-FR\",\"@id\":\"https:\/\/culture.ixelles.be\/fr\/#\/schema\/logo\/image\/\",\"url\":\"https:\/\/culture.ixelles.be\/wp-content\/uploads\/2021\/05\/ixelles_green.svg\",\"contentUrl\":\"https:\/\/culture.ixelles.be\/wp-content\/uploads\/2021\/05\/ixelles_green.svg\",\"width\":1,\"height\":1,\"caption\":\"Service culture Ixelles\"},\"image\":{\"@id\":\"https:\/\/culture.ixelles.be\/fr\/#\/schema\/logo\/image\/\"}}]}<\/script>\n<!-- \/ Yoast SEO plugin. -->","yoast_head_json":{"title":"2026 Solvay Public Lectures - Ixelles","robots":{"index":"index","follow":"follow","max-snippet":"max-snippet:-1","max-image-preview":"max-image-preview:large","max-video-preview":"max-video-preview:-1"},"canonical":"https:\/\/culture.ixelles.be\/fr\/events\/2026-solvay-public-lectures\/","og_locale":"fr_FR","og_type":"article","og_title":"2026 Solvay Public Lectures - Ixelles","og_url":"https:\/\/culture.ixelles.be\/fr\/events\/2026-solvay-public-lectures\/","og_site_name":"Ixelles","twitter_card":"summary_large_image","schema":{"@context":"https:\/\/schema.org","@graph":[{"@type":"WebPage","@id":"https:\/\/culture.ixelles.be\/fr\/events\/2026-solvay-public-lectures\/","url":"https:\/\/culture.ixelles.be\/fr\/events\/2026-solvay-public-lectures\/","name":"2026 Solvay Public Lectures - Ixelles","isPartOf":{"@id":"https:\/\/culture.ixelles.be\/fr\/#website"},"primaryImageOfPage":{"@id":"https:\/\/culture.ixelles.be\/fr\/events\/2026-solvay-public-lectures\/#primaryimage"},"image":{"@id":"https:\/\/culture.ixelles.be\/fr\/events\/2026-solvay-public-lectures\/#primaryimage"},"thumbnailUrl":"https:\/\/culture.ixelles.be\/wp-content\/uploads\/2026\/09\/1788410069202-13da08b12aadb88cabe2e6b7f5f42fdfdd4564a8.png","datePublished":"2026-09-03T23:13:20+00:00","breadcrumb":{"@id":"https:\/\/culture.ixelles.be\/fr\/events\/2026-solvay-public-lectures\/#breadcrumb"},"inLanguage":"fr-FR","potentialAction":[{"@type":"ReadAction","target":["https:\/\/culture.ixelles.be\/fr\/events\/2026-solvay-public-lectures\/"]}]},{"@type":"ImageObject","inLanguage":"fr-FR","@id":"https:\/\/culture.ixelles.be\/fr\/events\/2026-solvay-public-lectures\/#primaryimage","url":"https:\/\/culture.ixelles.be\/wp-content\/uploads\/2026\/09\/1788410069202-13da08b12aadb88cabe2e6b7f5f42fdfdd4564a8.png","contentUrl":"https:\/\/culture.ixelles.be\/wp-content\/uploads\/2026\/09\/1788410069202-13da08b12aadb88cabe2e6b7f5f42fdfdd4564a8.png","width":1919,"height":1080},{"@type":"BreadcrumbList","@id":"https:\/\/culture.ixelles.be\/fr\/events\/2026-solvay-public-lectures\/#breadcrumb","itemListElement":[{"@type":"ListItem","position":1,"name":"Accueil","item":"https:\/\/culture.ixelles.be\/fr\/"},{"@type":"ListItem","position":2,"name":"Events","item":"https:\/\/culture.ixelles.be\/fr\/events\/"},{"@type":"ListItem","position":3,"name":"2026 Solvay Public Lectures"}]},{"@type":"WebSite","@id":"https:\/\/culture.ixelles.be\/fr\/#website","url":"https:\/\/culture.ixelles.be\/fr\/","name":"Ixelles","description":"","publisher":{"@id":"https:\/\/culture.ixelles.be\/fr\/#organization"},"potentialAction":[{"@type":"SearchAction","target":{"@type":"EntryPoint","urlTemplate":"https:\/\/culture.ixelles.be\/fr\/?s={search_term_string}"},"query-input":{"@type":"PropertyValueSpecification","valueRequired":true,"valueName":"search_term_string"}}],"inLanguage":"fr-FR"},{"@type":"Organization","@id":"https:\/\/culture.ixelles.be\/fr\/#organization","name":"Service culture Ixelles","url":"https:\/\/culture.ixelles.be\/fr\/","logo":{"@type":"ImageObject","inLanguage":"fr-FR","@id":"https:\/\/culture.ixelles.be\/fr\/#\/schema\/logo\/image\/","url":"https:\/\/culture.ixelles.be\/wp-content\/uploads\/2021\/05\/ixelles_green.svg","contentUrl":"https:\/\/culture.ixelles.be\/wp-content\/uploads\/2021\/05\/ixelles_green.svg","width":1,"height":1,"caption":"Service culture Ixelles"},"image":{"@id":"https:\/\/culture.ixelles.be\/fr\/#\/schema\/logo\/image\/"}}]}},"_links":{"self":[{"href":"https:\/\/culture.ixelles.be\/fr\/wp-json\/wp\/v2\/events\/1991043"}],"collection":[{"href":"https:\/\/culture.ixelles.be\/fr\/wp-json\/wp\/v2\/events"}],"about":[{"href":"https:\/\/culture.ixelles.be\/fr\/wp-json\/wp\/v2\/types\/events"}],"author":[{"embeddable":true,"href":"https:\/\/culture.ixelles.be\/fr\/wp-json\/wp\/v2\/users\/1"}],"replies":[{"embeddable":true,"href":"https:\/\/culture.ixelles.be\/fr\/wp-json\/wp\/v2\/comments?post=1991043"}],"version-history":[{"count":0,"href":"https:\/\/culture.ixelles.be\/fr\/wp-json\/wp\/v2\/events\/1991043\/revisions"}],"wp:featuredmedia":[{"embeddable":true,"href":"https:\/\/culture.ixelles.be\/fr\/wp-json\/wp\/v2\/media\/1991046"}],"wp:attachment":[{"href":"https:\/\/culture.ixelles.be\/fr\/wp-json\/wp\/v2\/media?parent=1991043"}],"curies":[{"name":"wp","href":"https:\/\/api.w.org\/{rel}","templated":true}]}}

<p>Depuis 2005, les Instituts internationaux Solvay organisent chaque année une conférence destinée au grand public, au cours de laquelle des scientifiques de premier plan sont invités à présenter les dernières avancées dans les domaines de la chimie, de la physique et de la biologie.<br />
À l&rsquo;issue des deux conférences, un panel de scientifiques de renom répondra à vos questions. Vous pouvez d&rsquo;ores et déjà soumettre vos questions via ce formulaire, jusqu&rsquo;au 19 octobre.</p>

<p>Depuis 2005, les Instituts internationaux Solvay organisent chaque année une conférence destinée au grand public, au cours de laquelle des scientifiques de premier plan sont invités à présenter les dernières avancées dans les domaines de la chimie, de la physique et de la biologie. À l&rsquo;issue des deux conférences, un panel de scientifiques de renom [&hellip;]</p>
