{"id":1991839,"date":"2026-09-04T23:07:30","date_gmt":"2026-09-04T23:07:30","guid":{"rendered":"https:\/\/culture.ixelles.be\/events\/start-of-season-muziekpublique\/"},"modified":"2026-09-04T23:07:30","modified_gmt":"2026-09-04T23:07:30","slug":"start-of-season-muziekpublique","status":"publish","type":"events","link":"https:\/\/culture.ixelles.be\/fr\/events\/start-of-season-muziekpublique\/","title":{"rendered":"Start of Season | Muziekpublique"},"content":{"rendered":"<p>Venez ouvrir la saison de l\u2019Academy de Muziekpublique en musique avec nos professeurs et un concert in\u00e9dit. Ce Start of Season vous offrira un aper\u00e7u des talents artistiques et musicaux d\u00e9ploy\u00e9s dans le cadre des nouveaux cours propos\u00e9s cette ann\u00e9e. Pr\u00e9parez-vous \u00e0 une soir\u00e9e surprenante, avec des solos, duos, trios et autres combinaisons folles. Au programme:  croisements inattendus, moments d\u2019\u00e9motion, passion et plaisir.<\/p>\n<p>L\u2019Academy de Muziekpublique dispense une cinquantaine de cours de musique et de danse traditionnelles de septembre \u00e0 juin. Ces cours sont donn\u00e9s par les meilleurs artistes de la sc\u00e8ne musicale belge, c\u00e9l\u00e8bres au-del\u00e0 de ses fronti\u00e8res. L\u2019offre, unique en Europe, est chaque ann\u00e9e affin\u00e9e et m\u00eame \u00e9largie.<\/p>\n","protected":false},"excerpt":{"rendered":"<p>Venez ouvrir la saison de l\u2019Academy de Muziekpublique en musique avec nos professeurs et un concert in\u00e9dit. Ce Start of Season vous offrira un aper\u00e7u des talents artistiques et musicaux d\u00e9ploy\u00e9s dans le cadre des nouveaux cours propos\u00e9s cette ann\u00e9e. Pr\u00e9parez-vous \u00e0 une soir\u00e9e surprenante, avec des solos, duos, trios et autres combinaisons folles. Au [&hellip;]<\/p>\n","protected":false},"author":1,"featured_media":1991842,"comment_status":"","ping_status":"closed","template":"","acf":[],"yoast_head":"<!-- This site is optimized with the Yoast SEO plugin v24.5 - https:\/\/yoast.com\/wordpress\/plugins\/seo\/ -->\n<title>Start of Season | Muziekpublique - Ixelles<\/title>\n<meta name=\"robots\" content=\"index, follow, max-snippet:-1, max-image-preview:large, max-video-preview:-1\" \/>\n<link rel=\"canonical\" href=\"https:\/\/culture.ixelles.be\/fr\/events\/start-of-season-muziekpublique\/\" \/>\n<meta property=\"og:locale\" content=\"fr_FR\" \/>\n<meta property=\"og:type\" content=\"article\" \/>\n<meta property=\"og:title\" content=\"Start of Season | Muziekpublique - Ixelles\" \/>\n<meta property=\"og:url\" content=\"https:\/\/culture.ixelles.be\/fr\/events\/start-of-season-muziekpublique\/\" \/>\n<meta property=\"og:site_name\" content=\"Ixelles\" \/>\n<meta name=\"twitter:card\" content=\"summary_large_image\" \/>\n<meta name=\"twitter:label1\" content=\"Dur\u00e9e de lecture estim\u00e9e\" \/>\n\t<meta name=\"twitter:data1\" content=\"1 minute\" \/>\n<script type=\"application\/ld+json\" class=\"yoast-schema-graph\">{\"@context\":\"https:\/\/schema.org\",\"@graph\":[{\"@type\":\"WebPage\",\"@id\":\"https:\/\/culture.ixelles.be\/fr\/events\/start-of-season-muziekpublique\/\",\"url\":\"https:\/\/culture.ixelles.be\/fr\/events\/start-of-season-muziekpublique\/\",\"name\":\"Start of Season | Muziekpublique - Ixelles\",\"isPartOf\":{\"@id\":\"https:\/\/culture.ixelles.be\/fr\/#website\"},\"primaryImageOfPage\":{\"@id\":\"https:\/\/culture.ixelles.be\/fr\/events\/start-of-season-muziekpublique\/#primaryimage\"},\"image\":{\"@id\":\"https:\/\/culture.ixelles.be\/fr\/events\/start-of-season-muziekpublique\/#primaryimage\"},\"thumbnailUrl\":\"https:\/\/culture.ixelles.be\/wp-content\/uploads\/2026\/09\/2843da37eb137b09d4e4fea4a7d112c139000a01.jpg\",\"datePublished\":\"2026-09-04T23:07:30+00:00\",\"breadcrumb\":{\"@id\":\"https:\/\/culture.ixelles.be\/fr\/events\/start-of-season-muziekpublique\/#breadcrumb\"},\"inLanguage\":\"fr-FR\",\"potentialAction\":[{\"@type\":\"ReadAction\",\"target\":[\"https:\/\/culture.ixelles.be\/fr\/events\/start-of-season-muziekpublique\/\"]}]},{\"@type\":\"ImageObject\",\"inLanguage\":\"fr-FR\",\"@id\":\"https:\/\/culture.ixelles.be\/fr\/events\/start-of-season-muziekpublique\/#primaryimage\",\"url\":\"https:\/\/culture.ixelles.be\/wp-content\/uploads\/2026\/09\/2843da37eb137b09d4e4fea4a7d112c139000a01.jpg\",\"contentUrl\":\"https:\/\/culture.ixelles.be\/wp-content\/uploads\/2026\/09\/2843da37eb137b09d4e4fea4a7d112c139000a01.jpg\",\"width\":2822,\"height\":1881},{\"@type\":\"BreadcrumbList\",\"@id\":\"https:\/\/culture.ixelles.be\/fr\/events\/start-of-season-muziekpublique\/#breadcrumb\",\"itemListElement\":[{\"@type\":\"ListItem\",\"position\":1,\"name\":\"Accueil\",\"item\":\"https:\/\/culture.ixelles.be\/fr\/\"},{\"@type\":\"ListItem\",\"position\":2,\"name\":\"Events\",\"item\":\"https:\/\/culture.ixelles.be\/fr\/events\/\"},{\"@type\":\"ListItem\",\"position\":3,\"name\":\"Start of Season | Muziekpublique\"}]},{\"@type\":\"WebSite\",\"@id\":\"https:\/\/culture.ixelles.be\/fr\/#website\",\"url\":\"https:\/\/culture.ixelles.be\/fr\/\",\"name\":\"Ixelles\",\"description\":\"\",\"publisher\":{\"@id\":\"https:\/\/culture.ixelles.be\/fr\/#organization\"},\"potentialAction\":[{\"@type\":\"SearchAction\",\"target\":{\"@type\":\"EntryPoint\",\"urlTemplate\":\"https:\/\/culture.ixelles.be\/fr\/?s={search_term_string}\"},\"query-input\":{\"@type\":\"PropertyValueSpecification\",\"valueRequired\":true,\"valueName\":\"search_term_string\"}}],\"inLanguage\":\"fr-FR\"},{\"@type\":\"Organization\",\"@id\":\"https:\/\/culture.ixelles.be\/fr\/#organization\",\"name\":\"Service culture Ixelles\",\"url\":\"https:\/\/culture.ixelles.be\/fr\/\",\"logo\":{\"@type\":\"ImageObject\",\"inLanguage\":\"fr-FR\",\"@id\":\"https:\/\/culture.ixelles.be\/fr\/#\/schema\/logo\/image\/\",\"url\":\"https:\/\/culture.ixelles.be\/wp-content\/uploads\/2021\/05\/ixelles_green.svg\",\"contentUrl\":\"https:\/\/culture.ixelles.be\/wp-content\/uploads\/2021\/05\/ixelles_green.svg\",\"width\":1,\"height\":1,\"caption\":\"Service culture Ixelles\"},\"image\":{\"@id\":\"https:\/\/culture.ixelles.be\/fr\/#\/schema\/logo\/image\/\"}}]}<\/script>\n<!-- \/ Yoast SEO plugin. -->","yoast_head_json":{"title":"Start of Season | Muziekpublique - Ixelles","robots":{"index":"index","follow":"follow","max-snippet":"max-snippet:-1","max-image-preview":"max-image-preview:large","max-video-preview":"max-video-preview:-1"},"canonical":"https:\/\/culture.ixelles.be\/fr\/events\/start-of-season-muziekpublique\/","og_locale":"fr_FR","og_type":"article","og_title":"Start of Season | Muziekpublique - Ixelles","og_url":"https:\/\/culture.ixelles.be\/fr\/events\/start-of-season-muziekpublique\/","og_site_name":"Ixelles","twitter_card":"summary_large_image","twitter_misc":{"Dur\u00e9e de lecture estim\u00e9e":"1 minute"},"schema":{"@context":"https:\/\/schema.org","@graph":[{"@type":"WebPage","@id":"https:\/\/culture.ixelles.be\/fr\/events\/start-of-season-muziekpublique\/","url":"https:\/\/culture.ixelles.be\/fr\/events\/start-of-season-muziekpublique\/","name":"Start of Season | Muziekpublique - Ixelles","isPartOf":{"@id":"https:\/\/culture.ixelles.be\/fr\/#website"},"primaryImageOfPage":{"@id":"https:\/\/culture.ixelles.be\/fr\/events\/start-of-season-muziekpublique\/#primaryimage"},"image":{"@id":"https:\/\/culture.ixelles.be\/fr\/events\/start-of-season-muziekpublique\/#primaryimage"},"thumbnailUrl":"https:\/\/culture.ixelles.be\/wp-content\/uploads\/2026\/09\/2843da37eb137b09d4e4fea4a7d112c139000a01.jpg","datePublished":"2026-09-04T23:07:30+00:00","breadcrumb":{"@id":"https:\/\/culture.ixelles.be\/fr\/events\/start-of-season-muziekpublique\/#breadcrumb"},"inLanguage":"fr-FR","potentialAction":[{"@type":"ReadAction","target":["https:\/\/culture.ixelles.be\/fr\/events\/start-of-season-muziekpublique\/"]}]},{"@type":"ImageObject","inLanguage":"fr-FR","@id":"https:\/\/culture.ixelles.be\/fr\/events\/start-of-season-muziekpublique\/#primaryimage","url":"https:\/\/culture.ixelles.be\/wp-content\/uploads\/2026\/09\/2843da37eb137b09d4e4fea4a7d112c139000a01.jpg","contentUrl":"https:\/\/culture.ixelles.be\/wp-content\/uploads\/2026\/09\/2843da37eb137b09d4e4fea4a7d112c139000a01.jpg","width":2822,"height":1881},{"@type":"BreadcrumbList","@id":"https:\/\/culture.ixelles.be\/fr\/events\/start-of-season-muziekpublique\/#breadcrumb","itemListElement":[{"@type":"ListItem","position":1,"name":"Accueil","item":"https:\/\/culture.ixelles.be\/fr\/"},{"@type":"ListItem","position":2,"name":"Events","item":"https:\/\/culture.ixelles.be\/fr\/events\/"},{"@type":"ListItem","position":3,"name":"Start of Season | Muziekpublique"}]},{"@type":"WebSite","@id":"https:\/\/culture.ixelles.be\/fr\/#website","url":"https:\/\/culture.ixelles.be\/fr\/","name":"Ixelles","description":"","publisher":{"@id":"https:\/\/culture.ixelles.be\/fr\/#organization"},"potentialAction":[{"@type":"SearchAction","target":{"@type":"EntryPoint","urlTemplate":"https:\/\/culture.ixelles.be\/fr\/?s={search_term_string}"},"query-input":{"@type":"PropertyValueSpecification","valueRequired":true,"valueName":"search_term_string"}}],"inLanguage":"fr-FR"},{"@type":"Organization","@id":"https:\/\/culture.ixelles.be\/fr\/#organization","name":"Service culture Ixelles","url":"https:\/\/culture.ixelles.be\/fr\/","logo":{"@type":"ImageObject","inLanguage":"fr-FR","@id":"https:\/\/culture.ixelles.be\/fr\/#\/schema\/logo\/image\/","url":"https:\/\/culture.ixelles.be\/wp-content\/uploads\/2021\/05\/ixelles_green.svg","contentUrl":"https:\/\/culture.ixelles.be\/wp-content\/uploads\/2021\/05\/ixelles_green.svg","width":1,"height":1,"caption":"Service culture Ixelles"},"image":{"@id":"https:\/\/culture.ixelles.be\/fr\/#\/schema\/logo\/image\/"}}]}},"_links":{"self":[{"href":"https:\/\/culture.ixelles.be\/fr\/wp-json\/wp\/v2\/events\/1991839"}],"collection":[{"href":"https:\/\/culture.ixelles.be\/fr\/wp-json\/wp\/v2\/events"}],"about":[{"href":"https:\/\/culture.ixelles.be\/fr\/wp-json\/wp\/v2\/types\/events"}],"author":[{"embeddable":true,"href":"https:\/\/culture.ixelles.be\/fr\/wp-json\/wp\/v2\/users\/1"}],"replies":[{"embeddable":true,"href":"https:\/\/culture.ixelles.be\/fr\/wp-json\/wp\/v2\/comments?post=1991839"}],"version-history":[{"count":0,"href":"https:\/\/culture.ixelles.be\/fr\/wp-json\/wp\/v2\/events\/1991839\/revisions"}],"wp:featuredmedia":[{"embeddable":true,"href":"https:\/\/culture.ixelles.be\/fr\/wp-json\/wp\/v2\/media\/1991842"}],"wp:attachment":[{"href":"https:\/\/culture.ixelles.be\/fr\/wp-json\/wp\/v2\/media?parent=1991839"}],"curies":[{"name":"wp","href":"https:\/\/api.w.org\/{rel}","templated":true}]}}

<p>Venez ouvrir la saison de l’Academy de Muziekpublique en musique avec nos professeurs et un concert inédit. Ce Start of Season vous offrira un aperçu des talents artistiques et musicaux déployés dans le cadre des nouveaux cours proposés cette année. Préparez-vous à une soirée surprenante, avec des solos, duos, trios et autres combinaisons folles. Au programme:  croisements inattendus, moments d’émotion, passion et plaisir.</p>
<p>L’Academy de Muziekpublique dispense une cinquantaine de cours de musique et de danse traditionnelles de septembre à juin. Ces cours sont donnés par les meilleurs artistes de la scène musicale belge, célèbres au-delà de ses frontières. L’offre, unique en Europe, est chaque année affinée et même élargie.</p>

<p>Venez ouvrir la saison de l’Academy de Muziekpublique en musique avec nos professeurs et un concert inédit. Ce Start of Season vous offrira un aperçu des talents artistiques et musicaux déployés dans le cadre des nouveaux cours proposés cette année. Préparez-vous à une soirée surprenante, avec des solos, duos, trios et autres combinaisons folles. Au [&hellip;]</p>

<!-- This site is optimized with the Yoast SEO plugin v24.5 - https://yoast.com/wordpress/plugins/seo/ -->
<title>Start of Season | Muziekpublique - Ixelles</title>
<meta name="robots" content="index, follow, max-snippet:-1, max-image-preview:large, max-video-preview:-1" />
<link rel="canonical" href="https://culture.ixelles.be/fr/events/start-of-season-muziekpublique/" />
<meta property="og:locale" content="fr_FR" />
<meta property="og:type" content="article" />
<meta property="og:title" content="Start of Season | Muziekpublique - Ixelles" />
<meta property="og:url" content="https://culture.ixelles.be/fr/events/start-of-season-muziekpublique/" />
<meta property="og:site_name" content="Ixelles" />
<meta name="twitter:card" content="summary_large_image" />
<meta name="twitter:label1" content="Durée de lecture estimée" />
	<meta name="twitter:data1" content="1 minute" />
<script type="application/ld+json" class="yoast-schema-graph">{"@context":"https://schema.org","@graph":[{"@type":"WebPage","@id":"https://culture.ixelles.be/fr/events/start-of-season-muziekpublique/","url":"https://culture.ixelles.be/fr/events/start-of-season-muziekpublique/","name":"Start of Season | Muziekpublique - Ixelles","isPartOf":{"@id":"https://culture.ixelles.be/fr/#website"},"primaryImageOfPage":{"@id":"https://culture.ixelles.be/fr/events/start-of-season-muziekpublique/#primaryimage"},"image":{"@id":"https://culture.ixelles.be/fr/events/start-of-season-muziekpublique/#primaryimage"},"thumbnailUrl":"https://culture.ixelles.be/wp-content/uploads/2026/09/2843da37eb137b09d4e4fea4a7d112c139000a01.jpg","datePublished":"2026-09-04T23:07:30+00:00","breadcrumb":{"@id":"https://culture.ixelles.be/fr/events/start-of-season-muziekpublique/#breadcrumb"},"inLanguage":"fr-FR","potentialAction":[{"@type":"ReadAction","target":["https://culture.ixelles.be/fr/events/start-of-season-muziekpublique/"]}]},{"@type":"ImageObject","inLanguage":"fr-FR","@id":"https://culture.ixelles.be/fr/events/start-of-season-muziekpublique/#primaryimage","url":"https://culture.ixelles.be/wp-content/uploads/2026/09/2843da37eb137b09d4e4fea4a7d112c139000a01.jpg","contentUrl":"https://culture.ixelles.be/wp-content/uploads/2026/09/2843da37eb137b09d4e4fea4a7d112c139000a01.jpg","width":2822,"height":1881},{"@type":"BreadcrumbList","@id":"https://culture.ixelles.be/fr/events/start-of-season-muziekpublique/#breadcrumb","itemListElement":[{"@type":"ListItem","position":1,"name":"Accueil","item":"https://culture.ixelles.be/fr/"},{"@type":"ListItem","position":2,"name":"Events","item":"https://culture.ixelles.be/fr/events/"},{"@type":"ListItem","position":3,"name":"Start of Season | Muziekpublique"}]},{"@type":"WebSite","@id":"https://culture.ixelles.be/fr/#website","url":"https://culture.ixelles.be/fr/","name":"Ixelles","description":"","publisher":{"@id":"https://culture.ixelles.be/fr/#organization"},"potentialAction":[{"@type":"SearchAction","target":{"@type":"EntryPoint","urlTemplate":"https://culture.ixelles.be/fr/?s={search_term_string}"},"query-input":{"@type":"PropertyValueSpecification","valueRequired":true,"valueName":"search_term_string"}}],"inLanguage":"fr-FR"},{"@type":"Organization","@id":"https://culture.ixelles.be/fr/#organization","name":"Service culture Ixelles","url":"https://culture.ixelles.be/fr/","logo":{"@type":"ImageObject","inLanguage":"fr-FR","@id":"https://culture.ixelles.be/fr/#/schema/logo/image/","url":"https://culture.ixelles.be/wp-content/uploads/2021/05/ixelles_green.svg","contentUrl":"https://culture.ixelles.be/wp-content/uploads/2021/05/ixelles_green.svg","width":1,"height":1,"caption":"Service culture Ixelles"},"image":{"@id":"https://culture.ixelles.be/fr/#/schema/logo/image/"}}]}</script>
<!-- / Yoast SEO plugin. -->
