{"id":1991851,"date":"2026-09-04T23:07:42","date_gmt":"2026-09-04T23:07:42","guid":{"rendered":"https:\/\/culture.ixelles.be\/events\/flow\/"},"modified":"2026-09-04T23:07:42","modified_gmt":"2026-09-04T23:07:42","slug":"flow","status":"publish","type":"events","link":"https:\/\/culture.ixelles.be\/fr\/events\/flow\/","title":{"rendered":"Flow"},"content":{"rendered":"<p>Au c\u0153ur de cette cr\u00e9ation, il y a la rencontre: celle qui passe par la pr\u00e9sence et l\u2019\u00e9coute, par ce qui circule entre nous. Le souffle y devient moteur. Il traverse, d\u00e9place, d\u00e9s\u00e9quilibre. Il ouvre des \u00e9tats de corps, il permet le son, le premier cri, celui qui fait lien entre soi et le monde ; celui qui dit que l\u2019on est vivant\u00b7e, que l\u2019on ressent, que l\u2019on partage, que l\u2019on peut s\u2019\u00e9mouvoir.<\/p>\n<p>Danse, saxophone et chant transforment cette respiration premi\u00e8re en exp\u00e9rience v\u00e9cue ensemble. Les enfants sont invit\u00e9\u00b7es \u00e0 entrer dans cet espace, parfois au plus pr\u00e8s des interpr\u00e8tes, parfois dans le lieu m\u00eame du jeu. FLOw propose ainsi une premi\u00e8re exp\u00e9rience du spectacle vivant comme un espace de rencontre et d\u2019\u00e9coute, o\u00f9 quelque chose du monde commence \u00e0 se dire autrement.<\/p>\n<p>\u200b<\/p>\n<p>Avec le soutien de \u00e9kla, Jeunesses Musicales, La V\u00e9nerie, Espace de cultures Columban, Jazz Station, GC Pianofabriek, Delta Namur, CC Namur, SKA, CC Soumagne, CC Waremme, SPOTT, CC Silly, CC Braine l\u2019Alleud, Pierre de Lune, La Maison Qui Chante.<\/p>\n<p>S\u00e9ances scolaires le lun 5 octobre \u00e0 9h30 et 11h et le mar 6 octobre \u00e0 9h30, organis\u00e9es par www.pierredelune.be<\/p>\n","protected":false},"excerpt":{"rendered":"<p>Au c\u0153ur de cette cr\u00e9ation, il y a la rencontre: celle qui passe par la pr\u00e9sence et l\u2019\u00e9coute, par ce qui circule entre nous. Le souffle y devient moteur. Il traverse, d\u00e9place, d\u00e9s\u00e9quilibre. Il ouvre des \u00e9tats de corps, il permet le son, le premier cri, celui qui fait lien entre soi et le monde [&hellip;]<\/p>\n","protected":false},"author":1,"featured_media":0,"comment_status":"","ping_status":"closed","template":"","acf":[],"yoast_head":"<!-- This site is optimized with the Yoast SEO plugin v24.5 - https:\/\/yoast.com\/wordpress\/plugins\/seo\/ -->\n<title>Flow - Ixelles<\/title>\n<meta name=\"robots\" content=\"index, follow, max-snippet:-1, max-image-preview:large, max-video-preview:-1\" \/>\n<link rel=\"canonical\" href=\"https:\/\/culture.ixelles.be\/fr\/events\/flow\/\" \/>\n<meta property=\"og:locale\" content=\"fr_FR\" \/>\n<meta property=\"og:type\" content=\"article\" \/>\n<meta property=\"og:title\" content=\"Flow - Ixelles\" \/>\n<meta property=\"og:url\" content=\"https:\/\/culture.ixelles.be\/fr\/events\/flow\/\" \/>\n<meta property=\"og:site_name\" content=\"Ixelles\" \/>\n<meta name=\"twitter:card\" content=\"summary_large_image\" \/>\n<meta name=\"twitter:label1\" content=\"Dur\u00e9e de lecture estim\u00e9e\" \/>\n\t<meta name=\"twitter:data1\" content=\"1 minute\" \/>\n<script type=\"application\/ld+json\" class=\"yoast-schema-graph\">{\"@context\":\"https:\/\/schema.org\",\"@graph\":[{\"@type\":\"WebPage\",\"@id\":\"https:\/\/culture.ixelles.be\/fr\/events\/flow\/\",\"url\":\"https:\/\/culture.ixelles.be\/fr\/events\/flow\/\",\"name\":\"Flow - Ixelles\",\"isPartOf\":{\"@id\":\"https:\/\/culture.ixelles.be\/fr\/#website\"},\"datePublished\":\"2026-09-04T23:07:42+00:00\",\"breadcrumb\":{\"@id\":\"https:\/\/culture.ixelles.be\/fr\/events\/flow\/#breadcrumb\"},\"inLanguage\":\"fr-FR\",\"potentialAction\":[{\"@type\":\"ReadAction\",\"target\":[\"https:\/\/culture.ixelles.be\/fr\/events\/flow\/\"]}]},{\"@type\":\"BreadcrumbList\",\"@id\":\"https:\/\/culture.ixelles.be\/fr\/events\/flow\/#breadcrumb\",\"itemListElement\":[{\"@type\":\"ListItem\",\"position\":1,\"name\":\"Accueil\",\"item\":\"https:\/\/culture.ixelles.be\/fr\/\"},{\"@type\":\"ListItem\",\"position\":2,\"name\":\"Events\",\"item\":\"https:\/\/culture.ixelles.be\/fr\/events\/\"},{\"@type\":\"ListItem\",\"position\":3,\"name\":\"Flow\"}]},{\"@type\":\"WebSite\",\"@id\":\"https:\/\/culture.ixelles.be\/fr\/#website\",\"url\":\"https:\/\/culture.ixelles.be\/fr\/\",\"name\":\"Ixelles\",\"description\":\"\",\"publisher\":{\"@id\":\"https:\/\/culture.ixelles.be\/fr\/#organization\"},\"potentialAction\":[{\"@type\":\"SearchAction\",\"target\":{\"@type\":\"EntryPoint\",\"urlTemplate\":\"https:\/\/culture.ixelles.be\/fr\/?s={search_term_string}\"},\"query-input\":{\"@type\":\"PropertyValueSpecification\",\"valueRequired\":true,\"valueName\":\"search_term_string\"}}],\"inLanguage\":\"fr-FR\"},{\"@type\":\"Organization\",\"@id\":\"https:\/\/culture.ixelles.be\/fr\/#organization\",\"name\":\"Service culture Ixelles\",\"url\":\"https:\/\/culture.ixelles.be\/fr\/\",\"logo\":{\"@type\":\"ImageObject\",\"inLanguage\":\"fr-FR\",\"@id\":\"https:\/\/culture.ixelles.be\/fr\/#\/schema\/logo\/image\/\",\"url\":\"https:\/\/culture.ixelles.be\/wp-content\/uploads\/2021\/05\/ixelles_green.svg\",\"contentUrl\":\"https:\/\/culture.ixelles.be\/wp-content\/uploads\/2021\/05\/ixelles_green.svg\",\"width\":1,\"height\":1,\"caption\":\"Service culture Ixelles\"},\"image\":{\"@id\":\"https:\/\/culture.ixelles.be\/fr\/#\/schema\/logo\/image\/\"}}]}<\/script>\n<!-- \/ Yoast SEO plugin. -->","yoast_head_json":{"title":"Flow - Ixelles","robots":{"index":"index","follow":"follow","max-snippet":"max-snippet:-1","max-image-preview":"max-image-preview:large","max-video-preview":"max-video-preview:-1"},"canonical":"https:\/\/culture.ixelles.be\/fr\/events\/flow\/","og_locale":"fr_FR","og_type":"article","og_title":"Flow - Ixelles","og_url":"https:\/\/culture.ixelles.be\/fr\/events\/flow\/","og_site_name":"Ixelles","twitter_card":"summary_large_image","twitter_misc":{"Dur\u00e9e de lecture estim\u00e9e":"1 minute"},"schema":{"@context":"https:\/\/schema.org","@graph":[{"@type":"WebPage","@id":"https:\/\/culture.ixelles.be\/fr\/events\/flow\/","url":"https:\/\/culture.ixelles.be\/fr\/events\/flow\/","name":"Flow - Ixelles","isPartOf":{"@id":"https:\/\/culture.ixelles.be\/fr\/#website"},"datePublished":"2026-09-04T23:07:42+00:00","breadcrumb":{"@id":"https:\/\/culture.ixelles.be\/fr\/events\/flow\/#breadcrumb"},"inLanguage":"fr-FR","potentialAction":[{"@type":"ReadAction","target":["https:\/\/culture.ixelles.be\/fr\/events\/flow\/"]}]},{"@type":"BreadcrumbList","@id":"https:\/\/culture.ixelles.be\/fr\/events\/flow\/#breadcrumb","itemListElement":[{"@type":"ListItem","position":1,"name":"Accueil","item":"https:\/\/culture.ixelles.be\/fr\/"},{"@type":"ListItem","position":2,"name":"Events","item":"https:\/\/culture.ixelles.be\/fr\/events\/"},{"@type":"ListItem","position":3,"name":"Flow"}]},{"@type":"WebSite","@id":"https:\/\/culture.ixelles.be\/fr\/#website","url":"https:\/\/culture.ixelles.be\/fr\/","name":"Ixelles","description":"","publisher":{"@id":"https:\/\/culture.ixelles.be\/fr\/#organization"},"potentialAction":[{"@type":"SearchAction","target":{"@type":"EntryPoint","urlTemplate":"https:\/\/culture.ixelles.be\/fr\/?s={search_term_string}"},"query-input":{"@type":"PropertyValueSpecification","valueRequired":true,"valueName":"search_term_string"}}],"inLanguage":"fr-FR"},{"@type":"Organization","@id":"https:\/\/culture.ixelles.be\/fr\/#organization","name":"Service culture Ixelles","url":"https:\/\/culture.ixelles.be\/fr\/","logo":{"@type":"ImageObject","inLanguage":"fr-FR","@id":"https:\/\/culture.ixelles.be\/fr\/#\/schema\/logo\/image\/","url":"https:\/\/culture.ixelles.be\/wp-content\/uploads\/2021\/05\/ixelles_green.svg","contentUrl":"https:\/\/culture.ixelles.be\/wp-content\/uploads\/2021\/05\/ixelles_green.svg","width":1,"height":1,"caption":"Service culture Ixelles"},"image":{"@id":"https:\/\/culture.ixelles.be\/fr\/#\/schema\/logo\/image\/"}}]}},"_links":{"self":[{"href":"https:\/\/culture.ixelles.be\/fr\/wp-json\/wp\/v2\/events\/1991851"}],"collection":[{"href":"https:\/\/culture.ixelles.be\/fr\/wp-json\/wp\/v2\/events"}],"about":[{"href":"https:\/\/culture.ixelles.be\/fr\/wp-json\/wp\/v2\/types\/events"}],"author":[{"embeddable":true,"href":"https:\/\/culture.ixelles.be\/fr\/wp-json\/wp\/v2\/users\/1"}],"replies":[{"embeddable":true,"href":"https:\/\/culture.ixelles.be\/fr\/wp-json\/wp\/v2\/comments?post=1991851"}],"version-history":[{"count":0,"href":"https:\/\/culture.ixelles.be\/fr\/wp-json\/wp\/v2\/events\/1991851\/revisions"}],"wp:attachment":[{"href":"https:\/\/culture.ixelles.be\/fr\/wp-json\/wp\/v2\/media?parent=1991851"}],"curies":[{"name":"wp","href":"https:\/\/api.w.org\/{rel}","templated":true}]}}

<p>Au cœur de cette création, il y a la rencontre: celle qui passe par la présence et l’écoute, par ce qui circule entre nous. Le souffle y devient moteur. Il traverse, déplace, déséquilibre. Il ouvre des états de corps, il permet le son, le premier cri, celui qui fait lien entre soi et le monde ; celui qui dit que l’on est vivant·e, que l’on ressent, que l’on partage, que l’on peut s’émouvoir.</p>
<p>Danse, saxophone et chant transforment cette respiration première en expérience vécue ensemble. Les enfants sont invité·es à entrer dans cet espace, parfois au plus près des interprètes, parfois dans le lieu même du jeu. FLOw propose ainsi une première expérience du spectacle vivant comme un espace de rencontre et d’écoute, où quelque chose du monde commence à se dire autrement.</p>
<p>​</p>
<p>Avec le soutien de ékla, Jeunesses Musicales, La Vénerie, Espace de cultures Columban, Jazz Station, GC Pianofabriek, Delta Namur, CC Namur, SKA, CC Soumagne, CC Waremme, SPOTT, CC Silly, CC Braine l’Alleud, Pierre de Lune, La Maison Qui Chante.</p>
<p>Séances scolaires le lun 5 octobre à 9h30 et 11h et le mar 6 octobre à 9h30, organisées par www.pierredelune.be</p>

<p>Au cœur de cette création, il y a la rencontre: celle qui passe par la présence et l’écoute, par ce qui circule entre nous. Le souffle y devient moteur. Il traverse, déplace, déséquilibre. Il ouvre des états de corps, il permet le son, le premier cri, celui qui fait lien entre soi et le monde [&hellip;]</p>

<!-- This site is optimized with the Yoast SEO plugin v24.5 - https://yoast.com/wordpress/plugins/seo/ -->
<title>Flow - Ixelles</title>
<meta name="robots" content="index, follow, max-snippet:-1, max-image-preview:large, max-video-preview:-1" />
<link rel="canonical" href="https://culture.ixelles.be/fr/events/flow/" />
<meta property="og:locale" content="fr_FR" />
<meta property="og:type" content="article" />
<meta property="og:title" content="Flow - Ixelles" />
<meta property="og:url" content="https://culture.ixelles.be/fr/events/flow/" />
<meta property="og:site_name" content="Ixelles" />
<meta name="twitter:card" content="summary_large_image" />
<meta name="twitter:label1" content="Durée de lecture estimée" />
	<meta name="twitter:data1" content="1 minute" />
<script type="application/ld+json" class="yoast-schema-graph">{"@context":"https://schema.org","@graph":[{"@type":"WebPage","@id":"https://culture.ixelles.be/fr/events/flow/","url":"https://culture.ixelles.be/fr/events/flow/","name":"Flow - Ixelles","isPartOf":{"@id":"https://culture.ixelles.be/fr/#website"},"datePublished":"2026-09-04T23:07:42+00:00","breadcrumb":{"@id":"https://culture.ixelles.be/fr/events/flow/#breadcrumb"},"inLanguage":"fr-FR","potentialAction":[{"@type":"ReadAction","target":["https://culture.ixelles.be/fr/events/flow/"]}]},{"@type":"BreadcrumbList","@id":"https://culture.ixelles.be/fr/events/flow/#breadcrumb","itemListElement":[{"@type":"ListItem","position":1,"name":"Accueil","item":"https://culture.ixelles.be/fr/"},{"@type":"ListItem","position":2,"name":"Events","item":"https://culture.ixelles.be/fr/events/"},{"@type":"ListItem","position":3,"name":"Flow"}]},{"@type":"WebSite","@id":"https://culture.ixelles.be/fr/#website","url":"https://culture.ixelles.be/fr/","name":"Ixelles","description":"","publisher":{"@id":"https://culture.ixelles.be/fr/#organization"},"potentialAction":[{"@type":"SearchAction","target":{"@type":"EntryPoint","urlTemplate":"https://culture.ixelles.be/fr/?s={search_term_string}"},"query-input":{"@type":"PropertyValueSpecification","valueRequired":true,"valueName":"search_term_string"}}],"inLanguage":"fr-FR"},{"@type":"Organization","@id":"https://culture.ixelles.be/fr/#organization","name":"Service culture Ixelles","url":"https://culture.ixelles.be/fr/","logo":{"@type":"ImageObject","inLanguage":"fr-FR","@id":"https://culture.ixelles.be/fr/#/schema/logo/image/","url":"https://culture.ixelles.be/wp-content/uploads/2021/05/ixelles_green.svg","contentUrl":"https://culture.ixelles.be/wp-content/uploads/2021/05/ixelles_green.svg","width":1,"height":1,"caption":"Service culture Ixelles"},"image":{"@id":"https://culture.ixelles.be/fr/#/schema/logo/image/"}}]}</script>
<!-- / Yoast SEO plugin. -->
