{"id":1991935,"date":"2026-09-04T23:10:12","date_gmt":"2026-09-04T23:10:12","guid":{"rendered":"https:\/\/culture.ixelles.be\/events\/jhabite-chez-ma-cousine\/"},"modified":"2026-09-04T23:10:12","modified_gmt":"2026-09-04T23:10:12","slug":"jhabite-chez-ma-cousine","status":"publish","type":"events","link":"https:\/\/culture.ixelles.be\/fr\/events\/jhabite-chez-ma-cousine\/","title":{"rendered":"J&rsquo;habite chez ma cousine"},"content":{"rendered":"<p>J&rsquo;HABITE CHEZ MA COUSINE<br \/>\nGhislaine, com\u00e9dienne et bobo parisienne, est pr\u00eate \u00e0 tout pour r\u00e9ussir et surtout \u00e0<br \/>\noublier ses origines.<br \/>\nElle pense avoir une vie parfaite. Pour \u00eatre heureuse, elle s&rsquo;est fix\u00e9 deux objectifs :<br \/>\ntrouver un homme et un vrai r\u00f4le ! Elle a un plan et tout est sous contr\u00f4le ! Enfin \u2026 jusqu&rsquo;\u00e0 ce que sa cousine tr\u00e8s envahissante d\u00e9barque de province pensant trouver le bonheur \u00e0 Paris ! Sous la pression de sa m\u00e8re, Ghislaine est contrainte d\u2019h\u00e9berger, pour quelques jours seulement, sa cousine Janine qui a fui son Sud-Ouest natal et qui a des r\u00eaves de citadine.<br \/>\nMais le provisoire peut parfois durer longtemps et le temps lui-m\u00eame peut facilement se g\u00e2ter lorsqu\u2019il pleut sans cesse des quiproquos, des maladresses et des malentendus.<br \/>\nJanine est convaincue qu\u2019il suffit de vouloir les choses pour qu\u2019elles se r\u00e9alisent, alors<br \/>\nque Ghislaine est une pessimiste qui ne se fait aucune illusion. Les deux cousines ont beau \u00eatre toutes deux attachantes, il leur faudra tout de m\u00eame une bonne dose d\u2019humour et d\u2019autod\u00e9rision pour parvenir \u00e0 se comprendre et \u00e0 mesurer tout ce qui les s\u00e9pare : une provinciale bavarde, poissarde et bord\u00e9lique, qui squatte chez une Parisienne \u00e9colo, maniaque et d\u00e9pressive&#8230;<\/p>\n<p>Une pi\u00e8ce de Mohamed BOUNOUARA<br \/>\nAvec Audrey DEVOS et Lola DESTERCQ<\/p>\n","protected":false},"excerpt":{"rendered":"<p>J&rsquo;HABITE CHEZ MA COUSINE Ghislaine, com\u00e9dienne et bobo parisienne, est pr\u00eate \u00e0 tout pour r\u00e9ussir et surtout \u00e0 oublier ses origines. Elle pense avoir une vie parfaite. Pour \u00eatre heureuse, elle s&rsquo;est fix\u00e9 deux objectifs : trouver un homme et un vrai r\u00f4le ! Elle a un plan et tout est sous contr\u00f4le ! Enfin [&hellip;]<\/p>\n","protected":false},"author":1,"featured_media":1991938,"comment_status":"","ping_status":"closed","template":"","acf":[],"yoast_head":"<!-- This site is optimized with the Yoast SEO plugin v24.5 - https:\/\/yoast.com\/wordpress\/plugins\/seo\/ -->\n<title>J&#039;habite chez ma cousine - Ixelles<\/title>\n<meta name=\"robots\" content=\"index, follow, max-snippet:-1, max-image-preview:large, max-video-preview:-1\" \/>\n<link rel=\"canonical\" href=\"https:\/\/culture.ixelles.be\/fr\/events\/jhabite-chez-ma-cousine\/\" \/>\n<meta property=\"og:locale\" content=\"fr_FR\" \/>\n<meta property=\"og:type\" content=\"article\" \/>\n<meta property=\"og:title\" content=\"J&#039;habite chez ma cousine - Ixelles\" \/>\n<meta property=\"og:url\" content=\"https:\/\/culture.ixelles.be\/fr\/events\/jhabite-chez-ma-cousine\/\" \/>\n<meta property=\"og:site_name\" content=\"Ixelles\" \/>\n<meta name=\"twitter:card\" content=\"summary_large_image\" \/>\n<meta name=\"twitter:label1\" content=\"Dur\u00e9e de lecture estim\u00e9e\" \/>\n\t<meta name=\"twitter:data1\" content=\"1 minute\" \/>\n<script type=\"application\/ld+json\" class=\"yoast-schema-graph\">{\"@context\":\"https:\/\/schema.org\",\"@graph\":[{\"@type\":\"WebPage\",\"@id\":\"https:\/\/culture.ixelles.be\/fr\/events\/jhabite-chez-ma-cousine\/\",\"url\":\"https:\/\/culture.ixelles.be\/fr\/events\/jhabite-chez-ma-cousine\/\",\"name\":\"J'habite chez ma cousine - Ixelles\",\"isPartOf\":{\"@id\":\"https:\/\/culture.ixelles.be\/fr\/#website\"},\"primaryImageOfPage\":{\"@id\":\"https:\/\/culture.ixelles.be\/fr\/events\/jhabite-chez-ma-cousine\/#primaryimage\"},\"image\":{\"@id\":\"https:\/\/culture.ixelles.be\/fr\/events\/jhabite-chez-ma-cousine\/#primaryimage\"},\"thumbnailUrl\":\"https:\/\/culture.ixelles.be\/wp-content\/uploads\/2026\/09\/7b93f342d110e62e6744ba496d11666cab108d3f.jpg\",\"datePublished\":\"2026-09-04T23:10:12+00:00\",\"breadcrumb\":{\"@id\":\"https:\/\/culture.ixelles.be\/fr\/events\/jhabite-chez-ma-cousine\/#breadcrumb\"},\"inLanguage\":\"fr-FR\",\"potentialAction\":[{\"@type\":\"ReadAction\",\"target\":[\"https:\/\/culture.ixelles.be\/fr\/events\/jhabite-chez-ma-cousine\/\"]}]},{\"@type\":\"ImageObject\",\"inLanguage\":\"fr-FR\",\"@id\":\"https:\/\/culture.ixelles.be\/fr\/events\/jhabite-chez-ma-cousine\/#primaryimage\",\"url\":\"https:\/\/culture.ixelles.be\/wp-content\/uploads\/2026\/09\/7b93f342d110e62e6744ba496d11666cab108d3f.jpg\",\"contentUrl\":\"https:\/\/culture.ixelles.be\/wp-content\/uploads\/2026\/09\/7b93f342d110e62e6744ba496d11666cab108d3f.jpg\",\"width\":5008,\"height\":7063},{\"@type\":\"BreadcrumbList\",\"@id\":\"https:\/\/culture.ixelles.be\/fr\/events\/jhabite-chez-ma-cousine\/#breadcrumb\",\"itemListElement\":[{\"@type\":\"ListItem\",\"position\":1,\"name\":\"Accueil\",\"item\":\"https:\/\/culture.ixelles.be\/fr\/\"},{\"@type\":\"ListItem\",\"position\":2,\"name\":\"Events\",\"item\":\"https:\/\/culture.ixelles.be\/fr\/events\/\"},{\"@type\":\"ListItem\",\"position\":3,\"name\":\"J&rsquo;habite chez ma cousine\"}]},{\"@type\":\"WebSite\",\"@id\":\"https:\/\/culture.ixelles.be\/fr\/#website\",\"url\":\"https:\/\/culture.ixelles.be\/fr\/\",\"name\":\"Ixelles\",\"description\":\"\",\"publisher\":{\"@id\":\"https:\/\/culture.ixelles.be\/fr\/#organization\"},\"potentialAction\":[{\"@type\":\"SearchAction\",\"target\":{\"@type\":\"EntryPoint\",\"urlTemplate\":\"https:\/\/culture.ixelles.be\/fr\/?s={search_term_string}\"},\"query-input\":{\"@type\":\"PropertyValueSpecification\",\"valueRequired\":true,\"valueName\":\"search_term_string\"}}],\"inLanguage\":\"fr-FR\"},{\"@type\":\"Organization\",\"@id\":\"https:\/\/culture.ixelles.be\/fr\/#organization\",\"name\":\"Service culture Ixelles\",\"url\":\"https:\/\/culture.ixelles.be\/fr\/\",\"logo\":{\"@type\":\"ImageObject\",\"inLanguage\":\"fr-FR\",\"@id\":\"https:\/\/culture.ixelles.be\/fr\/#\/schema\/logo\/image\/\",\"url\":\"https:\/\/culture.ixelles.be\/wp-content\/uploads\/2021\/05\/ixelles_green.svg\",\"contentUrl\":\"https:\/\/culture.ixelles.be\/wp-content\/uploads\/2021\/05\/ixelles_green.svg\",\"width\":1,\"height\":1,\"caption\":\"Service culture Ixelles\"},\"image\":{\"@id\":\"https:\/\/culture.ixelles.be\/fr\/#\/schema\/logo\/image\/\"}}]}<\/script>\n<!-- \/ Yoast SEO plugin. -->","yoast_head_json":{"title":"J'habite chez ma cousine - Ixelles","robots":{"index":"index","follow":"follow","max-snippet":"max-snippet:-1","max-image-preview":"max-image-preview:large","max-video-preview":"max-video-preview:-1"},"canonical":"https:\/\/culture.ixelles.be\/fr\/events\/jhabite-chez-ma-cousine\/","og_locale":"fr_FR","og_type":"article","og_title":"J'habite chez ma cousine - Ixelles","og_url":"https:\/\/culture.ixelles.be\/fr\/events\/jhabite-chez-ma-cousine\/","og_site_name":"Ixelles","twitter_card":"summary_large_image","twitter_misc":{"Dur\u00e9e de lecture estim\u00e9e":"1 minute"},"schema":{"@context":"https:\/\/schema.org","@graph":[{"@type":"WebPage","@id":"https:\/\/culture.ixelles.be\/fr\/events\/jhabite-chez-ma-cousine\/","url":"https:\/\/culture.ixelles.be\/fr\/events\/jhabite-chez-ma-cousine\/","name":"J'habite chez ma cousine - Ixelles","isPartOf":{"@id":"https:\/\/culture.ixelles.be\/fr\/#website"},"primaryImageOfPage":{"@id":"https:\/\/culture.ixelles.be\/fr\/events\/jhabite-chez-ma-cousine\/#primaryimage"},"image":{"@id":"https:\/\/culture.ixelles.be\/fr\/events\/jhabite-chez-ma-cousine\/#primaryimage"},"thumbnailUrl":"https:\/\/culture.ixelles.be\/wp-content\/uploads\/2026\/09\/7b93f342d110e62e6744ba496d11666cab108d3f.jpg","datePublished":"2026-09-04T23:10:12+00:00","breadcrumb":{"@id":"https:\/\/culture.ixelles.be\/fr\/events\/jhabite-chez-ma-cousine\/#breadcrumb"},"inLanguage":"fr-FR","potentialAction":[{"@type":"ReadAction","target":["https:\/\/culture.ixelles.be\/fr\/events\/jhabite-chez-ma-cousine\/"]}]},{"@type":"ImageObject","inLanguage":"fr-FR","@id":"https:\/\/culture.ixelles.be\/fr\/events\/jhabite-chez-ma-cousine\/#primaryimage","url":"https:\/\/culture.ixelles.be\/wp-content\/uploads\/2026\/09\/7b93f342d110e62e6744ba496d11666cab108d3f.jpg","contentUrl":"https:\/\/culture.ixelles.be\/wp-content\/uploads\/2026\/09\/7b93f342d110e62e6744ba496d11666cab108d3f.jpg","width":5008,"height":7063},{"@type":"BreadcrumbList","@id":"https:\/\/culture.ixelles.be\/fr\/events\/jhabite-chez-ma-cousine\/#breadcrumb","itemListElement":[{"@type":"ListItem","position":1,"name":"Accueil","item":"https:\/\/culture.ixelles.be\/fr\/"},{"@type":"ListItem","position":2,"name":"Events","item":"https:\/\/culture.ixelles.be\/fr\/events\/"},{"@type":"ListItem","position":3,"name":"J&rsquo;habite chez ma cousine"}]},{"@type":"WebSite","@id":"https:\/\/culture.ixelles.be\/fr\/#website","url":"https:\/\/culture.ixelles.be\/fr\/","name":"Ixelles","description":"","publisher":{"@id":"https:\/\/culture.ixelles.be\/fr\/#organization"},"potentialAction":[{"@type":"SearchAction","target":{"@type":"EntryPoint","urlTemplate":"https:\/\/culture.ixelles.be\/fr\/?s={search_term_string}"},"query-input":{"@type":"PropertyValueSpecification","valueRequired":true,"valueName":"search_term_string"}}],"inLanguage":"fr-FR"},{"@type":"Organization","@id":"https:\/\/culture.ixelles.be\/fr\/#organization","name":"Service culture Ixelles","url":"https:\/\/culture.ixelles.be\/fr\/","logo":{"@type":"ImageObject","inLanguage":"fr-FR","@id":"https:\/\/culture.ixelles.be\/fr\/#\/schema\/logo\/image\/","url":"https:\/\/culture.ixelles.be\/wp-content\/uploads\/2021\/05\/ixelles_green.svg","contentUrl":"https:\/\/culture.ixelles.be\/wp-content\/uploads\/2021\/05\/ixelles_green.svg","width":1,"height":1,"caption":"Service culture Ixelles"},"image":{"@id":"https:\/\/culture.ixelles.be\/fr\/#\/schema\/logo\/image\/"}}]}},"_links":{"self":[{"href":"https:\/\/culture.ixelles.be\/fr\/wp-json\/wp\/v2\/events\/1991935"}],"collection":[{"href":"https:\/\/culture.ixelles.be\/fr\/wp-json\/wp\/v2\/events"}],"about":[{"href":"https:\/\/culture.ixelles.be\/fr\/wp-json\/wp\/v2\/types\/events"}],"author":[{"embeddable":true,"href":"https:\/\/culture.ixelles.be\/fr\/wp-json\/wp\/v2\/users\/1"}],"replies":[{"embeddable":true,"href":"https:\/\/culture.ixelles.be\/fr\/wp-json\/wp\/v2\/comments?post=1991935"}],"version-history":[{"count":0,"href":"https:\/\/culture.ixelles.be\/fr\/wp-json\/wp\/v2\/events\/1991935\/revisions"}],"wp:featuredmedia":[{"embeddable":true,"href":"https:\/\/culture.ixelles.be\/fr\/wp-json\/wp\/v2\/media\/1991938"}],"wp:attachment":[{"href":"https:\/\/culture.ixelles.be\/fr\/wp-json\/wp\/v2\/media?parent=1991935"}],"curies":[{"name":"wp","href":"https:\/\/api.w.org\/{rel}","templated":true}]}}

<p>J&rsquo;HABITE CHEZ MA COUSINE<br />
Ghislaine, comédienne et bobo parisienne, est prête à tout pour réussir et surtout à<br />
oublier ses origines.<br />
Elle pense avoir une vie parfaite. Pour être heureuse, elle s&rsquo;est fixé deux objectifs :<br />
trouver un homme et un vrai rôle ! Elle a un plan et tout est sous contrôle ! Enfin … jusqu&rsquo;à ce que sa cousine très envahissante débarque de province pensant trouver le bonheur à Paris ! Sous la pression de sa mère, Ghislaine est contrainte d’héberger, pour quelques jours seulement, sa cousine Janine qui a fui son Sud-Ouest natal et qui a des rêves de citadine.<br />
Mais le provisoire peut parfois durer longtemps et le temps lui-même peut facilement se gâter lorsqu’il pleut sans cesse des quiproquos, des maladresses et des malentendus.<br />
Janine est convaincue qu’il suffit de vouloir les choses pour qu’elles se réalisent, alors<br />
que Ghislaine est une pessimiste qui ne se fait aucune illusion. Les deux cousines ont beau être toutes deux attachantes, il leur faudra tout de même une bonne dose d’humour et d’autodérision pour parvenir à se comprendre et à mesurer tout ce qui les sépare : une provinciale bavarde, poissarde et bordélique, qui squatte chez une Parisienne écolo, maniaque et dépressive&#8230;</p>
<p>Une pièce de Mohamed BOUNOUARA<br />
Avec Audrey DEVOS et Lola DESTERCQ</p>

<p>J&rsquo;HABITE CHEZ MA COUSINE Ghislaine, comédienne et bobo parisienne, est prête à tout pour réussir et surtout à oublier ses origines. Elle pense avoir une vie parfaite. Pour être heureuse, elle s&rsquo;est fixé deux objectifs : trouver un homme et un vrai rôle ! Elle a un plan et tout est sous contrôle ! Enfin [&hellip;]</p>

<!-- This site is optimized with the Yoast SEO plugin v24.5 - https://yoast.com/wordpress/plugins/seo/ -->
<title>J&#039;habite chez ma cousine - Ixelles</title>
<meta name="robots" content="index, follow, max-snippet:-1, max-image-preview:large, max-video-preview:-1" />
<link rel="canonical" href="https://culture.ixelles.be/fr/events/jhabite-chez-ma-cousine/" />
<meta property="og:locale" content="fr_FR" />
<meta property="og:type" content="article" />
<meta property="og:title" content="J&#039;habite chez ma cousine - Ixelles" />
<meta property="og:url" content="https://culture.ixelles.be/fr/events/jhabite-chez-ma-cousine/" />
<meta property="og:site_name" content="Ixelles" />
<meta name="twitter:card" content="summary_large_image" />
<meta name="twitter:label1" content="Durée de lecture estimée" />
	<meta name="twitter:data1" content="1 minute" />
<script type="application/ld+json" class="yoast-schema-graph">{"@context":"https://schema.org","@graph":[{"@type":"WebPage","@id":"https://culture.ixelles.be/fr/events/jhabite-chez-ma-cousine/","url":"https://culture.ixelles.be/fr/events/jhabite-chez-ma-cousine/","name":"J'habite chez ma cousine - Ixelles","isPartOf":{"@id":"https://culture.ixelles.be/fr/#website"},"primaryImageOfPage":{"@id":"https://culture.ixelles.be/fr/events/jhabite-chez-ma-cousine/#primaryimage"},"image":{"@id":"https://culture.ixelles.be/fr/events/jhabite-chez-ma-cousine/#primaryimage"},"thumbnailUrl":"https://culture.ixelles.be/wp-content/uploads/2026/09/7b93f342d110e62e6744ba496d11666cab108d3f.jpg","datePublished":"2026-09-04T23:10:12+00:00","breadcrumb":{"@id":"https://culture.ixelles.be/fr/events/jhabite-chez-ma-cousine/#breadcrumb"},"inLanguage":"fr-FR","potentialAction":[{"@type":"ReadAction","target":["https://culture.ixelles.be/fr/events/jhabite-chez-ma-cousine/"]}]},{"@type":"ImageObject","inLanguage":"fr-FR","@id":"https://culture.ixelles.be/fr/events/jhabite-chez-ma-cousine/#primaryimage","url":"https://culture.ixelles.be/wp-content/uploads/2026/09/7b93f342d110e62e6744ba496d11666cab108d3f.jpg","contentUrl":"https://culture.ixelles.be/wp-content/uploads/2026/09/7b93f342d110e62e6744ba496d11666cab108d3f.jpg","width":5008,"height":7063},{"@type":"BreadcrumbList","@id":"https://culture.ixelles.be/fr/events/jhabite-chez-ma-cousine/#breadcrumb","itemListElement":[{"@type":"ListItem","position":1,"name":"Accueil","item":"https://culture.ixelles.be/fr/"},{"@type":"ListItem","position":2,"name":"Events","item":"https://culture.ixelles.be/fr/events/"},{"@type":"ListItem","position":3,"name":"J&rsquo;habite chez ma cousine"}]},{"@type":"WebSite","@id":"https://culture.ixelles.be/fr/#website","url":"https://culture.ixelles.be/fr/","name":"Ixelles","description":"","publisher":{"@id":"https://culture.ixelles.be/fr/#organization"},"potentialAction":[{"@type":"SearchAction","target":{"@type":"EntryPoint","urlTemplate":"https://culture.ixelles.be/fr/?s={search_term_string}"},"query-input":{"@type":"PropertyValueSpecification","valueRequired":true,"valueName":"search_term_string"}}],"inLanguage":"fr-FR"},{"@type":"Organization","@id":"https://culture.ixelles.be/fr/#organization","name":"Service culture Ixelles","url":"https://culture.ixelles.be/fr/","logo":{"@type":"ImageObject","inLanguage":"fr-FR","@id":"https://culture.ixelles.be/fr/#/schema/logo/image/","url":"https://culture.ixelles.be/wp-content/uploads/2021/05/ixelles_green.svg","contentUrl":"https://culture.ixelles.be/wp-content/uploads/2021/05/ixelles_green.svg","width":1,"height":1,"caption":"Service culture Ixelles"},"image":{"@id":"https://culture.ixelles.be/fr/#/schema/logo/image/"}}]}</script>
<!-- / Yoast SEO plugin. -->
