{"id":1310138,"date":"2021-06-29T04:29:59","date_gmt":"2021-06-29T04:29:59","guid":{"rendered":"https:\/\/culture.ixelles.be\/places\/point-culture-ulb\/"},"modified":"2026-01-07T01:04:30","modified_gmt":"2026-01-07T01:04:30","slug":"point-culture-ulb","status":"publish","type":"places","link":"https:\/\/culture.ixelles.be\/fr\/places\/point-culture-ulb\/","title":{"rendered":"Point Culture ULB"},"content":{"rendered":"<p>La vocation de PointCulture est de cr\u00e9er un lieu de r\u00e9flexion pluriel et participatif o\u00f9 les publics s\u2019approprient l\u2019art et la culture, critiquent, se rejoignent, exp\u00e9rimentent et questionnent leur propre relation \u00e0 l\u2019art et explorent les probl\u00e9matiques qui animent la vie sociale.<\/p>\n","protected":false},"excerpt":{"rendered":"<p>La vocation de PointCulture est de cr\u00e9er un lieu de r\u00e9flexion pluriel et participatif o\u00f9 les publics s\u2019approprient l\u2019art et la culture, critiquent, se rejoignent, exp\u00e9rimentent et questionnent leur propre relation \u00e0 l\u2019art et explorent les probl\u00e9matiques qui animent la vie sociale.<\/p>\n","protected":false},"author":1,"featured_media":1831042,"parent":0,"comment_status":"open","ping_status":"open","template":"","meta":{"_acf_changed":false,"_monsterinsights_skip_tracking":false,"_monsterinsights_sitenote_active":false,"_monsterinsights_sitenote_note":"","_monsterinsights_sitenote_category":0,"footnotes":""},"acf":{"original_id":"274452","published_at":"2019-09-17T13:27:25+02:00","last_updated_at":"2026-01-06T04:15:06+01:00","website":"https:\/\/www.pointculture.be\/ulb\/","phone_booking":"","address_city":"Ixelles","phone_contact":"+32 2 737 19 61","lat":"50.82455466","lon":"4.39320031","address_line1":"B\u00e2timent U - Av. P. H\u00e9ger","prices":"[]","ratings":"{}","stib_mivb_stops":"[]","is_closed_on_public_holidays":"","can_be_privatized":"","is_accessible_pmr":"","facebook_link":"","date_exceptions":"[]","closing_days":"[]","weekschema":"[]","_event_gallery":"https:\/\/culture.ixelles.be\/wp-content\/uploads\/2021\/06\/a1328782d702ebb3083ffd6ffbc9a338cdc74107.jpg","_event_pictures":"https:\/\/culture.ixelles.be\/wp-content\/uploads\/2021\/06\/a1328782d702ebb3083ffd6ffbc9a338cdc74107.jpg"},"yoast_head":"<!-- This site is optimized with the Yoast SEO plugin v24.5 - https:\/\/yoast.com\/wordpress\/plugins\/seo\/ -->\n<title>Point Culture ULB - Ixelles<\/title>\n<meta name=\"robots\" content=\"index, follow, max-snippet:-1, max-image-preview:large, max-video-preview:-1\" \/>\n<link rel=\"canonical\" href=\"https:\/\/culture.ixelles.be\/fr\/places\/point-culture-ulb\/\" \/>\n<meta property=\"og:locale\" content=\"fr_FR\" \/>\n<meta property=\"og:type\" content=\"article\" \/>\n<meta property=\"og:title\" content=\"Point Culture ULB - Ixelles\" \/>\n<meta property=\"og:description\" content=\"La vocation de PointCulture est de cr\u00e9er un lieu de r\u00e9flexion pluriel et participatif o\u00f9 les publics s\u2019approprient l\u2019art et la culture, critiquent, se rejoignent, exp\u00e9rimentent et questionnent leur propre relation \u00e0 l\u2019art et explorent les probl\u00e9matiques qui animent la vie sociale.\" \/>\n<meta property=\"og:url\" content=\"https:\/\/culture.ixelles.be\/fr\/places\/point-culture-ulb\/\" \/>\n<meta property=\"og:site_name\" content=\"Ixelles\" \/>\n<meta property=\"article:modified_time\" content=\"2026-01-07T01:04:30+00:00\" \/>\n<meta property=\"og:image\" content=\"https:\/\/culture.ixelles.be\/wp-content\/uploads\/2021\/06\/a1328782d702ebb3083ffd6ffbc9a338cdc74107.jpg\" \/>\n\t<meta property=\"og:image:width\" content=\"1000\" \/>\n\t<meta property=\"og:image:height\" content=\"500\" \/>\n\t<meta property=\"og:image:type\" content=\"image\/jpeg\" \/>\n<meta name=\"twitter:card\" content=\"summary_large_image\" \/>\n<script type=\"application\/ld+json\" class=\"yoast-schema-graph\">{\"@context\":\"https:\/\/schema.org\",\"@graph\":[{\"@type\":\"WebPage\",\"@id\":\"https:\/\/culture.ixelles.be\/fr\/places\/point-culture-ulb\/\",\"url\":\"https:\/\/culture.ixelles.be\/fr\/places\/point-culture-ulb\/\",\"name\":\"Point Culture ULB - Ixelles\",\"isPartOf\":{\"@id\":\"https:\/\/culture.ixelles.be\/fr\/#website\"},\"primaryImageOfPage\":{\"@id\":\"https:\/\/culture.ixelles.be\/fr\/places\/point-culture-ulb\/#primaryimage\"},\"image\":{\"@id\":\"https:\/\/culture.ixelles.be\/fr\/places\/point-culture-ulb\/#primaryimage\"},\"thumbnailUrl\":\"https:\/\/culture.ixelles.be\/wp-content\/uploads\/2021\/06\/a1328782d702ebb3083ffd6ffbc9a338cdc74107.jpg\",\"datePublished\":\"2021-06-29T04:29:59+00:00\",\"dateModified\":\"2026-01-07T01:04:30+00:00\",\"breadcrumb\":{\"@id\":\"https:\/\/culture.ixelles.be\/fr\/places\/point-culture-ulb\/#breadcrumb\"},\"inLanguage\":\"fr-FR\",\"potentialAction\":[{\"@type\":\"ReadAction\",\"target\":[\"https:\/\/culture.ixelles.be\/fr\/places\/point-culture-ulb\/\"]}]},{\"@type\":\"ImageObject\",\"inLanguage\":\"fr-FR\",\"@id\":\"https:\/\/culture.ixelles.be\/fr\/places\/point-culture-ulb\/#primaryimage\",\"url\":\"https:\/\/culture.ixelles.be\/wp-content\/uploads\/2021\/06\/a1328782d702ebb3083ffd6ffbc9a338cdc74107.jpg\",\"contentUrl\":\"https:\/\/culture.ixelles.be\/wp-content\/uploads\/2021\/06\/a1328782d702ebb3083ffd6ffbc9a338cdc74107.jpg\",\"width\":1000,\"height\":500},{\"@type\":\"BreadcrumbList\",\"@id\":\"https:\/\/culture.ixelles.be\/fr\/places\/point-culture-ulb\/#breadcrumb\",\"itemListElement\":[{\"@type\":\"ListItem\",\"position\":1,\"name\":\"Accueil\",\"item\":\"https:\/\/culture.ixelles.be\/fr\/\"},{\"@type\":\"ListItem\",\"position\":2,\"name\":\"Places\",\"item\":\"https:\/\/culture.ixelles.be\/fr\/places\/\"},{\"@type\":\"ListItem\",\"position\":3,\"name\":\"Point Culture ULB\"}]},{\"@type\":\"WebSite\",\"@id\":\"https:\/\/culture.ixelles.be\/fr\/#website\",\"url\":\"https:\/\/culture.ixelles.be\/fr\/\",\"name\":\"Ixelles\",\"description\":\"\",\"publisher\":{\"@id\":\"https:\/\/culture.ixelles.be\/fr\/#organization\"},\"potentialAction\":[{\"@type\":\"SearchAction\",\"target\":{\"@type\":\"EntryPoint\",\"urlTemplate\":\"https:\/\/culture.ixelles.be\/fr\/?s={search_term_string}\"},\"query-input\":{\"@type\":\"PropertyValueSpecification\",\"valueRequired\":true,\"valueName\":\"search_term_string\"}}],\"inLanguage\":\"fr-FR\"},{\"@type\":\"Organization\",\"@id\":\"https:\/\/culture.ixelles.be\/fr\/#organization\",\"name\":\"Service culture Ixelles\",\"url\":\"https:\/\/culture.ixelles.be\/fr\/\",\"logo\":{\"@type\":\"ImageObject\",\"inLanguage\":\"fr-FR\",\"@id\":\"https:\/\/culture.ixelles.be\/fr\/#\/schema\/logo\/image\/\",\"url\":\"https:\/\/culture.ixelles.be\/wp-content\/uploads\/2021\/05\/ixelles_green.svg\",\"contentUrl\":\"https:\/\/culture.ixelles.be\/wp-content\/uploads\/2021\/05\/ixelles_green.svg\",\"width\":1,\"height\":1,\"caption\":\"Service culture Ixelles\"},\"image\":{\"@id\":\"https:\/\/culture.ixelles.be\/fr\/#\/schema\/logo\/image\/\"}}]}<\/script>\n<!-- \/ Yoast SEO plugin. -->","yoast_head_json":{"title":"Point Culture ULB - Ixelles","robots":{"index":"index","follow":"follow","max-snippet":"max-snippet:-1","max-image-preview":"max-image-preview:large","max-video-preview":"max-video-preview:-1"},"canonical":"https:\/\/culture.ixelles.be\/fr\/places\/point-culture-ulb\/","og_locale":"fr_FR","og_type":"article","og_title":"Point Culture ULB - Ixelles","og_description":"La vocation de PointCulture est de cr\u00e9er un lieu de r\u00e9flexion pluriel et participatif o\u00f9 les publics s\u2019approprient l\u2019art et la culture, critiquent, se rejoignent, exp\u00e9rimentent et questionnent leur propre relation \u00e0 l\u2019art et explorent les probl\u00e9matiques qui animent la vie sociale.","og_url":"https:\/\/culture.ixelles.be\/fr\/places\/point-culture-ulb\/","og_site_name":"Ixelles","article_modified_time":"2026-01-07T01:04:30+00:00","og_image":[{"width":1000,"height":500,"url":"https:\/\/culture.ixelles.be\/wp-content\/uploads\/2021\/06\/a1328782d702ebb3083ffd6ffbc9a338cdc74107.jpg","type":"image\/jpeg"}],"twitter_card":"summary_large_image","schema":{"@context":"https:\/\/schema.org","@graph":[{"@type":"WebPage","@id":"https:\/\/culture.ixelles.be\/fr\/places\/point-culture-ulb\/","url":"https:\/\/culture.ixelles.be\/fr\/places\/point-culture-ulb\/","name":"Point Culture ULB - Ixelles","isPartOf":{"@id":"https:\/\/culture.ixelles.be\/fr\/#website"},"primaryImageOfPage":{"@id":"https:\/\/culture.ixelles.be\/fr\/places\/point-culture-ulb\/#primaryimage"},"image":{"@id":"https:\/\/culture.ixelles.be\/fr\/places\/point-culture-ulb\/#primaryimage"},"thumbnailUrl":"https:\/\/culture.ixelles.be\/wp-content\/uploads\/2021\/06\/a1328782d702ebb3083ffd6ffbc9a338cdc74107.jpg","datePublished":"2021-06-29T04:29:59+00:00","dateModified":"2026-01-07T01:04:30+00:00","breadcrumb":{"@id":"https:\/\/culture.ixelles.be\/fr\/places\/point-culture-ulb\/#breadcrumb"},"inLanguage":"fr-FR","potentialAction":[{"@type":"ReadAction","target":["https:\/\/culture.ixelles.be\/fr\/places\/point-culture-ulb\/"]}]},{"@type":"ImageObject","inLanguage":"fr-FR","@id":"https:\/\/culture.ixelles.be\/fr\/places\/point-culture-ulb\/#primaryimage","url":"https:\/\/culture.ixelles.be\/wp-content\/uploads\/2021\/06\/a1328782d702ebb3083ffd6ffbc9a338cdc74107.jpg","contentUrl":"https:\/\/culture.ixelles.be\/wp-content\/uploads\/2021\/06\/a1328782d702ebb3083ffd6ffbc9a338cdc74107.jpg","width":1000,"height":500},{"@type":"BreadcrumbList","@id":"https:\/\/culture.ixelles.be\/fr\/places\/point-culture-ulb\/#breadcrumb","itemListElement":[{"@type":"ListItem","position":1,"name":"Accueil","item":"https:\/\/culture.ixelles.be\/fr\/"},{"@type":"ListItem","position":2,"name":"Places","item":"https:\/\/culture.ixelles.be\/fr\/places\/"},{"@type":"ListItem","position":3,"name":"Point Culture ULB"}]},{"@type":"WebSite","@id":"https:\/\/culture.ixelles.be\/fr\/#website","url":"https:\/\/culture.ixelles.be\/fr\/","name":"Ixelles","description":"","publisher":{"@id":"https:\/\/culture.ixelles.be\/fr\/#organization"},"potentialAction":[{"@type":"SearchAction","target":{"@type":"EntryPoint","urlTemplate":"https:\/\/culture.ixelles.be\/fr\/?s={search_term_string}"},"query-input":{"@type":"PropertyValueSpecification","valueRequired":true,"valueName":"search_term_string"}}],"inLanguage":"fr-FR"},{"@type":"Organization","@id":"https:\/\/culture.ixelles.be\/fr\/#organization","name":"Service culture Ixelles","url":"https:\/\/culture.ixelles.be\/fr\/","logo":{"@type":"ImageObject","inLanguage":"fr-FR","@id":"https:\/\/culture.ixelles.be\/fr\/#\/schema\/logo\/image\/","url":"https:\/\/culture.ixelles.be\/wp-content\/uploads\/2021\/05\/ixelles_green.svg","contentUrl":"https:\/\/culture.ixelles.be\/wp-content\/uploads\/2021\/05\/ixelles_green.svg","width":1,"height":1,"caption":"Service culture Ixelles"},"image":{"@id":"https:\/\/culture.ixelles.be\/fr\/#\/schema\/logo\/image\/"}}]}},"_links":{"self":[{"href":"https:\/\/culture.ixelles.be\/fr\/wp-json\/wp\/v2\/places\/1310138"}],"collection":[{"href":"https:\/\/culture.ixelles.be\/fr\/wp-json\/wp\/v2\/places"}],"about":[{"href":"https:\/\/culture.ixelles.be\/fr\/wp-json\/wp\/v2\/types\/places"}],"author":[{"embeddable":true,"href":"https:\/\/culture.ixelles.be\/fr\/wp-json\/wp\/v2\/users\/1"}],"replies":[{"embeddable":true,"href":"https:\/\/culture.ixelles.be\/fr\/wp-json\/wp\/v2\/comments?post=1310138"}],"version-history":[{"count":1,"href":"https:\/\/culture.ixelles.be\/fr\/wp-json\/wp\/v2\/places\/1310138\/revisions"}],"predecessor-version":[{"id":1353497,"href":"https:\/\/culture.ixelles.be\/fr\/wp-json\/wp\/v2\/places\/1310138\/revisions\/1353497"}],"wp:featuredmedia":[{"embeddable":true,"href":"https:\/\/culture.ixelles.be\/fr\/wp-json\/wp\/v2\/media\/1831042"}],"wp:attachment":[{"href":"https:\/\/culture.ixelles.be\/fr\/wp-json\/wp\/v2\/media?parent=1310138"}],"curies":[{"name":"wp","href":"https:\/\/api.w.org\/{rel}","templated":true}]}}

<p>La vocation de PointCulture est de créer un lieu de réflexion pluriel et participatif où les publics s’approprient l’art et la culture, critiquent, se rejoignent, expérimentent et questionnent leur propre relation à l’art et explorent les problématiques qui animent la vie sociale.</p>

Bâtiment U - Av. P. Héger

<!-- This site is optimized with the Yoast SEO plugin v24.5 - https://yoast.com/wordpress/plugins/seo/ -->
<title>Point Culture ULB - Ixelles</title>
<meta name="robots" content="index, follow, max-snippet:-1, max-image-preview:large, max-video-preview:-1" />
<link rel="canonical" href="https://culture.ixelles.be/fr/places/point-culture-ulb/" />
<meta property="og:locale" content="fr_FR" />
<meta property="og:type" content="article" />
<meta property="og:title" content="Point Culture ULB - Ixelles" />
<meta property="og:description" content="La vocation de PointCulture est de créer un lieu de réflexion pluriel et participatif où les publics s’approprient l’art et la culture, critiquent, se rejoignent, expérimentent et questionnent leur propre relation à l’art et explorent les problématiques qui animent la vie sociale." />
<meta property="og:url" content="https://culture.ixelles.be/fr/places/point-culture-ulb/" />
<meta property="og:site_name" content="Ixelles" />
<meta property="article:modified_time" content="2026-01-07T01:04:30+00:00" />
<meta property="og:image" content="https://culture.ixelles.be/wp-content/uploads/2021/06/a1328782d702ebb3083ffd6ffbc9a338cdc74107.jpg" />
	<meta property="og:image:width" content="1000" />
	<meta property="og:image:height" content="500" />
	<meta property="og:image:type" content="image/jpeg" />
<meta name="twitter:card" content="summary_large_image" />
<script type="application/ld+json" class="yoast-schema-graph">{"@context":"https://schema.org","@graph":[{"@type":"WebPage","@id":"https://culture.ixelles.be/fr/places/point-culture-ulb/","url":"https://culture.ixelles.be/fr/places/point-culture-ulb/","name":"Point Culture ULB - Ixelles","isPartOf":{"@id":"https://culture.ixelles.be/fr/#website"},"primaryImageOfPage":{"@id":"https://culture.ixelles.be/fr/places/point-culture-ulb/#primaryimage"},"image":{"@id":"https://culture.ixelles.be/fr/places/point-culture-ulb/#primaryimage"},"thumbnailUrl":"https://culture.ixelles.be/wp-content/uploads/2021/06/a1328782d702ebb3083ffd6ffbc9a338cdc74107.jpg","datePublished":"2021-06-29T04:29:59+00:00","dateModified":"2026-01-07T01:04:30+00:00","breadcrumb":{"@id":"https://culture.ixelles.be/fr/places/point-culture-ulb/#breadcrumb"},"inLanguage":"fr-FR","potentialAction":[{"@type":"ReadAction","target":["https://culture.ixelles.be/fr/places/point-culture-ulb/"]}]},{"@type":"ImageObject","inLanguage":"fr-FR","@id":"https://culture.ixelles.be/fr/places/point-culture-ulb/#primaryimage","url":"https://culture.ixelles.be/wp-content/uploads/2021/06/a1328782d702ebb3083ffd6ffbc9a338cdc74107.jpg","contentUrl":"https://culture.ixelles.be/wp-content/uploads/2021/06/a1328782d702ebb3083ffd6ffbc9a338cdc74107.jpg","width":1000,"height":500},{"@type":"BreadcrumbList","@id":"https://culture.ixelles.be/fr/places/point-culture-ulb/#breadcrumb","itemListElement":[{"@type":"ListItem","position":1,"name":"Accueil","item":"https://culture.ixelles.be/fr/"},{"@type":"ListItem","position":2,"name":"Places","item":"https://culture.ixelles.be/fr/places/"},{"@type":"ListItem","position":3,"name":"Point Culture ULB"}]},{"@type":"WebSite","@id":"https://culture.ixelles.be/fr/#website","url":"https://culture.ixelles.be/fr/","name":"Ixelles","description":"","publisher":{"@id":"https://culture.ixelles.be/fr/#organization"},"potentialAction":[{"@type":"SearchAction","target":{"@type":"EntryPoint","urlTemplate":"https://culture.ixelles.be/fr/?s={search_term_string}"},"query-input":{"@type":"PropertyValueSpecification","valueRequired":true,"valueName":"search_term_string"}}],"inLanguage":"fr-FR"},{"@type":"Organization","@id":"https://culture.ixelles.be/fr/#organization","name":"Service culture Ixelles","url":"https://culture.ixelles.be/fr/","logo":{"@type":"ImageObject","inLanguage":"fr-FR","@id":"https://culture.ixelles.be/fr/#/schema/logo/image/","url":"https://culture.ixelles.be/wp-content/uploads/2021/05/ixelles_green.svg","contentUrl":"https://culture.ixelles.be/wp-content/uploads/2021/05/ixelles_green.svg","width":1,"height":1,"caption":"Service culture Ixelles"},"image":{"@id":"https://culture.ixelles.be/fr/#/schema/logo/image/"}}]}</script>
<!-- / Yoast SEO plugin. -->

La vocation de PointCulture est de créer un lieu de réflexion pluriel et participatif où les publics s’approprient l’art et la culture, critiquent, se rejoignent, expérimentent et questionnent leur propre relation à l’art et explorent les problématiques qui animent la vie sociale.
