{"id":1310151,"date":"2021-06-29T04:30:01","date_gmt":"2021-06-29T04:30:01","guid":{"rendered":"https:\/\/culture.ixelles.be\/places\/galerie-pierre-marie-giraud\/"},"modified":"2026-01-06T01:07:51","modified_gmt":"2026-01-06T01:07:51","slug":"galerie-pierre-marie-giraud","status":"publish","type":"places","link":"https:\/\/culture.ixelles.be\/fr\/places\/galerie-pierre-marie-giraud\/","title":{"rendered":"Galerie Pierre Marie Giraud"},"content":{"rendered":"<p>Situ\u00e9 dans le quartier des galeries \u00e0 Ixelles, la galerie Pierre Marie Giraud est sp\u00e9cialis\u00e9e dans le medium de la c\u00e9ramique contemporaine sous toutes ses formes. Elle pr\u00e9sente le travail d\u2019artistes \u00e9mergents, \u00e0 mi-carri\u00e8re et \u00e9tablis, originaires d&rsquo;Europe, d&rsquo;Am\u00e9rique du Nord, du Japon et d&rsquo;Afrique et participe \u00e0 la sc\u00e8ne internationale de Design Basel ou Miami.<\/p>\n","protected":false},"excerpt":{"rendered":"<p>Situ\u00e9 dans le quartier des galeries \u00e0 Ixelles, la galerie Pierre Marie Giraud est sp\u00e9cialis\u00e9e dans le medium de la c\u00e9ramique contemporaine sous toutes ses formes. Elle pr\u00e9sente le travail d\u2019artistes \u00e9mergents, \u00e0 mi-carri\u00e8re et \u00e9tablis, originaires d&rsquo;Europe, d&rsquo;Am\u00e9rique du Nord, du Japon et d&rsquo;Afrique et participe \u00e0 la sc\u00e8ne internationale de Design Basel ou [&hellip;]<\/p>\n","protected":false},"author":1,"featured_media":1830073,"parent":0,"comment_status":"open","ping_status":"open","template":"","meta":{"_acf_changed":false,"_monsterinsights_skip_tracking":false,"_monsterinsights_sitenote_active":false,"_monsterinsights_sitenote_note":"","_monsterinsights_sitenote_category":0,"footnotes":""},"acf":{"original_id":"247662","published_at":"2013-10-19T01:27:00+02:00","last_updated_at":"2026-01-05T22:45:07+01:00","website":"http:\/\/www.pierremariegiraud.com","phone_booking":"","address_city":"Ixelles","phone_contact":"+32 2 503 03 51","lat":"50.81704179","lon":"4.36957598","address_line1":"Rue de Praetere, 7","prices":"[]","ratings":"{}","stib_mivb_stops":"[]","is_closed_on_public_holidays":"","can_be_privatized":"","is_accessible_pmr":"","facebook_link":"","date_exceptions":"[]","closing_days":"[]","weekschema":"[]","_event_gallery":"https:\/\/culture.ixelles.be\/wp-content\/uploads\/2021\/06\/25698c683f8eb9d176b3c0a0908c46ff4ebc7122.jpg","_event_pictures":"https:\/\/culture.ixelles.be\/wp-content\/uploads\/2021\/06\/25698c683f8eb9d176b3c0a0908c46ff4ebc7122.jpg"},"yoast_head":"<!-- This site is optimized with the Yoast SEO plugin v24.5 - https:\/\/yoast.com\/wordpress\/plugins\/seo\/ -->\n<title>Galerie Pierre Marie Giraud - Ixelles<\/title>\n<meta name=\"robots\" content=\"index, follow, max-snippet:-1, max-image-preview:large, max-video-preview:-1\" \/>\n<link rel=\"canonical\" href=\"https:\/\/culture.ixelles.be\/fr\/places\/galerie-pierre-marie-giraud\/\" \/>\n<meta property=\"og:locale\" content=\"fr_FR\" \/>\n<meta property=\"og:type\" content=\"article\" \/>\n<meta property=\"og:title\" content=\"Galerie Pierre Marie Giraud - Ixelles\" \/>\n<meta property=\"og:description\" content=\"Situ\u00e9 dans le quartier des galeries \u00e0 Ixelles, la galerie Pierre Marie Giraud est sp\u00e9cialis\u00e9e dans le medium de la c\u00e9ramique contemporaine sous toutes ses formes. Elle pr\u00e9sente le travail d\u2019artistes \u00e9mergents, \u00e0 mi-carri\u00e8re et \u00e9tablis, originaires d&rsquo;Europe, d&rsquo;Am\u00e9rique du Nord, du Japon et d&rsquo;Afrique et participe \u00e0 la sc\u00e8ne internationale de Design Basel ou [&hellip;]\" \/>\n<meta property=\"og:url\" content=\"https:\/\/culture.ixelles.be\/fr\/places\/galerie-pierre-marie-giraud\/\" \/>\n<meta property=\"og:site_name\" content=\"Ixelles\" \/>\n<meta property=\"article:modified_time\" content=\"2026-01-06T01:07:51+00:00\" \/>\n<meta property=\"og:image\" content=\"https:\/\/culture.ixelles.be\/wp-content\/uploads\/2021\/06\/25698c683f8eb9d176b3c0a0908c46ff4ebc7122.jpg\" \/>\n\t<meta property=\"og:image:width\" content=\"3543\" \/>\n\t<meta property=\"og:image:height\" content=\"2362\" \/>\n\t<meta property=\"og:image:type\" content=\"image\/jpeg\" \/>\n<meta name=\"twitter:card\" content=\"summary_large_image\" \/>\n<script type=\"application\/ld+json\" class=\"yoast-schema-graph\">{\"@context\":\"https:\/\/schema.org\",\"@graph\":[{\"@type\":\"WebPage\",\"@id\":\"https:\/\/culture.ixelles.be\/fr\/places\/galerie-pierre-marie-giraud\/\",\"url\":\"https:\/\/culture.ixelles.be\/fr\/places\/galerie-pierre-marie-giraud\/\",\"name\":\"Galerie Pierre Marie Giraud - Ixelles\",\"isPartOf\":{\"@id\":\"https:\/\/culture.ixelles.be\/fr\/#website\"},\"primaryImageOfPage\":{\"@id\":\"https:\/\/culture.ixelles.be\/fr\/places\/galerie-pierre-marie-giraud\/#primaryimage\"},\"image\":{\"@id\":\"https:\/\/culture.ixelles.be\/fr\/places\/galerie-pierre-marie-giraud\/#primaryimage\"},\"thumbnailUrl\":\"https:\/\/culture.ixelles.be\/wp-content\/uploads\/2021\/06\/25698c683f8eb9d176b3c0a0908c46ff4ebc7122.jpg\",\"datePublished\":\"2021-06-29T04:30:01+00:00\",\"dateModified\":\"2026-01-06T01:07:51+00:00\",\"breadcrumb\":{\"@id\":\"https:\/\/culture.ixelles.be\/fr\/places\/galerie-pierre-marie-giraud\/#breadcrumb\"},\"inLanguage\":\"fr-FR\",\"potentialAction\":[{\"@type\":\"ReadAction\",\"target\":[\"https:\/\/culture.ixelles.be\/fr\/places\/galerie-pierre-marie-giraud\/\"]}]},{\"@type\":\"ImageObject\",\"inLanguage\":\"fr-FR\",\"@id\":\"https:\/\/culture.ixelles.be\/fr\/places\/galerie-pierre-marie-giraud\/#primaryimage\",\"url\":\"https:\/\/culture.ixelles.be\/wp-content\/uploads\/2021\/06\/25698c683f8eb9d176b3c0a0908c46ff4ebc7122.jpg\",\"contentUrl\":\"https:\/\/culture.ixelles.be\/wp-content\/uploads\/2021\/06\/25698c683f8eb9d176b3c0a0908c46ff4ebc7122.jpg\",\"width\":3543,\"height\":2362},{\"@type\":\"BreadcrumbList\",\"@id\":\"https:\/\/culture.ixelles.be\/fr\/places\/galerie-pierre-marie-giraud\/#breadcrumb\",\"itemListElement\":[{\"@type\":\"ListItem\",\"position\":1,\"name\":\"Accueil\",\"item\":\"https:\/\/culture.ixelles.be\/fr\/\"},{\"@type\":\"ListItem\",\"position\":2,\"name\":\"Places\",\"item\":\"https:\/\/culture.ixelles.be\/fr\/places\/\"},{\"@type\":\"ListItem\",\"position\":3,\"name\":\"Galerie Pierre Marie Giraud\"}]},{\"@type\":\"WebSite\",\"@id\":\"https:\/\/culture.ixelles.be\/fr\/#website\",\"url\":\"https:\/\/culture.ixelles.be\/fr\/\",\"name\":\"Ixelles\",\"description\":\"\",\"publisher\":{\"@id\":\"https:\/\/culture.ixelles.be\/fr\/#organization\"},\"potentialAction\":[{\"@type\":\"SearchAction\",\"target\":{\"@type\":\"EntryPoint\",\"urlTemplate\":\"https:\/\/culture.ixelles.be\/fr\/?s={search_term_string}\"},\"query-input\":{\"@type\":\"PropertyValueSpecification\",\"valueRequired\":true,\"valueName\":\"search_term_string\"}}],\"inLanguage\":\"fr-FR\"},{\"@type\":\"Organization\",\"@id\":\"https:\/\/culture.ixelles.be\/fr\/#organization\",\"name\":\"Service culture Ixelles\",\"url\":\"https:\/\/culture.ixelles.be\/fr\/\",\"logo\":{\"@type\":\"ImageObject\",\"inLanguage\":\"fr-FR\",\"@id\":\"https:\/\/culture.ixelles.be\/fr\/#\/schema\/logo\/image\/\",\"url\":\"https:\/\/culture.ixelles.be\/wp-content\/uploads\/2021\/05\/ixelles_green.svg\",\"contentUrl\":\"https:\/\/culture.ixelles.be\/wp-content\/uploads\/2021\/05\/ixelles_green.svg\",\"width\":1,\"height\":1,\"caption\":\"Service culture Ixelles\"},\"image\":{\"@id\":\"https:\/\/culture.ixelles.be\/fr\/#\/schema\/logo\/image\/\"}}]}<\/script>\n<!-- \/ Yoast SEO plugin. -->","yoast_head_json":{"title":"Galerie Pierre Marie Giraud - Ixelles","robots":{"index":"index","follow":"follow","max-snippet":"max-snippet:-1","max-image-preview":"max-image-preview:large","max-video-preview":"max-video-preview:-1"},"canonical":"https:\/\/culture.ixelles.be\/fr\/places\/galerie-pierre-marie-giraud\/","og_locale":"fr_FR","og_type":"article","og_title":"Galerie Pierre Marie Giraud - Ixelles","og_description":"Situ\u00e9 dans le quartier des galeries \u00e0 Ixelles, la galerie Pierre Marie Giraud est sp\u00e9cialis\u00e9e dans le medium de la c\u00e9ramique contemporaine sous toutes ses formes. Elle pr\u00e9sente le travail d\u2019artistes \u00e9mergents, \u00e0 mi-carri\u00e8re et \u00e9tablis, originaires d&rsquo;Europe, d&rsquo;Am\u00e9rique du Nord, du Japon et d&rsquo;Afrique et participe \u00e0 la sc\u00e8ne internationale de Design Basel ou [&hellip;]","og_url":"https:\/\/culture.ixelles.be\/fr\/places\/galerie-pierre-marie-giraud\/","og_site_name":"Ixelles","article_modified_time":"2026-01-06T01:07:51+00:00","og_image":[{"width":3543,"height":2362,"url":"https:\/\/culture.ixelles.be\/wp-content\/uploads\/2021\/06\/25698c683f8eb9d176b3c0a0908c46ff4ebc7122.jpg","type":"image\/jpeg"}],"twitter_card":"summary_large_image","schema":{"@context":"https:\/\/schema.org","@graph":[{"@type":"WebPage","@id":"https:\/\/culture.ixelles.be\/fr\/places\/galerie-pierre-marie-giraud\/","url":"https:\/\/culture.ixelles.be\/fr\/places\/galerie-pierre-marie-giraud\/","name":"Galerie Pierre Marie Giraud - Ixelles","isPartOf":{"@id":"https:\/\/culture.ixelles.be\/fr\/#website"},"primaryImageOfPage":{"@id":"https:\/\/culture.ixelles.be\/fr\/places\/galerie-pierre-marie-giraud\/#primaryimage"},"image":{"@id":"https:\/\/culture.ixelles.be\/fr\/places\/galerie-pierre-marie-giraud\/#primaryimage"},"thumbnailUrl":"https:\/\/culture.ixelles.be\/wp-content\/uploads\/2021\/06\/25698c683f8eb9d176b3c0a0908c46ff4ebc7122.jpg","datePublished":"2021-06-29T04:30:01+00:00","dateModified":"2026-01-06T01:07:51+00:00","breadcrumb":{"@id":"https:\/\/culture.ixelles.be\/fr\/places\/galerie-pierre-marie-giraud\/#breadcrumb"},"inLanguage":"fr-FR","potentialAction":[{"@type":"ReadAction","target":["https:\/\/culture.ixelles.be\/fr\/places\/galerie-pierre-marie-giraud\/"]}]},{"@type":"ImageObject","inLanguage":"fr-FR","@id":"https:\/\/culture.ixelles.be\/fr\/places\/galerie-pierre-marie-giraud\/#primaryimage","url":"https:\/\/culture.ixelles.be\/wp-content\/uploads\/2021\/06\/25698c683f8eb9d176b3c0a0908c46ff4ebc7122.jpg","contentUrl":"https:\/\/culture.ixelles.be\/wp-content\/uploads\/2021\/06\/25698c683f8eb9d176b3c0a0908c46ff4ebc7122.jpg","width":3543,"height":2362},{"@type":"BreadcrumbList","@id":"https:\/\/culture.ixelles.be\/fr\/places\/galerie-pierre-marie-giraud\/#breadcrumb","itemListElement":[{"@type":"ListItem","position":1,"name":"Accueil","item":"https:\/\/culture.ixelles.be\/fr\/"},{"@type":"ListItem","position":2,"name":"Places","item":"https:\/\/culture.ixelles.be\/fr\/places\/"},{"@type":"ListItem","position":3,"name":"Galerie Pierre Marie Giraud"}]},{"@type":"WebSite","@id":"https:\/\/culture.ixelles.be\/fr\/#website","url":"https:\/\/culture.ixelles.be\/fr\/","name":"Ixelles","description":"","publisher":{"@id":"https:\/\/culture.ixelles.be\/fr\/#organization"},"potentialAction":[{"@type":"SearchAction","target":{"@type":"EntryPoint","urlTemplate":"https:\/\/culture.ixelles.be\/fr\/?s={search_term_string}"},"query-input":{"@type":"PropertyValueSpecification","valueRequired":true,"valueName":"search_term_string"}}],"inLanguage":"fr-FR"},{"@type":"Organization","@id":"https:\/\/culture.ixelles.be\/fr\/#organization","name":"Service culture Ixelles","url":"https:\/\/culture.ixelles.be\/fr\/","logo":{"@type":"ImageObject","inLanguage":"fr-FR","@id":"https:\/\/culture.ixelles.be\/fr\/#\/schema\/logo\/image\/","url":"https:\/\/culture.ixelles.be\/wp-content\/uploads\/2021\/05\/ixelles_green.svg","contentUrl":"https:\/\/culture.ixelles.be\/wp-content\/uploads\/2021\/05\/ixelles_green.svg","width":1,"height":1,"caption":"Service culture Ixelles"},"image":{"@id":"https:\/\/culture.ixelles.be\/fr\/#\/schema\/logo\/image\/"}}]}},"_links":{"self":[{"href":"https:\/\/culture.ixelles.be\/fr\/wp-json\/wp\/v2\/places\/1310151"}],"collection":[{"href":"https:\/\/culture.ixelles.be\/fr\/wp-json\/wp\/v2\/places"}],"about":[{"href":"https:\/\/culture.ixelles.be\/fr\/wp-json\/wp\/v2\/types\/places"}],"author":[{"embeddable":true,"href":"https:\/\/culture.ixelles.be\/fr\/wp-json\/wp\/v2\/users\/1"}],"replies":[{"embeddable":true,"href":"https:\/\/culture.ixelles.be\/fr\/wp-json\/wp\/v2\/comments?post=1310151"}],"version-history":[{"count":1,"href":"https:\/\/culture.ixelles.be\/fr\/wp-json\/wp\/v2\/places\/1310151\/revisions"}],"predecessor-version":[{"id":1349275,"href":"https:\/\/culture.ixelles.be\/fr\/wp-json\/wp\/v2\/places\/1310151\/revisions\/1349275"}],"wp:featuredmedia":[{"embeddable":true,"href":"https:\/\/culture.ixelles.be\/fr\/wp-json\/wp\/v2\/media\/1830073"}],"wp:attachment":[{"href":"https:\/\/culture.ixelles.be\/fr\/wp-json\/wp\/v2\/media?parent=1310151"}],"curies":[{"name":"wp","href":"https:\/\/api.w.org\/{rel}","templated":true}]}}

<p>Situé dans le quartier des galeries à Ixelles, la galerie Pierre Marie Giraud est spécialisée dans le medium de la céramique contemporaine sous toutes ses formes. Elle présente le travail d’artistes émergents, à mi-carrière et établis, originaires d&rsquo;Europe, d&rsquo;Amérique du Nord, du Japon et d&rsquo;Afrique et participe à la scène internationale de Design Basel ou Miami.</p>

<p>Situé dans le quartier des galeries à Ixelles, la galerie Pierre Marie Giraud est spécialisée dans le medium de la céramique contemporaine sous toutes ses formes. Elle présente le travail d’artistes émergents, à mi-carrière et établis, originaires d&rsquo;Europe, d&rsquo;Amérique du Nord, du Japon et d&rsquo;Afrique et participe à la scène internationale de Design Basel ou [&hellip;]</p>

<!-- This site is optimized with the Yoast SEO plugin v24.5 - https://yoast.com/wordpress/plugins/seo/ -->
<title>Galerie Pierre Marie Giraud - Ixelles</title>
<meta name="robots" content="index, follow, max-snippet:-1, max-image-preview:large, max-video-preview:-1" />
<link rel="canonical" href="https://culture.ixelles.be/fr/places/galerie-pierre-marie-giraud/" />
<meta property="og:locale" content="fr_FR" />
<meta property="og:type" content="article" />
<meta property="og:title" content="Galerie Pierre Marie Giraud - Ixelles" />
<meta property="og:description" content="Situé dans le quartier des galeries à Ixelles, la galerie Pierre Marie Giraud est spécialisée dans le medium de la céramique contemporaine sous toutes ses formes. Elle présente le travail d’artistes émergents, à mi-carrière et établis, originaires d&rsquo;Europe, d&rsquo;Amérique du Nord, du Japon et d&rsquo;Afrique et participe à la scène internationale de Design Basel ou [&hellip;]" />
<meta property="og:url" content="https://culture.ixelles.be/fr/places/galerie-pierre-marie-giraud/" />
<meta property="og:site_name" content="Ixelles" />
<meta property="article:modified_time" content="2026-01-06T01:07:51+00:00" />
<meta property="og:image" content="https://culture.ixelles.be/wp-content/uploads/2021/06/25698c683f8eb9d176b3c0a0908c46ff4ebc7122.jpg" />
	<meta property="og:image:width" content="3543" />
	<meta property="og:image:height" content="2362" />
	<meta property="og:image:type" content="image/jpeg" />
<meta name="twitter:card" content="summary_large_image" />
<script type="application/ld+json" class="yoast-schema-graph">{"@context":"https://schema.org","@graph":[{"@type":"WebPage","@id":"https://culture.ixelles.be/fr/places/galerie-pierre-marie-giraud/","url":"https://culture.ixelles.be/fr/places/galerie-pierre-marie-giraud/","name":"Galerie Pierre Marie Giraud - Ixelles","isPartOf":{"@id":"https://culture.ixelles.be/fr/#website"},"primaryImageOfPage":{"@id":"https://culture.ixelles.be/fr/places/galerie-pierre-marie-giraud/#primaryimage"},"image":{"@id":"https://culture.ixelles.be/fr/places/galerie-pierre-marie-giraud/#primaryimage"},"thumbnailUrl":"https://culture.ixelles.be/wp-content/uploads/2021/06/25698c683f8eb9d176b3c0a0908c46ff4ebc7122.jpg","datePublished":"2021-06-29T04:30:01+00:00","dateModified":"2026-01-06T01:07:51+00:00","breadcrumb":{"@id":"https://culture.ixelles.be/fr/places/galerie-pierre-marie-giraud/#breadcrumb"},"inLanguage":"fr-FR","potentialAction":[{"@type":"ReadAction","target":["https://culture.ixelles.be/fr/places/galerie-pierre-marie-giraud/"]}]},{"@type":"ImageObject","inLanguage":"fr-FR","@id":"https://culture.ixelles.be/fr/places/galerie-pierre-marie-giraud/#primaryimage","url":"https://culture.ixelles.be/wp-content/uploads/2021/06/25698c683f8eb9d176b3c0a0908c46ff4ebc7122.jpg","contentUrl":"https://culture.ixelles.be/wp-content/uploads/2021/06/25698c683f8eb9d176b3c0a0908c46ff4ebc7122.jpg","width":3543,"height":2362},{"@type":"BreadcrumbList","@id":"https://culture.ixelles.be/fr/places/galerie-pierre-marie-giraud/#breadcrumb","itemListElement":[{"@type":"ListItem","position":1,"name":"Accueil","item":"https://culture.ixelles.be/fr/"},{"@type":"ListItem","position":2,"name":"Places","item":"https://culture.ixelles.be/fr/places/"},{"@type":"ListItem","position":3,"name":"Galerie Pierre Marie Giraud"}]},{"@type":"WebSite","@id":"https://culture.ixelles.be/fr/#website","url":"https://culture.ixelles.be/fr/","name":"Ixelles","description":"","publisher":{"@id":"https://culture.ixelles.be/fr/#organization"},"potentialAction":[{"@type":"SearchAction","target":{"@type":"EntryPoint","urlTemplate":"https://culture.ixelles.be/fr/?s={search_term_string}"},"query-input":{"@type":"PropertyValueSpecification","valueRequired":true,"valueName":"search_term_string"}}],"inLanguage":"fr-FR"},{"@type":"Organization","@id":"https://culture.ixelles.be/fr/#organization","name":"Service culture Ixelles","url":"https://culture.ixelles.be/fr/","logo":{"@type":"ImageObject","inLanguage":"fr-FR","@id":"https://culture.ixelles.be/fr/#/schema/logo/image/","url":"https://culture.ixelles.be/wp-content/uploads/2021/05/ixelles_green.svg","contentUrl":"https://culture.ixelles.be/wp-content/uploads/2021/05/ixelles_green.svg","width":1,"height":1,"caption":"Service culture Ixelles"},"image":{"@id":"https://culture.ixelles.be/fr/#/schema/logo/image/"}}]}</script>
<!-- / Yoast SEO plugin. -->

Situé dans le quartier des galeries à Ixelles, la galerie Pierre Marie Giraud est spécialisée dans le medium de la céramique contemporaine sous toutes ses formes. Elle présente le travail d’artistes émergents, à mi-carrière et établis, originaires d&rsquo;Europe, d&rsquo;Amérique du Nord, du Japon et d&rsquo;Afrique et participe à la scène internationale de Design Basel ou [&hellip;]
