{"id":1310160,"date":"2021-06-29T04:30:02","date_gmt":"2021-06-29T04:30:02","guid":{"rendered":"https:\/\/culture.ixelles.be\/places\/ifa-gallery\/"},"modified":"2026-01-06T01:08:19","modified_gmt":"2026-01-06T01:08:19","slug":"ifa-gallery","status":"publish","type":"places","link":"https:\/\/culture.ixelles.be\/fr\/places\/ifa-gallery\/","title":{"rendered":"Ifa Gallery"},"content":{"rendered":"<p>Ifa est une galerie fond\u00e9e par Alexis Kouzmine-Karava\u00efeff et \u00e9tablie \u00e0 Shanghai depuis 2006-2007 dans le quartier art contemporain de la ville. \u00c0 l\u2019automne 2013, Ifa Gallery a ouvert un espace au c\u0153ur de la capitale de l&rsquo;Europe. Situ\u00e9e dans le vieux quartier central des Marolles, la galerie offre un programme dynamique avec des artistes principalement chinois, des nouveaux artistes de la r\u00e9gion et d\u2019ailleurs, quelles que soientleurs origines. La galerie repr\u00e9sente et soutient les artistes qui ont un langage et des moyens d&rsquo;expression originaux, qui s\u2019\u00e9loignent des clich\u00e9s et des conventions, qui ont des concepts forts et une vision artistique.<\/p>\n","protected":false},"excerpt":{"rendered":"<p>Ifa est une galerie fond\u00e9e par Alexis Kouzmine-Karava\u00efeff et \u00e9tablie \u00e0 Shanghai depuis 2006-2007 dans le quartier art contemporain de la ville. \u00c0 l\u2019automne 2013, Ifa Gallery a ouvert un espace au c\u0153ur de la capitale de l&rsquo;Europe. Situ\u00e9e dans le vieux quartier central des Marolles, la galerie offre un programme dynamique avec des artistes [&hellip;]<\/p>\n","protected":false},"author":1,"featured_media":0,"parent":0,"comment_status":"open","ping_status":"open","template":"","meta":{"_acf_changed":false,"_monsterinsights_skip_tracking":false,"_monsterinsights_sitenote_active":false,"_monsterinsights_sitenote_note":"","_monsterinsights_sitenote_category":0,"footnotes":""},"acf":{"original_id":"255580","published_at":"2013-11-25T19:48:06+01:00","last_updated_at":"2026-01-05T22:45:05+01:00","website":"http:\/\/www.ifa-gallery.com","phone_booking":"","address_city":"Ixelles","phone_contact":"+32 2 502 40 58","lat":"50.81843087","lon":"4.36916378","address_line1":"Rue Saint-Georges, 24","prices":"[]","ratings":"{}","stib_mivb_stops":"[]","is_closed_on_public_holidays":"","can_be_privatized":"","is_accessible_pmr":"","facebook_link":"","date_exceptions":"[]","closing_days":"[]","weekschema":"[]","_event_gallery":"","_event_pictures":""},"yoast_head":"<!-- This site is optimized with the Yoast SEO plugin v24.5 - https:\/\/yoast.com\/wordpress\/plugins\/seo\/ -->\n<title>Ifa Gallery - Ixelles<\/title>\n<meta name=\"robots\" content=\"index, follow, max-snippet:-1, max-image-preview:large, max-video-preview:-1\" \/>\n<link rel=\"canonical\" href=\"https:\/\/culture.ixelles.be\/fr\/places\/ifa-gallery\/\" \/>\n<meta property=\"og:locale\" content=\"fr_FR\" \/>\n<meta property=\"og:type\" content=\"article\" \/>\n<meta property=\"og:title\" content=\"Ifa Gallery - Ixelles\" \/>\n<meta property=\"og:description\" content=\"Ifa est une galerie fond\u00e9e par Alexis Kouzmine-Karava\u00efeff et \u00e9tablie \u00e0 Shanghai depuis 2006-2007 dans le quartier art contemporain de la ville. \u00c0 l\u2019automne 2013, Ifa Gallery a ouvert un espace au c\u0153ur de la capitale de l&rsquo;Europe. Situ\u00e9e dans le vieux quartier central des Marolles, la galerie offre un programme dynamique avec des artistes [&hellip;]\" \/>\n<meta property=\"og:url\" content=\"https:\/\/culture.ixelles.be\/fr\/places\/ifa-gallery\/\" \/>\n<meta property=\"og:site_name\" content=\"Ixelles\" \/>\n<meta property=\"article:modified_time\" content=\"2026-01-06T01:08:19+00:00\" \/>\n<meta name=\"twitter:card\" content=\"summary_large_image\" \/>\n<meta name=\"twitter:label1\" content=\"Dur\u00e9e de lecture estim\u00e9e\" \/>\n\t<meta name=\"twitter:data1\" content=\"1 minute\" \/>\n<script type=\"application\/ld+json\" class=\"yoast-schema-graph\">{\"@context\":\"https:\/\/schema.org\",\"@graph\":[{\"@type\":\"WebPage\",\"@id\":\"https:\/\/culture.ixelles.be\/fr\/places\/ifa-gallery\/\",\"url\":\"https:\/\/culture.ixelles.be\/fr\/places\/ifa-gallery\/\",\"name\":\"Ifa Gallery - Ixelles\",\"isPartOf\":{\"@id\":\"https:\/\/culture.ixelles.be\/fr\/#website\"},\"datePublished\":\"2021-06-29T04:30:02+00:00\",\"dateModified\":\"2026-01-06T01:08:19+00:00\",\"breadcrumb\":{\"@id\":\"https:\/\/culture.ixelles.be\/fr\/places\/ifa-gallery\/#breadcrumb\"},\"inLanguage\":\"fr-FR\",\"potentialAction\":[{\"@type\":\"ReadAction\",\"target\":[\"https:\/\/culture.ixelles.be\/fr\/places\/ifa-gallery\/\"]}]},{\"@type\":\"BreadcrumbList\",\"@id\":\"https:\/\/culture.ixelles.be\/fr\/places\/ifa-gallery\/#breadcrumb\",\"itemListElement\":[{\"@type\":\"ListItem\",\"position\":1,\"name\":\"Accueil\",\"item\":\"https:\/\/culture.ixelles.be\/fr\/\"},{\"@type\":\"ListItem\",\"position\":2,\"name\":\"Places\",\"item\":\"https:\/\/culture.ixelles.be\/fr\/places\/\"},{\"@type\":\"ListItem\",\"position\":3,\"name\":\"Ifa Gallery\"}]},{\"@type\":\"WebSite\",\"@id\":\"https:\/\/culture.ixelles.be\/fr\/#website\",\"url\":\"https:\/\/culture.ixelles.be\/fr\/\",\"name\":\"Ixelles\",\"description\":\"\",\"publisher\":{\"@id\":\"https:\/\/culture.ixelles.be\/fr\/#organization\"},\"potentialAction\":[{\"@type\":\"SearchAction\",\"target\":{\"@type\":\"EntryPoint\",\"urlTemplate\":\"https:\/\/culture.ixelles.be\/fr\/?s={search_term_string}\"},\"query-input\":{\"@type\":\"PropertyValueSpecification\",\"valueRequired\":true,\"valueName\":\"search_term_string\"}}],\"inLanguage\":\"fr-FR\"},{\"@type\":\"Organization\",\"@id\":\"https:\/\/culture.ixelles.be\/fr\/#organization\",\"name\":\"Service culture Ixelles\",\"url\":\"https:\/\/culture.ixelles.be\/fr\/\",\"logo\":{\"@type\":\"ImageObject\",\"inLanguage\":\"fr-FR\",\"@id\":\"https:\/\/culture.ixelles.be\/fr\/#\/schema\/logo\/image\/\",\"url\":\"https:\/\/culture.ixelles.be\/wp-content\/uploads\/2021\/05\/ixelles_green.svg\",\"contentUrl\":\"https:\/\/culture.ixelles.be\/wp-content\/uploads\/2021\/05\/ixelles_green.svg\",\"width\":1,\"height\":1,\"caption\":\"Service culture Ixelles\"},\"image\":{\"@id\":\"https:\/\/culture.ixelles.be\/fr\/#\/schema\/logo\/image\/\"}}]}<\/script>\n<!-- \/ Yoast SEO plugin. -->","yoast_head_json":{"title":"Ifa Gallery - Ixelles","robots":{"index":"index","follow":"follow","max-snippet":"max-snippet:-1","max-image-preview":"max-image-preview:large","max-video-preview":"max-video-preview:-1"},"canonical":"https:\/\/culture.ixelles.be\/fr\/places\/ifa-gallery\/","og_locale":"fr_FR","og_type":"article","og_title":"Ifa Gallery - Ixelles","og_description":"Ifa est une galerie fond\u00e9e par Alexis Kouzmine-Karava\u00efeff et \u00e9tablie \u00e0 Shanghai depuis 2006-2007 dans le quartier art contemporain de la ville. \u00c0 l\u2019automne 2013, Ifa Gallery a ouvert un espace au c\u0153ur de la capitale de l&rsquo;Europe. Situ\u00e9e dans le vieux quartier central des Marolles, la galerie offre un programme dynamique avec des artistes [&hellip;]","og_url":"https:\/\/culture.ixelles.be\/fr\/places\/ifa-gallery\/","og_site_name":"Ixelles","article_modified_time":"2026-01-06T01:08:19+00:00","twitter_card":"summary_large_image","twitter_misc":{"Dur\u00e9e de lecture estim\u00e9e":"1 minute"},"schema":{"@context":"https:\/\/schema.org","@graph":[{"@type":"WebPage","@id":"https:\/\/culture.ixelles.be\/fr\/places\/ifa-gallery\/","url":"https:\/\/culture.ixelles.be\/fr\/places\/ifa-gallery\/","name":"Ifa Gallery - Ixelles","isPartOf":{"@id":"https:\/\/culture.ixelles.be\/fr\/#website"},"datePublished":"2021-06-29T04:30:02+00:00","dateModified":"2026-01-06T01:08:19+00:00","breadcrumb":{"@id":"https:\/\/culture.ixelles.be\/fr\/places\/ifa-gallery\/#breadcrumb"},"inLanguage":"fr-FR","potentialAction":[{"@type":"ReadAction","target":["https:\/\/culture.ixelles.be\/fr\/places\/ifa-gallery\/"]}]},{"@type":"BreadcrumbList","@id":"https:\/\/culture.ixelles.be\/fr\/places\/ifa-gallery\/#breadcrumb","itemListElement":[{"@type":"ListItem","position":1,"name":"Accueil","item":"https:\/\/culture.ixelles.be\/fr\/"},{"@type":"ListItem","position":2,"name":"Places","item":"https:\/\/culture.ixelles.be\/fr\/places\/"},{"@type":"ListItem","position":3,"name":"Ifa Gallery"}]},{"@type":"WebSite","@id":"https:\/\/culture.ixelles.be\/fr\/#website","url":"https:\/\/culture.ixelles.be\/fr\/","name":"Ixelles","description":"","publisher":{"@id":"https:\/\/culture.ixelles.be\/fr\/#organization"},"potentialAction":[{"@type":"SearchAction","target":{"@type":"EntryPoint","urlTemplate":"https:\/\/culture.ixelles.be\/fr\/?s={search_term_string}"},"query-input":{"@type":"PropertyValueSpecification","valueRequired":true,"valueName":"search_term_string"}}],"inLanguage":"fr-FR"},{"@type":"Organization","@id":"https:\/\/culture.ixelles.be\/fr\/#organization","name":"Service culture Ixelles","url":"https:\/\/culture.ixelles.be\/fr\/","logo":{"@type":"ImageObject","inLanguage":"fr-FR","@id":"https:\/\/culture.ixelles.be\/fr\/#\/schema\/logo\/image\/","url":"https:\/\/culture.ixelles.be\/wp-content\/uploads\/2021\/05\/ixelles_green.svg","contentUrl":"https:\/\/culture.ixelles.be\/wp-content\/uploads\/2021\/05\/ixelles_green.svg","width":1,"height":1,"caption":"Service culture Ixelles"},"image":{"@id":"https:\/\/culture.ixelles.be\/fr\/#\/schema\/logo\/image\/"}}]}},"_links":{"self":[{"href":"https:\/\/culture.ixelles.be\/fr\/wp-json\/wp\/v2\/places\/1310160"}],"collection":[{"href":"https:\/\/culture.ixelles.be\/fr\/wp-json\/wp\/v2\/places"}],"about":[{"href":"https:\/\/culture.ixelles.be\/fr\/wp-json\/wp\/v2\/types\/places"}],"author":[{"embeddable":true,"href":"https:\/\/culture.ixelles.be\/fr\/wp-json\/wp\/v2\/users\/1"}],"replies":[{"embeddable":true,"href":"https:\/\/culture.ixelles.be\/fr\/wp-json\/wp\/v2\/comments?post=1310160"}],"version-history":[{"count":1,"href":"https:\/\/culture.ixelles.be\/fr\/wp-json\/wp\/v2\/places\/1310160\/revisions"}],"predecessor-version":[{"id":1349410,"href":"https:\/\/culture.ixelles.be\/fr\/wp-json\/wp\/v2\/places\/1310160\/revisions\/1349410"}],"wp:attachment":[{"href":"https:\/\/culture.ixelles.be\/fr\/wp-json\/wp\/v2\/media?parent=1310160"}],"curies":[{"name":"wp","href":"https:\/\/api.w.org\/{rel}","templated":true}]}}

<p>Ifa est une galerie fondée par Alexis Kouzmine-Karavaïeff et établie à Shanghai depuis 2006-2007 dans le quartier art contemporain de la ville. À l’automne 2013, Ifa Gallery a ouvert un espace au cœur de la capitale de l&rsquo;Europe. Située dans le vieux quartier central des Marolles, la galerie offre un programme dynamique avec des artistes principalement chinois, des nouveaux artistes de la région et d’ailleurs, quelles que soientleurs origines. La galerie représente et soutient les artistes qui ont un langage et des moyens d&rsquo;expression originaux, qui s’éloignent des clichés et des conventions, qui ont des concepts forts et une vision artistique.</p>

<p>Ifa est une galerie fondée par Alexis Kouzmine-Karavaïeff et établie à Shanghai depuis 2006-2007 dans le quartier art contemporain de la ville. À l’automne 2013, Ifa Gallery a ouvert un espace au cœur de la capitale de l&rsquo;Europe. Située dans le vieux quartier central des Marolles, la galerie offre un programme dynamique avec des artistes [&hellip;]</p>

<!-- This site is optimized with the Yoast SEO plugin v24.5 - https://yoast.com/wordpress/plugins/seo/ -->
<title>Ifa Gallery - Ixelles</title>
<meta name="robots" content="index, follow, max-snippet:-1, max-image-preview:large, max-video-preview:-1" />
<link rel="canonical" href="https://culture.ixelles.be/fr/places/ifa-gallery/" />
<meta property="og:locale" content="fr_FR" />
<meta property="og:type" content="article" />
<meta property="og:title" content="Ifa Gallery - Ixelles" />
<meta property="og:description" content="Ifa est une galerie fondée par Alexis Kouzmine-Karavaïeff et établie à Shanghai depuis 2006-2007 dans le quartier art contemporain de la ville. À l’automne 2013, Ifa Gallery a ouvert un espace au cœur de la capitale de l&rsquo;Europe. Située dans le vieux quartier central des Marolles, la galerie offre un programme dynamique avec des artistes [&hellip;]" />
<meta property="og:url" content="https://culture.ixelles.be/fr/places/ifa-gallery/" />
<meta property="og:site_name" content="Ixelles" />
<meta property="article:modified_time" content="2026-01-06T01:08:19+00:00" />
<meta name="twitter:card" content="summary_large_image" />
<meta name="twitter:label1" content="Durée de lecture estimée" />
	<meta name="twitter:data1" content="1 minute" />
<script type="application/ld+json" class="yoast-schema-graph">{"@context":"https://schema.org","@graph":[{"@type":"WebPage","@id":"https://culture.ixelles.be/fr/places/ifa-gallery/","url":"https://culture.ixelles.be/fr/places/ifa-gallery/","name":"Ifa Gallery - Ixelles","isPartOf":{"@id":"https://culture.ixelles.be/fr/#website"},"datePublished":"2021-06-29T04:30:02+00:00","dateModified":"2026-01-06T01:08:19+00:00","breadcrumb":{"@id":"https://culture.ixelles.be/fr/places/ifa-gallery/#breadcrumb"},"inLanguage":"fr-FR","potentialAction":[{"@type":"ReadAction","target":["https://culture.ixelles.be/fr/places/ifa-gallery/"]}]},{"@type":"BreadcrumbList","@id":"https://culture.ixelles.be/fr/places/ifa-gallery/#breadcrumb","itemListElement":[{"@type":"ListItem","position":1,"name":"Accueil","item":"https://culture.ixelles.be/fr/"},{"@type":"ListItem","position":2,"name":"Places","item":"https://culture.ixelles.be/fr/places/"},{"@type":"ListItem","position":3,"name":"Ifa Gallery"}]},{"@type":"WebSite","@id":"https://culture.ixelles.be/fr/#website","url":"https://culture.ixelles.be/fr/","name":"Ixelles","description":"","publisher":{"@id":"https://culture.ixelles.be/fr/#organization"},"potentialAction":[{"@type":"SearchAction","target":{"@type":"EntryPoint","urlTemplate":"https://culture.ixelles.be/fr/?s={search_term_string}"},"query-input":{"@type":"PropertyValueSpecification","valueRequired":true,"valueName":"search_term_string"}}],"inLanguage":"fr-FR"},{"@type":"Organization","@id":"https://culture.ixelles.be/fr/#organization","name":"Service culture Ixelles","url":"https://culture.ixelles.be/fr/","logo":{"@type":"ImageObject","inLanguage":"fr-FR","@id":"https://culture.ixelles.be/fr/#/schema/logo/image/","url":"https://culture.ixelles.be/wp-content/uploads/2021/05/ixelles_green.svg","contentUrl":"https://culture.ixelles.be/wp-content/uploads/2021/05/ixelles_green.svg","width":1,"height":1,"caption":"Service culture Ixelles"},"image":{"@id":"https://culture.ixelles.be/fr/#/schema/logo/image/"}}]}</script>
<!-- / Yoast SEO plugin. -->

Ifa est une galerie fondée par Alexis Kouzmine-Karavaïeff et établie à Shanghai depuis 2006-2007 dans le quartier art contemporain de la ville. À l’automne 2013, Ifa Gallery a ouvert un espace au cœur de la capitale de l&rsquo;Europe. Située dans le vieux quartier central des Marolles, la galerie offre un programme dynamique avec des artistes [&hellip;]
