{"id":1310317,"date":"2021-10-13T23:00:04","date_gmt":"2021-10-13T23:00:04","guid":{"rendered":"https:\/\/culture.ixelles.be\/places\/shak-gallery\/"},"modified":"2026-01-06T01:10:01","modified_gmt":"2026-01-06T01:10:01","slug":"shak-gallery","status":"publish","type":"places","link":"https:\/\/culture.ixelles.be\/fr\/places\/shak-gallery\/","title":{"rendered":"Sh\u00e5k Gallery"},"content":{"rendered":"<p>Design + Art, voil\u00e0 l\u2019\u00e9quation qui d\u00e9finit l\u2019essence de la SH\u00c5K GALLERY : un savant m\u00e9lange des genres qui s\u2019affranchit des \u00e9tiquettes. Fraichement install\u00e9e rue Darwin, \u00e0 Ixelles, cette nouvelle venue pr\u00f4ne son go\u00fbt pour le design scandinave, japonais et latino-am\u00e9ricain du 20e si\u00e8cle, sans pour autant bouder de la cr\u00e9ation contemporain. Entre ses murs \u00e9pur\u00e9s de blanc, elle accueille notamment : des c\u00e9ramiques aux lignes minimalistes du japonais \u202aKaneta Masanao, les audacieux tabourets du designer Ingvar Hildingsson ou les chaises \u00ab Cuera \u00bb aux accents tr\u00e8s latino<\/p>\n","protected":false},"excerpt":{"rendered":"<p>Design + Art, voil\u00e0 l\u2019\u00e9quation qui d\u00e9finit l\u2019essence de la SH\u00c5K GALLERY : un savant m\u00e9lange des genres qui s\u2019affranchit des \u00e9tiquettes. Fraichement install\u00e9e rue Darwin, \u00e0 Ixelles, cette nouvelle venue pr\u00f4ne son go\u00fbt pour le design scandinave, japonais et latino-am\u00e9ricain du 20e si\u00e8cle, sans pour autant bouder de la cr\u00e9ation contemporain. Entre ses murs [&hellip;]<\/p>\n","protected":false},"author":1,"featured_media":1830130,"parent":0,"comment_status":"open","ping_status":"open","template":"","meta":{"_acf_changed":false,"_monsterinsights_skip_tracking":false,"_monsterinsights_sitenote_active":false,"_monsterinsights_sitenote_note":"","_monsterinsights_sitenote_category":0,"footnotes":""},"acf":{"original_id":"276982","published_at":"2021-08-02T13:35:12+02:00","last_updated_at":"2026-01-05T22:30:04+01:00","website":"https:\/\/shakgallery.com\/","phone_booking":"","address_city":"Ixelles","phone_contact":"+32 2 735 48 35","lat":"50.81751331","lon":"4.35356468","address_line1":"Rue Darwin, 59","prices":"[]","ratings":"{}","stib_mivb_stops":"[]","is_closed_on_public_holidays":"","can_be_privatized":"","is_accessible_pmr":"","facebook_link":"","date_exceptions":"[]","closing_days":"[]","weekschema":"[{\"days\":{\"monday\":{\"is_open\":false},\"tuesday\":{\"is_open\":false},\"wednesday\":{\"is_open\":false},\"thursday\":{\"is_open\":true,\"hours\":[{\"start\":\"11:00:00\",\"end\":\"18:00:00\"}]},\"friday\":{\"is_open\":true,\"hours\":[{\"start\":\"11:00:00\",\"end\":\"18:00:00\"}]},\"saturday\":{\"is_open\":true,\"hours\":[{\"start\":\"11:00:00\",\"end\":\"18:00:00\"}]},\"sunday\":{\"is_open\":false}},\"translations\":{\"de\":[\"monday, tuesday and wednesday: closed\",\"thursday, friday and saturday: from 11:00 to 18:00\",\"sunday: closed\"],\"pt\":[\"monday, tuesday and wednesday: closed\",\"thursday, friday and saturday: from 11:00 to 18:00\",\"sunday: closed\"],\"en\":[\"monday, tuesday and wednesday: closed\",\"thursday, friday and saturday: from 11:00 to 18:00\",\"sunday: closed\"],\"it\":[\"monday, tuesday and wednesday: closed\",\"thursday, friday and saturday: from 11:00 to 18:00\",\"sunday: closed\"],\"cn\":[\"monday, tuesday and wednesday: closed\",\"thursday, friday and saturday: from 11:00 to 18:00\",\"sunday: closed\"],\"fr\":[\"lundi, mardi et mercredi: fermu00e9\",\"jeudi, vendredi et samedi: de 11:00 u00e0 18:00\",\"dimanche: fermu00e9\"],\"sp\":[\"monday, tuesday and wednesday: closed\",\"thursday, friday and saturday: from 11:00 to 18:00\",\"sunday: closed\"],\"nl\":[\"maandag, dinsdag en woensdag: gesloten\",\"donderdag, vrijdag en zaterdag: van 11:00 tot 18:00\",\"zondag: gesloten\"]},\"is_also_by_appointment\":false}]","_event_gallery":"https:\/\/culture.ixelles.be\/wp-content\/uploads\/2021\/10\/3bec434bbd95cba6b2aa2bc432e4a840230579f0.jpg","_event_pictures":"https:\/\/culture.ixelles.be\/wp-content\/uploads\/2021\/10\/3bec434bbd95cba6b2aa2bc432e4a840230579f0.jpg"},"yoast_head":"<!-- This site is optimized with the Yoast SEO plugin v24.5 - https:\/\/yoast.com\/wordpress\/plugins\/seo\/ -->\n<title>Sh\u00e5k Gallery - Ixelles<\/title>\n<meta name=\"robots\" content=\"index, follow, max-snippet:-1, max-image-preview:large, max-video-preview:-1\" \/>\n<link rel=\"canonical\" href=\"https:\/\/culture.ixelles.be\/fr\/places\/shak-gallery\/\" \/>\n<meta property=\"og:locale\" content=\"fr_FR\" \/>\n<meta property=\"og:type\" content=\"article\" \/>\n<meta property=\"og:title\" content=\"Sh\u00e5k Gallery - Ixelles\" \/>\n<meta property=\"og:description\" content=\"Design + Art, voil\u00e0 l\u2019\u00e9quation qui d\u00e9finit l\u2019essence de la SH\u00c5K GALLERY : un savant m\u00e9lange des genres qui s\u2019affranchit des \u00e9tiquettes. Fraichement install\u00e9e rue Darwin, \u00e0 Ixelles, cette nouvelle venue pr\u00f4ne son go\u00fbt pour le design scandinave, japonais et latino-am\u00e9ricain du 20e si\u00e8cle, sans pour autant bouder de la cr\u00e9ation contemporain. Entre ses murs [&hellip;]\" \/>\n<meta property=\"og:url\" content=\"https:\/\/culture.ixelles.be\/fr\/places\/shak-gallery\/\" \/>\n<meta property=\"og:site_name\" content=\"Ixelles\" \/>\n<meta property=\"article:modified_time\" content=\"2026-01-06T01:10:01+00:00\" \/>\n<meta property=\"og:image\" content=\"https:\/\/culture.ixelles.be\/wp-content\/uploads\/2021\/10\/3bec434bbd95cba6b2aa2bc432e4a840230579f0.jpg\" \/>\n\t<meta property=\"og:image:width\" content=\"1000\" \/>\n\t<meta property=\"og:image:height\" content=\"650\" \/>\n\t<meta property=\"og:image:type\" content=\"image\/jpeg\" \/>\n<meta name=\"twitter:card\" content=\"summary_large_image\" \/>\n<script type=\"application\/ld+json\" class=\"yoast-schema-graph\">{\"@context\":\"https:\/\/schema.org\",\"@graph\":[{\"@type\":\"WebPage\",\"@id\":\"https:\/\/culture.ixelles.be\/fr\/places\/shak-gallery\/\",\"url\":\"https:\/\/culture.ixelles.be\/fr\/places\/shak-gallery\/\",\"name\":\"Sh\u00e5k Gallery - Ixelles\",\"isPartOf\":{\"@id\":\"https:\/\/culture.ixelles.be\/fr\/#website\"},\"primaryImageOfPage\":{\"@id\":\"https:\/\/culture.ixelles.be\/fr\/places\/shak-gallery\/#primaryimage\"},\"image\":{\"@id\":\"https:\/\/culture.ixelles.be\/fr\/places\/shak-gallery\/#primaryimage\"},\"thumbnailUrl\":\"https:\/\/culture.ixelles.be\/wp-content\/uploads\/2021\/10\/3bec434bbd95cba6b2aa2bc432e4a840230579f0.jpg\",\"datePublished\":\"2021-10-13T23:00:04+00:00\",\"dateModified\":\"2026-01-06T01:10:01+00:00\",\"breadcrumb\":{\"@id\":\"https:\/\/culture.ixelles.be\/fr\/places\/shak-gallery\/#breadcrumb\"},\"inLanguage\":\"fr-FR\",\"potentialAction\":[{\"@type\":\"ReadAction\",\"target\":[\"https:\/\/culture.ixelles.be\/fr\/places\/shak-gallery\/\"]}]},{\"@type\":\"ImageObject\",\"inLanguage\":\"fr-FR\",\"@id\":\"https:\/\/culture.ixelles.be\/fr\/places\/shak-gallery\/#primaryimage\",\"url\":\"https:\/\/culture.ixelles.be\/wp-content\/uploads\/2021\/10\/3bec434bbd95cba6b2aa2bc432e4a840230579f0.jpg\",\"contentUrl\":\"https:\/\/culture.ixelles.be\/wp-content\/uploads\/2021\/10\/3bec434bbd95cba6b2aa2bc432e4a840230579f0.jpg\",\"width\":1000,\"height\":650},{\"@type\":\"BreadcrumbList\",\"@id\":\"https:\/\/culture.ixelles.be\/fr\/places\/shak-gallery\/#breadcrumb\",\"itemListElement\":[{\"@type\":\"ListItem\",\"position\":1,\"name\":\"Accueil\",\"item\":\"https:\/\/culture.ixelles.be\/fr\/\"},{\"@type\":\"ListItem\",\"position\":2,\"name\":\"Places\",\"item\":\"https:\/\/culture.ixelles.be\/fr\/places\/\"},{\"@type\":\"ListItem\",\"position\":3,\"name\":\"Sh\u00e5k Gallery\"}]},{\"@type\":\"WebSite\",\"@id\":\"https:\/\/culture.ixelles.be\/fr\/#website\",\"url\":\"https:\/\/culture.ixelles.be\/fr\/\",\"name\":\"Ixelles\",\"description\":\"\",\"publisher\":{\"@id\":\"https:\/\/culture.ixelles.be\/fr\/#organization\"},\"potentialAction\":[{\"@type\":\"SearchAction\",\"target\":{\"@type\":\"EntryPoint\",\"urlTemplate\":\"https:\/\/culture.ixelles.be\/fr\/?s={search_term_string}\"},\"query-input\":{\"@type\":\"PropertyValueSpecification\",\"valueRequired\":true,\"valueName\":\"search_term_string\"}}],\"inLanguage\":\"fr-FR\"},{\"@type\":\"Organization\",\"@id\":\"https:\/\/culture.ixelles.be\/fr\/#organization\",\"name\":\"Service culture Ixelles\",\"url\":\"https:\/\/culture.ixelles.be\/fr\/\",\"logo\":{\"@type\":\"ImageObject\",\"inLanguage\":\"fr-FR\",\"@id\":\"https:\/\/culture.ixelles.be\/fr\/#\/schema\/logo\/image\/\",\"url\":\"https:\/\/culture.ixelles.be\/wp-content\/uploads\/2021\/05\/ixelles_green.svg\",\"contentUrl\":\"https:\/\/culture.ixelles.be\/wp-content\/uploads\/2021\/05\/ixelles_green.svg\",\"width\":1,\"height\":1,\"caption\":\"Service culture Ixelles\"},\"image\":{\"@id\":\"https:\/\/culture.ixelles.be\/fr\/#\/schema\/logo\/image\/\"}}]}<\/script>\n<!-- \/ Yoast SEO plugin. -->","yoast_head_json":{"title":"Sh\u00e5k Gallery - Ixelles","robots":{"index":"index","follow":"follow","max-snippet":"max-snippet:-1","max-image-preview":"max-image-preview:large","max-video-preview":"max-video-preview:-1"},"canonical":"https:\/\/culture.ixelles.be\/fr\/places\/shak-gallery\/","og_locale":"fr_FR","og_type":"article","og_title":"Sh\u00e5k Gallery - Ixelles","og_description":"Design + Art, voil\u00e0 l\u2019\u00e9quation qui d\u00e9finit l\u2019essence de la SH\u00c5K GALLERY : un savant m\u00e9lange des genres qui s\u2019affranchit des \u00e9tiquettes. Fraichement install\u00e9e rue Darwin, \u00e0 Ixelles, cette nouvelle venue pr\u00f4ne son go\u00fbt pour le design scandinave, japonais et latino-am\u00e9ricain du 20e si\u00e8cle, sans pour autant bouder de la cr\u00e9ation contemporain. Entre ses murs [&hellip;]","og_url":"https:\/\/culture.ixelles.be\/fr\/places\/shak-gallery\/","og_site_name":"Ixelles","article_modified_time":"2026-01-06T01:10:01+00:00","og_image":[{"width":1000,"height":650,"url":"https:\/\/culture.ixelles.be\/wp-content\/uploads\/2021\/10\/3bec434bbd95cba6b2aa2bc432e4a840230579f0.jpg","type":"image\/jpeg"}],"twitter_card":"summary_large_image","schema":{"@context":"https:\/\/schema.org","@graph":[{"@type":"WebPage","@id":"https:\/\/culture.ixelles.be\/fr\/places\/shak-gallery\/","url":"https:\/\/culture.ixelles.be\/fr\/places\/shak-gallery\/","name":"Sh\u00e5k Gallery - Ixelles","isPartOf":{"@id":"https:\/\/culture.ixelles.be\/fr\/#website"},"primaryImageOfPage":{"@id":"https:\/\/culture.ixelles.be\/fr\/places\/shak-gallery\/#primaryimage"},"image":{"@id":"https:\/\/culture.ixelles.be\/fr\/places\/shak-gallery\/#primaryimage"},"thumbnailUrl":"https:\/\/culture.ixelles.be\/wp-content\/uploads\/2021\/10\/3bec434bbd95cba6b2aa2bc432e4a840230579f0.jpg","datePublished":"2021-10-13T23:00:04+00:00","dateModified":"2026-01-06T01:10:01+00:00","breadcrumb":{"@id":"https:\/\/culture.ixelles.be\/fr\/places\/shak-gallery\/#breadcrumb"},"inLanguage":"fr-FR","potentialAction":[{"@type":"ReadAction","target":["https:\/\/culture.ixelles.be\/fr\/places\/shak-gallery\/"]}]},{"@type":"ImageObject","inLanguage":"fr-FR","@id":"https:\/\/culture.ixelles.be\/fr\/places\/shak-gallery\/#primaryimage","url":"https:\/\/culture.ixelles.be\/wp-content\/uploads\/2021\/10\/3bec434bbd95cba6b2aa2bc432e4a840230579f0.jpg","contentUrl":"https:\/\/culture.ixelles.be\/wp-content\/uploads\/2021\/10\/3bec434bbd95cba6b2aa2bc432e4a840230579f0.jpg","width":1000,"height":650},{"@type":"BreadcrumbList","@id":"https:\/\/culture.ixelles.be\/fr\/places\/shak-gallery\/#breadcrumb","itemListElement":[{"@type":"ListItem","position":1,"name":"Accueil","item":"https:\/\/culture.ixelles.be\/fr\/"},{"@type":"ListItem","position":2,"name":"Places","item":"https:\/\/culture.ixelles.be\/fr\/places\/"},{"@type":"ListItem","position":3,"name":"Sh\u00e5k Gallery"}]},{"@type":"WebSite","@id":"https:\/\/culture.ixelles.be\/fr\/#website","url":"https:\/\/culture.ixelles.be\/fr\/","name":"Ixelles","description":"","publisher":{"@id":"https:\/\/culture.ixelles.be\/fr\/#organization"},"potentialAction":[{"@type":"SearchAction","target":{"@type":"EntryPoint","urlTemplate":"https:\/\/culture.ixelles.be\/fr\/?s={search_term_string}"},"query-input":{"@type":"PropertyValueSpecification","valueRequired":true,"valueName":"search_term_string"}}],"inLanguage":"fr-FR"},{"@type":"Organization","@id":"https:\/\/culture.ixelles.be\/fr\/#organization","name":"Service culture Ixelles","url":"https:\/\/culture.ixelles.be\/fr\/","logo":{"@type":"ImageObject","inLanguage":"fr-FR","@id":"https:\/\/culture.ixelles.be\/fr\/#\/schema\/logo\/image\/","url":"https:\/\/culture.ixelles.be\/wp-content\/uploads\/2021\/05\/ixelles_green.svg","contentUrl":"https:\/\/culture.ixelles.be\/wp-content\/uploads\/2021\/05\/ixelles_green.svg","width":1,"height":1,"caption":"Service culture Ixelles"},"image":{"@id":"https:\/\/culture.ixelles.be\/fr\/#\/schema\/logo\/image\/"}}]}},"_links":{"self":[{"href":"https:\/\/culture.ixelles.be\/fr\/wp-json\/wp\/v2\/places\/1310317"}],"collection":[{"href":"https:\/\/culture.ixelles.be\/fr\/wp-json\/wp\/v2\/places"}],"about":[{"href":"https:\/\/culture.ixelles.be\/fr\/wp-json\/wp\/v2\/types\/places"}],"author":[{"embeddable":true,"href":"https:\/\/culture.ixelles.be\/fr\/wp-json\/wp\/v2\/users\/1"}],"replies":[{"embeddable":true,"href":"https:\/\/culture.ixelles.be\/fr\/wp-json\/wp\/v2\/comments?post=1310317"}],"version-history":[{"count":1,"href":"https:\/\/culture.ixelles.be\/fr\/wp-json\/wp\/v2\/places\/1310317\/revisions"}],"predecessor-version":[{"id":1353572,"href":"https:\/\/culture.ixelles.be\/fr\/wp-json\/wp\/v2\/places\/1310317\/revisions\/1353572"}],"wp:featuredmedia":[{"embeddable":true,"href":"https:\/\/culture.ixelles.be\/fr\/wp-json\/wp\/v2\/media\/1830130"}],"wp:attachment":[{"href":"https:\/\/culture.ixelles.be\/fr\/wp-json\/wp\/v2\/media?parent=1310317"}],"curies":[{"name":"wp","href":"https:\/\/api.w.org\/{rel}","templated":true}]}}

Shåk Gallery

<p>Design + Art, voilà l’équation qui définit l’essence de la SHÅK GALLERY : un savant mélange des genres qui s’affranchit des étiquettes. Fraichement installée rue Darwin, à Ixelles, cette nouvelle venue prône son goût pour le design scandinave, japonais et latino-américain du 20e siècle, sans pour autant bouder de la création contemporain. Entre ses murs épurés de blanc, elle accueille notamment : des céramiques aux lignes minimalistes du japonais ‪Kaneta Masanao, les audacieux tabourets du designer Ingvar Hildingsson ou les chaises « Cuera » aux accents très latino</p>

<p>Design + Art, voilà l’équation qui définit l’essence de la SHÅK GALLERY : un savant mélange des genres qui s’affranchit des étiquettes. Fraichement installée rue Darwin, à Ixelles, cette nouvelle venue prône son goût pour le design scandinave, japonais et latino-américain du 20e siècle, sans pour autant bouder de la création contemporain. Entre ses murs [&hellip;]</p>

<!-- This site is optimized with the Yoast SEO plugin v24.5 - https://yoast.com/wordpress/plugins/seo/ -->
<title>Shåk Gallery - Ixelles</title>
<meta name="robots" content="index, follow, max-snippet:-1, max-image-preview:large, max-video-preview:-1" />
<link rel="canonical" href="https://culture.ixelles.be/fr/places/shak-gallery/" />
<meta property="og:locale" content="fr_FR" />
<meta property="og:type" content="article" />
<meta property="og:title" content="Shåk Gallery - Ixelles" />
<meta property="og:description" content="Design + Art, voilà l’équation qui définit l’essence de la SHÅK GALLERY : un savant mélange des genres qui s’affranchit des étiquettes. Fraichement installée rue Darwin, à Ixelles, cette nouvelle venue prône son goût pour le design scandinave, japonais et latino-américain du 20e siècle, sans pour autant bouder de la création contemporain. Entre ses murs [&hellip;]" />
<meta property="og:url" content="https://culture.ixelles.be/fr/places/shak-gallery/" />
<meta property="og:site_name" content="Ixelles" />
<meta property="article:modified_time" content="2026-01-06T01:10:01+00:00" />
<meta property="og:image" content="https://culture.ixelles.be/wp-content/uploads/2021/10/3bec434bbd95cba6b2aa2bc432e4a840230579f0.jpg" />
	<meta property="og:image:width" content="1000" />
	<meta property="og:image:height" content="650" />
	<meta property="og:image:type" content="image/jpeg" />
<meta name="twitter:card" content="summary_large_image" />
<script type="application/ld+json" class="yoast-schema-graph">{"@context":"https://schema.org","@graph":[{"@type":"WebPage","@id":"https://culture.ixelles.be/fr/places/shak-gallery/","url":"https://culture.ixelles.be/fr/places/shak-gallery/","name":"Shåk Gallery - Ixelles","isPartOf":{"@id":"https://culture.ixelles.be/fr/#website"},"primaryImageOfPage":{"@id":"https://culture.ixelles.be/fr/places/shak-gallery/#primaryimage"},"image":{"@id":"https://culture.ixelles.be/fr/places/shak-gallery/#primaryimage"},"thumbnailUrl":"https://culture.ixelles.be/wp-content/uploads/2021/10/3bec434bbd95cba6b2aa2bc432e4a840230579f0.jpg","datePublished":"2021-10-13T23:00:04+00:00","dateModified":"2026-01-06T01:10:01+00:00","breadcrumb":{"@id":"https://culture.ixelles.be/fr/places/shak-gallery/#breadcrumb"},"inLanguage":"fr-FR","potentialAction":[{"@type":"ReadAction","target":["https://culture.ixelles.be/fr/places/shak-gallery/"]}]},{"@type":"ImageObject","inLanguage":"fr-FR","@id":"https://culture.ixelles.be/fr/places/shak-gallery/#primaryimage","url":"https://culture.ixelles.be/wp-content/uploads/2021/10/3bec434bbd95cba6b2aa2bc432e4a840230579f0.jpg","contentUrl":"https://culture.ixelles.be/wp-content/uploads/2021/10/3bec434bbd95cba6b2aa2bc432e4a840230579f0.jpg","width":1000,"height":650},{"@type":"BreadcrumbList","@id":"https://culture.ixelles.be/fr/places/shak-gallery/#breadcrumb","itemListElement":[{"@type":"ListItem","position":1,"name":"Accueil","item":"https://culture.ixelles.be/fr/"},{"@type":"ListItem","position":2,"name":"Places","item":"https://culture.ixelles.be/fr/places/"},{"@type":"ListItem","position":3,"name":"Shåk Gallery"}]},{"@type":"WebSite","@id":"https://culture.ixelles.be/fr/#website","url":"https://culture.ixelles.be/fr/","name":"Ixelles","description":"","publisher":{"@id":"https://culture.ixelles.be/fr/#organization"},"potentialAction":[{"@type":"SearchAction","target":{"@type":"EntryPoint","urlTemplate":"https://culture.ixelles.be/fr/?s={search_term_string}"},"query-input":{"@type":"PropertyValueSpecification","valueRequired":true,"valueName":"search_term_string"}}],"inLanguage":"fr-FR"},{"@type":"Organization","@id":"https://culture.ixelles.be/fr/#organization","name":"Service culture Ixelles","url":"https://culture.ixelles.be/fr/","logo":{"@type":"ImageObject","inLanguage":"fr-FR","@id":"https://culture.ixelles.be/fr/#/schema/logo/image/","url":"https://culture.ixelles.be/wp-content/uploads/2021/05/ixelles_green.svg","contentUrl":"https://culture.ixelles.be/wp-content/uploads/2021/05/ixelles_green.svg","width":1,"height":1,"caption":"Service culture Ixelles"},"image":{"@id":"https://culture.ixelles.be/fr/#/schema/logo/image/"}}]}</script>
<!-- / Yoast SEO plugin. -->

Shåk Gallery - Ixelles

Design + Art, voilà l’équation qui définit l’essence de la SHÅK GALLERY : un savant mélange des genres qui s’affranchit des étiquettes. Fraichement installée rue Darwin, à Ixelles, cette nouvelle venue prône son goût pour le design scandinave, japonais et latino-américain du 20e siècle, sans pour autant bouder de la création contemporain. Entre ses murs [&hellip;]
