{"id":1371542,"date":"2023-01-11T01:00:04","date_gmt":"2023-01-11T01:00:04","guid":{"rendered":"https:\/\/culture.ixelles.be\/places\/stieglitz19-brussels\/"},"modified":"2026-01-06T01:11:54","modified_gmt":"2026-01-06T01:11:54","slug":"stieglitz19-brussels","status":"publish","type":"places","link":"https:\/\/culture.ixelles.be\/fr\/places\/stieglitz19-brussels\/","title":{"rendered":"Stieglitz19 Brussels"},"content":{"rendered":"<p>Stieglitz19 est une galerie sp\u00e9cialis\u00e9e dans la photographie contemporaine depuis 15 ans, avec un fort accent sur la photographie chinoise et japonaise. Les artistes utilisent le m\u00e9dium de la photographie comme base, mais sont principalement des innovateurs dans la photographie contemporaine. En 2022, la galerie a ouvert un deuxi\u00e8me lieu \u00e0 Bruxelles. La galerie organise 4 expositions par an. Chaque ann\u00e9e, elle participe \u00e0 une s\u00e9lection de foires d&rsquo;art et \u00e9tablit des partenariats avec des mus\u00e9es nationaux et \u00e9trangers.<\/p>\n","protected":false},"excerpt":{"rendered":"<p>Stieglitz19 est une galerie sp\u00e9cialis\u00e9e dans la photographie contemporaine depuis 15 ans, avec un fort accent sur la photographie chinoise et japonaise. Les artistes utilisent le m\u00e9dium de la photographie comme base, mais sont principalement des innovateurs dans la photographie contemporaine. En 2022, la galerie a ouvert un deuxi\u00e8me lieu \u00e0 Bruxelles. La galerie organise [&hellip;]<\/p>\n","protected":false},"author":1,"featured_media":1830178,"parent":0,"comment_status":"closed","ping_status":"closed","template":"","meta":{"_acf_changed":false,"_monsterinsights_skip_tracking":false,"_monsterinsights_sitenote_active":false,"_monsterinsights_sitenote_note":"","_monsterinsights_sitenote_category":0,"footnotes":""},"acf":{"original_id":"279806","published_at":"2023-01-10T14:04:18+01:00","last_updated_at":"2026-01-05T21:45:03+01:00","website":"http:\/\/www.stieglitz19.be\/","phone_booking":"","address_city":"Ixelles","phone_contact":"","lat":"50.81843087","lon":"4.36916378","address_line1":"Rue Saint-Georges, 24","prices":"[]","ratings":"{}","stib_mivb_stops":"[]","is_closed_on_public_holidays":"","can_be_privatized":"","is_accessible_pmr":"","facebook_link":"","date_exceptions":"[]","closing_days":"[]","weekschema":"[{\"days\":{\"monday\":{\"is_open\":false},\"tuesday\":{\"is_open\":false},\"wednesday\":{\"is_open\":false},\"thursday\":{\"is_open\":false},\"friday\":{\"is_open\":true,\"hours\":[{\"start\":\"14:00:00\",\"end\":\"18:00:00\"}]},\"saturday\":{\"is_open\":true,\"hours\":[{\"start\":\"14:00:00\",\"end\":\"18:00:00\"}]},\"sunday\":{\"is_open\":false}},\"translations\":{\"de\":[\"monday, tuesday, wednesday and thursday: closed\",\"friday and saturday: from 14:00 to 18:00\",\"sunday: closed\"],\"pt\":[\"monday, tuesday, wednesday and thursday: closed\",\"friday and saturday: from 14:00 to 18:00\",\"sunday: closed\"],\"en\":[\"monday, tuesday, wednesday and thursday: closed\",\"friday and saturday: from 14:00 to 18:00\",\"sunday: closed\"],\"it\":[\"monday, tuesday, wednesday and thursday: closed\",\"friday and saturday: from 14:00 to 18:00\",\"sunday: closed\"],\"cn\":[\"monday, tuesday, wednesday and thursday: closed\",\"friday and saturday: from 14:00 to 18:00\",\"sunday: closed\"],\"fr\":[\"lundi, mardi, mercredi et jeudi: fermu00e9\",\"vendredi et samedi: de 14:00 u00e0 18:00\",\"dimanche: fermu00e9\"],\"sp\":[\"monday, tuesday, wednesday and thursday: closed\",\"friday and saturday: from 14:00 to 18:00\",\"sunday: closed\"],\"nl\":[\"maandag, dinsdag, woensdag en donderdag: gesloten\",\"vrijdag en zaterdag: van 14:00 tot 18:00\",\"zondag: gesloten\"]},\"is_also_by_appointment\":false}]","_event_gallery":"https:\/\/culture.ixelles.be\/wp-content\/uploads\/2023\/01\/9971ee860c92461cf2b0081ef4a51044b5f3f0af.jpg","_event_pictures":"https:\/\/culture.ixelles.be\/wp-content\/uploads\/2023\/01\/9971ee860c92461cf2b0081ef4a51044b5f3f0af.jpg"},"yoast_head":"<!-- This site is optimized with the Yoast SEO plugin v24.5 - https:\/\/yoast.com\/wordpress\/plugins\/seo\/ -->\n<title>Stieglitz19 Brussels - Ixelles<\/title>\n<meta name=\"robots\" content=\"index, follow, max-snippet:-1, max-image-preview:large, max-video-preview:-1\" \/>\n<link rel=\"canonical\" href=\"https:\/\/culture.ixelles.be\/fr\/places\/stieglitz19-brussels\/\" \/>\n<meta property=\"og:locale\" content=\"fr_FR\" \/>\n<meta property=\"og:type\" content=\"article\" \/>\n<meta property=\"og:title\" content=\"Stieglitz19 Brussels - Ixelles\" \/>\n<meta property=\"og:description\" content=\"Stieglitz19 est une galerie sp\u00e9cialis\u00e9e dans la photographie contemporaine depuis 15 ans, avec un fort accent sur la photographie chinoise et japonaise. Les artistes utilisent le m\u00e9dium de la photographie comme base, mais sont principalement des innovateurs dans la photographie contemporaine. En 2022, la galerie a ouvert un deuxi\u00e8me lieu \u00e0 Bruxelles. La galerie organise [&hellip;]\" \/>\n<meta property=\"og:url\" content=\"https:\/\/culture.ixelles.be\/fr\/places\/stieglitz19-brussels\/\" \/>\n<meta property=\"og:site_name\" content=\"Ixelles\" \/>\n<meta property=\"article:modified_time\" content=\"2026-01-06T01:11:54+00:00\" \/>\n<meta property=\"og:image\" content=\"https:\/\/culture.ixelles.be\/wp-content\/uploads\/2023\/01\/9971ee860c92461cf2b0081ef4a51044b5f3f0af.jpg\" \/>\n\t<meta property=\"og:image:width\" content=\"1280\" \/>\n\t<meta property=\"og:image:height\" content=\"853\" \/>\n\t<meta property=\"og:image:type\" content=\"image\/jpeg\" \/>\n<meta name=\"twitter:card\" content=\"summary_large_image\" \/>\n<script type=\"application\/ld+json\" class=\"yoast-schema-graph\">{\"@context\":\"https:\/\/schema.org\",\"@graph\":[{\"@type\":\"WebPage\",\"@id\":\"https:\/\/culture.ixelles.be\/fr\/places\/stieglitz19-brussels\/\",\"url\":\"https:\/\/culture.ixelles.be\/fr\/places\/stieglitz19-brussels\/\",\"name\":\"Stieglitz19 Brussels - Ixelles\",\"isPartOf\":{\"@id\":\"https:\/\/culture.ixelles.be\/fr\/#website\"},\"primaryImageOfPage\":{\"@id\":\"https:\/\/culture.ixelles.be\/fr\/places\/stieglitz19-brussels\/#primaryimage\"},\"image\":{\"@id\":\"https:\/\/culture.ixelles.be\/fr\/places\/stieglitz19-brussels\/#primaryimage\"},\"thumbnailUrl\":\"https:\/\/culture.ixelles.be\/wp-content\/uploads\/2023\/01\/9971ee860c92461cf2b0081ef4a51044b5f3f0af.jpg\",\"datePublished\":\"2023-01-11T01:00:04+00:00\",\"dateModified\":\"2026-01-06T01:11:54+00:00\",\"breadcrumb\":{\"@id\":\"https:\/\/culture.ixelles.be\/fr\/places\/stieglitz19-brussels\/#breadcrumb\"},\"inLanguage\":\"fr-FR\",\"potentialAction\":[{\"@type\":\"ReadAction\",\"target\":[\"https:\/\/culture.ixelles.be\/fr\/places\/stieglitz19-brussels\/\"]}]},{\"@type\":\"ImageObject\",\"inLanguage\":\"fr-FR\",\"@id\":\"https:\/\/culture.ixelles.be\/fr\/places\/stieglitz19-brussels\/#primaryimage\",\"url\":\"https:\/\/culture.ixelles.be\/wp-content\/uploads\/2023\/01\/9971ee860c92461cf2b0081ef4a51044b5f3f0af.jpg\",\"contentUrl\":\"https:\/\/culture.ixelles.be\/wp-content\/uploads\/2023\/01\/9971ee860c92461cf2b0081ef4a51044b5f3f0af.jpg\",\"width\":1280,\"height\":853},{\"@type\":\"BreadcrumbList\",\"@id\":\"https:\/\/culture.ixelles.be\/fr\/places\/stieglitz19-brussels\/#breadcrumb\",\"itemListElement\":[{\"@type\":\"ListItem\",\"position\":1,\"name\":\"Accueil\",\"item\":\"https:\/\/culture.ixelles.be\/fr\/\"},{\"@type\":\"ListItem\",\"position\":2,\"name\":\"Places\",\"item\":\"https:\/\/culture.ixelles.be\/fr\/places\/\"},{\"@type\":\"ListItem\",\"position\":3,\"name\":\"Stieglitz19 Brussels\"}]},{\"@type\":\"WebSite\",\"@id\":\"https:\/\/culture.ixelles.be\/fr\/#website\",\"url\":\"https:\/\/culture.ixelles.be\/fr\/\",\"name\":\"Ixelles\",\"description\":\"\",\"publisher\":{\"@id\":\"https:\/\/culture.ixelles.be\/fr\/#organization\"},\"potentialAction\":[{\"@type\":\"SearchAction\",\"target\":{\"@type\":\"EntryPoint\",\"urlTemplate\":\"https:\/\/culture.ixelles.be\/fr\/?s={search_term_string}\"},\"query-input\":{\"@type\":\"PropertyValueSpecification\",\"valueRequired\":true,\"valueName\":\"search_term_string\"}}],\"inLanguage\":\"fr-FR\"},{\"@type\":\"Organization\",\"@id\":\"https:\/\/culture.ixelles.be\/fr\/#organization\",\"name\":\"Service culture Ixelles\",\"url\":\"https:\/\/culture.ixelles.be\/fr\/\",\"logo\":{\"@type\":\"ImageObject\",\"inLanguage\":\"fr-FR\",\"@id\":\"https:\/\/culture.ixelles.be\/fr\/#\/schema\/logo\/image\/\",\"url\":\"https:\/\/culture.ixelles.be\/wp-content\/uploads\/2021\/05\/ixelles_green.svg\",\"contentUrl\":\"https:\/\/culture.ixelles.be\/wp-content\/uploads\/2021\/05\/ixelles_green.svg\",\"width\":1,\"height\":1,\"caption\":\"Service culture Ixelles\"},\"image\":{\"@id\":\"https:\/\/culture.ixelles.be\/fr\/#\/schema\/logo\/image\/\"}}]}<\/script>\n<!-- \/ Yoast SEO plugin. -->","yoast_head_json":{"title":"Stieglitz19 Brussels - Ixelles","robots":{"index":"index","follow":"follow","max-snippet":"max-snippet:-1","max-image-preview":"max-image-preview:large","max-video-preview":"max-video-preview:-1"},"canonical":"https:\/\/culture.ixelles.be\/fr\/places\/stieglitz19-brussels\/","og_locale":"fr_FR","og_type":"article","og_title":"Stieglitz19 Brussels - Ixelles","og_description":"Stieglitz19 est une galerie sp\u00e9cialis\u00e9e dans la photographie contemporaine depuis 15 ans, avec un fort accent sur la photographie chinoise et japonaise. Les artistes utilisent le m\u00e9dium de la photographie comme base, mais sont principalement des innovateurs dans la photographie contemporaine. En 2022, la galerie a ouvert un deuxi\u00e8me lieu \u00e0 Bruxelles. La galerie organise [&hellip;]","og_url":"https:\/\/culture.ixelles.be\/fr\/places\/stieglitz19-brussels\/","og_site_name":"Ixelles","article_modified_time":"2026-01-06T01:11:54+00:00","og_image":[{"width":1280,"height":853,"url":"https:\/\/culture.ixelles.be\/wp-content\/uploads\/2023\/01\/9971ee860c92461cf2b0081ef4a51044b5f3f0af.jpg","type":"image\/jpeg"}],"twitter_card":"summary_large_image","schema":{"@context":"https:\/\/schema.org","@graph":[{"@type":"WebPage","@id":"https:\/\/culture.ixelles.be\/fr\/places\/stieglitz19-brussels\/","url":"https:\/\/culture.ixelles.be\/fr\/places\/stieglitz19-brussels\/","name":"Stieglitz19 Brussels - Ixelles","isPartOf":{"@id":"https:\/\/culture.ixelles.be\/fr\/#website"},"primaryImageOfPage":{"@id":"https:\/\/culture.ixelles.be\/fr\/places\/stieglitz19-brussels\/#primaryimage"},"image":{"@id":"https:\/\/culture.ixelles.be\/fr\/places\/stieglitz19-brussels\/#primaryimage"},"thumbnailUrl":"https:\/\/culture.ixelles.be\/wp-content\/uploads\/2023\/01\/9971ee860c92461cf2b0081ef4a51044b5f3f0af.jpg","datePublished":"2023-01-11T01:00:04+00:00","dateModified":"2026-01-06T01:11:54+00:00","breadcrumb":{"@id":"https:\/\/culture.ixelles.be\/fr\/places\/stieglitz19-brussels\/#breadcrumb"},"inLanguage":"fr-FR","potentialAction":[{"@type":"ReadAction","target":["https:\/\/culture.ixelles.be\/fr\/places\/stieglitz19-brussels\/"]}]},{"@type":"ImageObject","inLanguage":"fr-FR","@id":"https:\/\/culture.ixelles.be\/fr\/places\/stieglitz19-brussels\/#primaryimage","url":"https:\/\/culture.ixelles.be\/wp-content\/uploads\/2023\/01\/9971ee860c92461cf2b0081ef4a51044b5f3f0af.jpg","contentUrl":"https:\/\/culture.ixelles.be\/wp-content\/uploads\/2023\/01\/9971ee860c92461cf2b0081ef4a51044b5f3f0af.jpg","width":1280,"height":853},{"@type":"BreadcrumbList","@id":"https:\/\/culture.ixelles.be\/fr\/places\/stieglitz19-brussels\/#breadcrumb","itemListElement":[{"@type":"ListItem","position":1,"name":"Accueil","item":"https:\/\/culture.ixelles.be\/fr\/"},{"@type":"ListItem","position":2,"name":"Places","item":"https:\/\/culture.ixelles.be\/fr\/places\/"},{"@type":"ListItem","position":3,"name":"Stieglitz19 Brussels"}]},{"@type":"WebSite","@id":"https:\/\/culture.ixelles.be\/fr\/#website","url":"https:\/\/culture.ixelles.be\/fr\/","name":"Ixelles","description":"","publisher":{"@id":"https:\/\/culture.ixelles.be\/fr\/#organization"},"potentialAction":[{"@type":"SearchAction","target":{"@type":"EntryPoint","urlTemplate":"https:\/\/culture.ixelles.be\/fr\/?s={search_term_string}"},"query-input":{"@type":"PropertyValueSpecification","valueRequired":true,"valueName":"search_term_string"}}],"inLanguage":"fr-FR"},{"@type":"Organization","@id":"https:\/\/culture.ixelles.be\/fr\/#organization","name":"Service culture Ixelles","url":"https:\/\/culture.ixelles.be\/fr\/","logo":{"@type":"ImageObject","inLanguage":"fr-FR","@id":"https:\/\/culture.ixelles.be\/fr\/#\/schema\/logo\/image\/","url":"https:\/\/culture.ixelles.be\/wp-content\/uploads\/2021\/05\/ixelles_green.svg","contentUrl":"https:\/\/culture.ixelles.be\/wp-content\/uploads\/2021\/05\/ixelles_green.svg","width":1,"height":1,"caption":"Service culture Ixelles"},"image":{"@id":"https:\/\/culture.ixelles.be\/fr\/#\/schema\/logo\/image\/"}}]}},"_links":{"self":[{"href":"https:\/\/culture.ixelles.be\/fr\/wp-json\/wp\/v2\/places\/1371542"}],"collection":[{"href":"https:\/\/culture.ixelles.be\/fr\/wp-json\/wp\/v2\/places"}],"about":[{"href":"https:\/\/culture.ixelles.be\/fr\/wp-json\/wp\/v2\/types\/places"}],"author":[{"embeddable":true,"href":"https:\/\/culture.ixelles.be\/fr\/wp-json\/wp\/v2\/users\/1"}],"replies":[{"embeddable":true,"href":"https:\/\/culture.ixelles.be\/fr\/wp-json\/wp\/v2\/comments?post=1371542"}],"version-history":[{"count":2,"href":"https:\/\/culture.ixelles.be\/fr\/wp-json\/wp\/v2\/places\/1371542\/revisions"}],"predecessor-version":[{"id":1375673,"href":"https:\/\/culture.ixelles.be\/fr\/wp-json\/wp\/v2\/places\/1371542\/revisions\/1375673"}],"wp:featuredmedia":[{"embeddable":true,"href":"https:\/\/culture.ixelles.be\/fr\/wp-json\/wp\/v2\/media\/1830178"}],"wp:attachment":[{"href":"https:\/\/culture.ixelles.be\/fr\/wp-json\/wp\/v2\/media?parent=1371542"}],"curies":[{"name":"wp","href":"https:\/\/api.w.org\/{rel}","templated":true}]}}

<p>Stieglitz19 est une galerie spécialisée dans la photographie contemporaine depuis 15 ans, avec un fort accent sur la photographie chinoise et japonaise. Les artistes utilisent le médium de la photographie comme base, mais sont principalement des innovateurs dans la photographie contemporaine. En 2022, la galerie a ouvert un deuxième lieu à Bruxelles. La galerie organise 4 expositions par an. Chaque année, elle participe à une sélection de foires d&rsquo;art et établit des partenariats avec des musées nationaux et étrangers.</p>

<p>Stieglitz19 est une galerie spécialisée dans la photographie contemporaine depuis 15 ans, avec un fort accent sur la photographie chinoise et japonaise. Les artistes utilisent le médium de la photographie comme base, mais sont principalement des innovateurs dans la photographie contemporaine. En 2022, la galerie a ouvert un deuxième lieu à Bruxelles. La galerie organise [&hellip;]</p>

<!-- This site is optimized with the Yoast SEO plugin v24.5 - https://yoast.com/wordpress/plugins/seo/ -->
<title>Stieglitz19 Brussels - Ixelles</title>
<meta name="robots" content="index, follow, max-snippet:-1, max-image-preview:large, max-video-preview:-1" />
<link rel="canonical" href="https://culture.ixelles.be/fr/places/stieglitz19-brussels/" />
<meta property="og:locale" content="fr_FR" />
<meta property="og:type" content="article" />
<meta property="og:title" content="Stieglitz19 Brussels - Ixelles" />
<meta property="og:description" content="Stieglitz19 est une galerie spécialisée dans la photographie contemporaine depuis 15 ans, avec un fort accent sur la photographie chinoise et japonaise. Les artistes utilisent le médium de la photographie comme base, mais sont principalement des innovateurs dans la photographie contemporaine. En 2022, la galerie a ouvert un deuxième lieu à Bruxelles. La galerie organise [&hellip;]" />
<meta property="og:url" content="https://culture.ixelles.be/fr/places/stieglitz19-brussels/" />
<meta property="og:site_name" content="Ixelles" />
<meta property="article:modified_time" content="2026-01-06T01:11:54+00:00" />
<meta property="og:image" content="https://culture.ixelles.be/wp-content/uploads/2023/01/9971ee860c92461cf2b0081ef4a51044b5f3f0af.jpg" />
	<meta property="og:image:width" content="1280" />
	<meta property="og:image:height" content="853" />
	<meta property="og:image:type" content="image/jpeg" />
<meta name="twitter:card" content="summary_large_image" />
<script type="application/ld+json" class="yoast-schema-graph">{"@context":"https://schema.org","@graph":[{"@type":"WebPage","@id":"https://culture.ixelles.be/fr/places/stieglitz19-brussels/","url":"https://culture.ixelles.be/fr/places/stieglitz19-brussels/","name":"Stieglitz19 Brussels - Ixelles","isPartOf":{"@id":"https://culture.ixelles.be/fr/#website"},"primaryImageOfPage":{"@id":"https://culture.ixelles.be/fr/places/stieglitz19-brussels/#primaryimage"},"image":{"@id":"https://culture.ixelles.be/fr/places/stieglitz19-brussels/#primaryimage"},"thumbnailUrl":"https://culture.ixelles.be/wp-content/uploads/2023/01/9971ee860c92461cf2b0081ef4a51044b5f3f0af.jpg","datePublished":"2023-01-11T01:00:04+00:00","dateModified":"2026-01-06T01:11:54+00:00","breadcrumb":{"@id":"https://culture.ixelles.be/fr/places/stieglitz19-brussels/#breadcrumb"},"inLanguage":"fr-FR","potentialAction":[{"@type":"ReadAction","target":["https://culture.ixelles.be/fr/places/stieglitz19-brussels/"]}]},{"@type":"ImageObject","inLanguage":"fr-FR","@id":"https://culture.ixelles.be/fr/places/stieglitz19-brussels/#primaryimage","url":"https://culture.ixelles.be/wp-content/uploads/2023/01/9971ee860c92461cf2b0081ef4a51044b5f3f0af.jpg","contentUrl":"https://culture.ixelles.be/wp-content/uploads/2023/01/9971ee860c92461cf2b0081ef4a51044b5f3f0af.jpg","width":1280,"height":853},{"@type":"BreadcrumbList","@id":"https://culture.ixelles.be/fr/places/stieglitz19-brussels/#breadcrumb","itemListElement":[{"@type":"ListItem","position":1,"name":"Accueil","item":"https://culture.ixelles.be/fr/"},{"@type":"ListItem","position":2,"name":"Places","item":"https://culture.ixelles.be/fr/places/"},{"@type":"ListItem","position":3,"name":"Stieglitz19 Brussels"}]},{"@type":"WebSite","@id":"https://culture.ixelles.be/fr/#website","url":"https://culture.ixelles.be/fr/","name":"Ixelles","description":"","publisher":{"@id":"https://culture.ixelles.be/fr/#organization"},"potentialAction":[{"@type":"SearchAction","target":{"@type":"EntryPoint","urlTemplate":"https://culture.ixelles.be/fr/?s={search_term_string}"},"query-input":{"@type":"PropertyValueSpecification","valueRequired":true,"valueName":"search_term_string"}}],"inLanguage":"fr-FR"},{"@type":"Organization","@id":"https://culture.ixelles.be/fr/#organization","name":"Service culture Ixelles","url":"https://culture.ixelles.be/fr/","logo":{"@type":"ImageObject","inLanguage":"fr-FR","@id":"https://culture.ixelles.be/fr/#/schema/logo/image/","url":"https://culture.ixelles.be/wp-content/uploads/2021/05/ixelles_green.svg","contentUrl":"https://culture.ixelles.be/wp-content/uploads/2021/05/ixelles_green.svg","width":1,"height":1,"caption":"Service culture Ixelles"},"image":{"@id":"https://culture.ixelles.be/fr/#/schema/logo/image/"}}]}</script>
<!-- / Yoast SEO plugin. -->

Stieglitz19 est une galerie spécialisée dans la photographie contemporaine depuis 15 ans, avec un fort accent sur la photographie chinoise et japonaise. Les artistes utilisent le médium de la photographie comme base, mais sont principalement des innovateurs dans la photographie contemporaine. En 2022, la galerie a ouvert un deuxième lieu à Bruxelles. La galerie organise [&hellip;]
