{"id":1379140,"date":"2023-02-03T01:00:04","date_gmt":"2023-02-03T01:00:04","guid":{"rendered":"https:\/\/culture.ixelles.be\/places\/qg-du-usquare-brussels\/"},"modified":"2024-04-20T00:10:21","modified_gmt":"2024-04-20T00:10:21","slug":"qg-du-usquare-brussels","status":"publish","type":"places","link":"https:\/\/culture.ixelles.be\/fr\/places\/qg-du-usquare-brussels\/","title":{"rendered":"QG du Usquare.brussels"},"content":{"rendered":"<p>Le QG est le projet d\u2019occupation temporaire du site Usquare.brussels. <\/p>\n<p>Alors que les travaux continuent sur le site Usquare.brussels, pali pali vous a concoct\u00e9 un nouveau lieu de rencontre dans l\u2019esprit See U ! Occup\u00e9 par une vingtaine de projets \u00e0 orientation sociale, culturelle et de d\u00e9veloppement durable, le QG offre \u00e0 ses visiteurs une programmation riche et vari\u00e9e : cours de yoga, supermarch\u00e9 coop\u00e9ratif (P\u00e9dalo), escape game (Dystopia), expositions artistiques, workshops en tous genres, \u00e9v\u00e8nements food et musicaux. <\/p>\n<p>Le QG, c\u2019est comme le See U, mais en plus petit et plus cosy !<\/p>\n","protected":false},"excerpt":{"rendered":"<p>Le QG est le projet d\u2019occupation temporaire du site Usquare.brussels. Alors que les travaux continuent sur le site Usquare.brussels, pali pali vous a concoct\u00e9 un nouveau lieu de rencontre dans l\u2019esprit See U ! Occup\u00e9 par une vingtaine de projets \u00e0 orientation sociale, culturelle et de d\u00e9veloppement durable, le QG offre \u00e0 ses visiteurs une [&hellip;]<\/p>\n","protected":false},"author":1,"featured_media":1546734,"parent":0,"comment_status":"closed","ping_status":"closed","template":"","meta":{"_acf_changed":false,"_monsterinsights_skip_tracking":false,"_monsterinsights_sitenote_active":false,"_monsterinsights_sitenote_note":"","_monsterinsights_sitenote_category":0,"footnotes":""},"acf":{"original_id":"279902","published_at":"2023-02-02T15:22:32+01:00","last_updated_at":"2024-04-19T21:00:20+02:00","website":"https:\/\/www.facebook.com\/Usquare.brussels","phone_booking":"","address_city":"Ixelles","phone_contact":"","lat":"50.82271671","lon":"4.38486828","address_line1":"Rue Fritz Toussaint, 8","prices":"[]","ratings":"{}","stib_mivb_stops":"[]","is_closed_on_public_holidays":"","can_be_privatized":"","is_accessible_pmr":"","facebook_link":"","date_exceptions":"[]","closing_days":"[]","weekschema":"[]","_event_gallery":"https:\/\/culture.ixelles.be\/wp-content\/uploads\/2023\/02\/79d8943689f0cee2e2155600487e08b35483f967.jpg","_event_pictures":"https:\/\/culture.ixelles.be\/wp-content\/uploads\/2023\/02\/79d8943689f0cee2e2155600487e08b35483f967.jpg"},"yoast_head":"<!-- This site is optimized with the Yoast SEO plugin v24.5 - https:\/\/yoast.com\/wordpress\/plugins\/seo\/ -->\n<title>QG du Usquare.brussels - Ixelles<\/title>\n<meta name=\"robots\" content=\"index, follow, max-snippet:-1, max-image-preview:large, max-video-preview:-1\" \/>\n<link rel=\"canonical\" href=\"https:\/\/culture.ixelles.be\/fr\/places\/qg-du-usquare-brussels\/\" \/>\n<meta property=\"og:locale\" content=\"fr_FR\" \/>\n<meta property=\"og:type\" content=\"article\" \/>\n<meta property=\"og:title\" content=\"QG du Usquare.brussels - Ixelles\" \/>\n<meta property=\"og:description\" content=\"Le QG est le projet d\u2019occupation temporaire du site Usquare.brussels. Alors que les travaux continuent sur le site Usquare.brussels, pali pali vous a concoct\u00e9 un nouveau lieu de rencontre dans l\u2019esprit See U ! Occup\u00e9 par une vingtaine de projets \u00e0 orientation sociale, culturelle et de d\u00e9veloppement durable, le QG offre \u00e0 ses visiteurs une [&hellip;]\" \/>\n<meta property=\"og:url\" content=\"https:\/\/culture.ixelles.be\/fr\/places\/qg-du-usquare-brussels\/\" \/>\n<meta property=\"og:site_name\" content=\"Ixelles\" \/>\n<meta property=\"article:modified_time\" content=\"2024-04-20T00:10:21+00:00\" \/>\n<meta property=\"og:image\" content=\"https:\/\/i0.wp.com\/culture.ixelles.be\/wp-content\/uploads\/2023\/02\/79d8943689f0cee2e2155600487e08b35483f967.jpg?fit=1920%2C1080&ssl=1\" \/>\n\t<meta property=\"og:image:width\" content=\"1920\" \/>\n\t<meta property=\"og:image:height\" content=\"1080\" \/>\n\t<meta property=\"og:image:type\" content=\"image\/jpeg\" \/>\n<meta name=\"twitter:card\" content=\"summary_large_image\" \/>\n<script type=\"application\/ld+json\" class=\"yoast-schema-graph\">{\"@context\":\"https:\/\/schema.org\",\"@graph\":[{\"@type\":\"WebPage\",\"@id\":\"https:\/\/culture.ixelles.be\/fr\/places\/qg-du-usquare-brussels\/\",\"url\":\"https:\/\/culture.ixelles.be\/fr\/places\/qg-du-usquare-brussels\/\",\"name\":\"QG du Usquare.brussels - Ixelles\",\"isPartOf\":{\"@id\":\"https:\/\/culture.ixelles.be\/fr\/#website\"},\"primaryImageOfPage\":{\"@id\":\"https:\/\/culture.ixelles.be\/fr\/places\/qg-du-usquare-brussels\/#primaryimage\"},\"image\":{\"@id\":\"https:\/\/culture.ixelles.be\/fr\/places\/qg-du-usquare-brussels\/#primaryimage\"},\"thumbnailUrl\":\"https:\/\/culture.ixelles.be\/wp-content\/uploads\/2023\/02\/79d8943689f0cee2e2155600487e08b35483f967.jpg\",\"datePublished\":\"2023-02-03T01:00:04+00:00\",\"dateModified\":\"2024-04-20T00:10:21+00:00\",\"breadcrumb\":{\"@id\":\"https:\/\/culture.ixelles.be\/fr\/places\/qg-du-usquare-brussels\/#breadcrumb\"},\"inLanguage\":\"fr-FR\",\"potentialAction\":[{\"@type\":\"ReadAction\",\"target\":[\"https:\/\/culture.ixelles.be\/fr\/places\/qg-du-usquare-brussels\/\"]}]},{\"@type\":\"ImageObject\",\"inLanguage\":\"fr-FR\",\"@id\":\"https:\/\/culture.ixelles.be\/fr\/places\/qg-du-usquare-brussels\/#primaryimage\",\"url\":\"https:\/\/culture.ixelles.be\/wp-content\/uploads\/2023\/02\/79d8943689f0cee2e2155600487e08b35483f967.jpg\",\"contentUrl\":\"https:\/\/culture.ixelles.be\/wp-content\/uploads\/2023\/02\/79d8943689f0cee2e2155600487e08b35483f967.jpg\",\"width\":1920,\"height\":1080},{\"@type\":\"BreadcrumbList\",\"@id\":\"https:\/\/culture.ixelles.be\/fr\/places\/qg-du-usquare-brussels\/#breadcrumb\",\"itemListElement\":[{\"@type\":\"ListItem\",\"position\":1,\"name\":\"Accueil\",\"item\":\"https:\/\/culture.ixelles.be\/fr\/\"},{\"@type\":\"ListItem\",\"position\":2,\"name\":\"Places\",\"item\":\"https:\/\/culture.ixelles.be\/fr\/places\/\"},{\"@type\":\"ListItem\",\"position\":3,\"name\":\"QG du Usquare.brussels\"}]},{\"@type\":\"WebSite\",\"@id\":\"https:\/\/culture.ixelles.be\/fr\/#website\",\"url\":\"https:\/\/culture.ixelles.be\/fr\/\",\"name\":\"Ixelles\",\"description\":\"\",\"publisher\":{\"@id\":\"https:\/\/culture.ixelles.be\/fr\/#organization\"},\"potentialAction\":[{\"@type\":\"SearchAction\",\"target\":{\"@type\":\"EntryPoint\",\"urlTemplate\":\"https:\/\/culture.ixelles.be\/fr\/?s={search_term_string}\"},\"query-input\":{\"@type\":\"PropertyValueSpecification\",\"valueRequired\":true,\"valueName\":\"search_term_string\"}}],\"inLanguage\":\"fr-FR\"},{\"@type\":\"Organization\",\"@id\":\"https:\/\/culture.ixelles.be\/fr\/#organization\",\"name\":\"Service culture Ixelles\",\"url\":\"https:\/\/culture.ixelles.be\/fr\/\",\"logo\":{\"@type\":\"ImageObject\",\"inLanguage\":\"fr-FR\",\"@id\":\"https:\/\/culture.ixelles.be\/fr\/#\/schema\/logo\/image\/\",\"url\":\"https:\/\/culture.ixelles.be\/wp-content\/uploads\/2021\/05\/ixelles_green.svg\",\"contentUrl\":\"https:\/\/culture.ixelles.be\/wp-content\/uploads\/2021\/05\/ixelles_green.svg\",\"width\":1,\"height\":1,\"caption\":\"Service culture Ixelles\"},\"image\":{\"@id\":\"https:\/\/culture.ixelles.be\/fr\/#\/schema\/logo\/image\/\"}}]}<\/script>\n<!-- \/ Yoast SEO plugin. -->","yoast_head_json":{"title":"QG du Usquare.brussels - Ixelles","robots":{"index":"index","follow":"follow","max-snippet":"max-snippet:-1","max-image-preview":"max-image-preview:large","max-video-preview":"max-video-preview:-1"},"canonical":"https:\/\/culture.ixelles.be\/fr\/places\/qg-du-usquare-brussels\/","og_locale":"fr_FR","og_type":"article","og_title":"QG du Usquare.brussels - Ixelles","og_description":"Le QG est le projet d\u2019occupation temporaire du site Usquare.brussels. Alors que les travaux continuent sur le site Usquare.brussels, pali pali vous a concoct\u00e9 un nouveau lieu de rencontre dans l\u2019esprit See U ! Occup\u00e9 par une vingtaine de projets \u00e0 orientation sociale, culturelle et de d\u00e9veloppement durable, le QG offre \u00e0 ses visiteurs une [&hellip;]","og_url":"https:\/\/culture.ixelles.be\/fr\/places\/qg-du-usquare-brussels\/","og_site_name":"Ixelles","article_modified_time":"2024-04-20T00:10:21+00:00","og_image":[{"width":1920,"height":1080,"url":"https:\/\/i0.wp.com\/culture.ixelles.be\/wp-content\/uploads\/2023\/02\/79d8943689f0cee2e2155600487e08b35483f967.jpg?fit=1920%2C1080&ssl=1","type":"image\/jpeg"}],"twitter_card":"summary_large_image","schema":{"@context":"https:\/\/schema.org","@graph":[{"@type":"WebPage","@id":"https:\/\/culture.ixelles.be\/fr\/places\/qg-du-usquare-brussels\/","url":"https:\/\/culture.ixelles.be\/fr\/places\/qg-du-usquare-brussels\/","name":"QG du Usquare.brussels - Ixelles","isPartOf":{"@id":"https:\/\/culture.ixelles.be\/fr\/#website"},"primaryImageOfPage":{"@id":"https:\/\/culture.ixelles.be\/fr\/places\/qg-du-usquare-brussels\/#primaryimage"},"image":{"@id":"https:\/\/culture.ixelles.be\/fr\/places\/qg-du-usquare-brussels\/#primaryimage"},"thumbnailUrl":"https:\/\/culture.ixelles.be\/wp-content\/uploads\/2023\/02\/79d8943689f0cee2e2155600487e08b35483f967.jpg","datePublished":"2023-02-03T01:00:04+00:00","dateModified":"2024-04-20T00:10:21+00:00","breadcrumb":{"@id":"https:\/\/culture.ixelles.be\/fr\/places\/qg-du-usquare-brussels\/#breadcrumb"},"inLanguage":"fr-FR","potentialAction":[{"@type":"ReadAction","target":["https:\/\/culture.ixelles.be\/fr\/places\/qg-du-usquare-brussels\/"]}]},{"@type":"ImageObject","inLanguage":"fr-FR","@id":"https:\/\/culture.ixelles.be\/fr\/places\/qg-du-usquare-brussels\/#primaryimage","url":"https:\/\/culture.ixelles.be\/wp-content\/uploads\/2023\/02\/79d8943689f0cee2e2155600487e08b35483f967.jpg","contentUrl":"https:\/\/culture.ixelles.be\/wp-content\/uploads\/2023\/02\/79d8943689f0cee2e2155600487e08b35483f967.jpg","width":1920,"height":1080},{"@type":"BreadcrumbList","@id":"https:\/\/culture.ixelles.be\/fr\/places\/qg-du-usquare-brussels\/#breadcrumb","itemListElement":[{"@type":"ListItem","position":1,"name":"Accueil","item":"https:\/\/culture.ixelles.be\/fr\/"},{"@type":"ListItem","position":2,"name":"Places","item":"https:\/\/culture.ixelles.be\/fr\/places\/"},{"@type":"ListItem","position":3,"name":"QG du Usquare.brussels"}]},{"@type":"WebSite","@id":"https:\/\/culture.ixelles.be\/fr\/#website","url":"https:\/\/culture.ixelles.be\/fr\/","name":"Ixelles","description":"","publisher":{"@id":"https:\/\/culture.ixelles.be\/fr\/#organization"},"potentialAction":[{"@type":"SearchAction","target":{"@type":"EntryPoint","urlTemplate":"https:\/\/culture.ixelles.be\/fr\/?s={search_term_string}"},"query-input":{"@type":"PropertyValueSpecification","valueRequired":true,"valueName":"search_term_string"}}],"inLanguage":"fr-FR"},{"@type":"Organization","@id":"https:\/\/culture.ixelles.be\/fr\/#organization","name":"Service culture Ixelles","url":"https:\/\/culture.ixelles.be\/fr\/","logo":{"@type":"ImageObject","inLanguage":"fr-FR","@id":"https:\/\/culture.ixelles.be\/fr\/#\/schema\/logo\/image\/","url":"https:\/\/culture.ixelles.be\/wp-content\/uploads\/2021\/05\/ixelles_green.svg","contentUrl":"https:\/\/culture.ixelles.be\/wp-content\/uploads\/2021\/05\/ixelles_green.svg","width":1,"height":1,"caption":"Service culture Ixelles"},"image":{"@id":"https:\/\/culture.ixelles.be\/fr\/#\/schema\/logo\/image\/"}}]}},"_links":{"self":[{"href":"https:\/\/culture.ixelles.be\/fr\/wp-json\/wp\/v2\/places\/1379140"}],"collection":[{"href":"https:\/\/culture.ixelles.be\/fr\/wp-json\/wp\/v2\/places"}],"about":[{"href":"https:\/\/culture.ixelles.be\/fr\/wp-json\/wp\/v2\/types\/places"}],"author":[{"embeddable":true,"href":"https:\/\/culture.ixelles.be\/fr\/wp-json\/wp\/v2\/users\/1"}],"replies":[{"embeddable":true,"href":"https:\/\/culture.ixelles.be\/fr\/wp-json\/wp\/v2\/comments?post=1379140"}],"version-history":[{"count":1,"href":"https:\/\/culture.ixelles.be\/fr\/wp-json\/wp\/v2\/places\/1379140\/revisions"}],"predecessor-version":[{"id":1379193,"href":"https:\/\/culture.ixelles.be\/fr\/wp-json\/wp\/v2\/places\/1379140\/revisions\/1379193"}],"wp:featuredmedia":[{"embeddable":true,"href":"https:\/\/culture.ixelles.be\/fr\/wp-json\/wp\/v2\/media\/1546734"}],"wp:attachment":[{"href":"https:\/\/culture.ixelles.be\/fr\/wp-json\/wp\/v2\/media?parent=1379140"}],"curies":[{"name":"wp","href":"https:\/\/api.w.org\/{rel}","templated":true}]}}

<p>Le QG est le projet d’occupation temporaire du site Usquare.brussels. </p>
<p>Alors que les travaux continuent sur le site Usquare.brussels, pali pali vous a concocté un nouveau lieu de rencontre dans l’esprit See U ! Occupé par une vingtaine de projets à orientation sociale, culturelle et de développement durable, le QG offre à ses visiteurs une programmation riche et variée : cours de yoga, supermarché coopératif (Pédalo), escape game (Dystopia), expositions artistiques, workshops en tous genres, évènements food et musicaux. </p>
<p>Le QG, c’est comme le See U, mais en plus petit et plus cosy !</p>

<p>Le QG est le projet d’occupation temporaire du site Usquare.brussels. Alors que les travaux continuent sur le site Usquare.brussels, pali pali vous a concocté un nouveau lieu de rencontre dans l’esprit See U ! Occupé par une vingtaine de projets à orientation sociale, culturelle et de développement durable, le QG offre à ses visiteurs une [&hellip;]</p>

<!-- This site is optimized with the Yoast SEO plugin v24.5 - https://yoast.com/wordpress/plugins/seo/ -->
<title>QG du Usquare.brussels - Ixelles</title>
<meta name="robots" content="index, follow, max-snippet:-1, max-image-preview:large, max-video-preview:-1" />
<link rel="canonical" href="https://culture.ixelles.be/fr/places/qg-du-usquare-brussels/" />
<meta property="og:locale" content="fr_FR" />
<meta property="og:type" content="article" />
<meta property="og:title" content="QG du Usquare.brussels - Ixelles" />
<meta property="og:description" content="Le QG est le projet d’occupation temporaire du site Usquare.brussels. Alors que les travaux continuent sur le site Usquare.brussels, pali pali vous a concocté un nouveau lieu de rencontre dans l’esprit See U ! Occupé par une vingtaine de projets à orientation sociale, culturelle et de développement durable, le QG offre à ses visiteurs une [&hellip;]" />
<meta property="og:url" content="https://culture.ixelles.be/fr/places/qg-du-usquare-brussels/" />
<meta property="og:site_name" content="Ixelles" />
<meta property="article:modified_time" content="2024-04-20T00:10:21+00:00" />
<meta property="og:image" content="https://i0.wp.com/culture.ixelles.be/wp-content/uploads/2023/02/79d8943689f0cee2e2155600487e08b35483f967.jpg?fit=1920%2C1080&ssl=1" />
	<meta property="og:image:width" content="1920" />
	<meta property="og:image:height" content="1080" />
	<meta property="og:image:type" content="image/jpeg" />
<meta name="twitter:card" content="summary_large_image" />
<script type="application/ld+json" class="yoast-schema-graph">{"@context":"https://schema.org","@graph":[{"@type":"WebPage","@id":"https://culture.ixelles.be/fr/places/qg-du-usquare-brussels/","url":"https://culture.ixelles.be/fr/places/qg-du-usquare-brussels/","name":"QG du Usquare.brussels - Ixelles","isPartOf":{"@id":"https://culture.ixelles.be/fr/#website"},"primaryImageOfPage":{"@id":"https://culture.ixelles.be/fr/places/qg-du-usquare-brussels/#primaryimage"},"image":{"@id":"https://culture.ixelles.be/fr/places/qg-du-usquare-brussels/#primaryimage"},"thumbnailUrl":"https://culture.ixelles.be/wp-content/uploads/2023/02/79d8943689f0cee2e2155600487e08b35483f967.jpg","datePublished":"2023-02-03T01:00:04+00:00","dateModified":"2024-04-20T00:10:21+00:00","breadcrumb":{"@id":"https://culture.ixelles.be/fr/places/qg-du-usquare-brussels/#breadcrumb"},"inLanguage":"fr-FR","potentialAction":[{"@type":"ReadAction","target":["https://culture.ixelles.be/fr/places/qg-du-usquare-brussels/"]}]},{"@type":"ImageObject","inLanguage":"fr-FR","@id":"https://culture.ixelles.be/fr/places/qg-du-usquare-brussels/#primaryimage","url":"https://culture.ixelles.be/wp-content/uploads/2023/02/79d8943689f0cee2e2155600487e08b35483f967.jpg","contentUrl":"https://culture.ixelles.be/wp-content/uploads/2023/02/79d8943689f0cee2e2155600487e08b35483f967.jpg","width":1920,"height":1080},{"@type":"BreadcrumbList","@id":"https://culture.ixelles.be/fr/places/qg-du-usquare-brussels/#breadcrumb","itemListElement":[{"@type":"ListItem","position":1,"name":"Accueil","item":"https://culture.ixelles.be/fr/"},{"@type":"ListItem","position":2,"name":"Places","item":"https://culture.ixelles.be/fr/places/"},{"@type":"ListItem","position":3,"name":"QG du Usquare.brussels"}]},{"@type":"WebSite","@id":"https://culture.ixelles.be/fr/#website","url":"https://culture.ixelles.be/fr/","name":"Ixelles","description":"","publisher":{"@id":"https://culture.ixelles.be/fr/#organization"},"potentialAction":[{"@type":"SearchAction","target":{"@type":"EntryPoint","urlTemplate":"https://culture.ixelles.be/fr/?s={search_term_string}"},"query-input":{"@type":"PropertyValueSpecification","valueRequired":true,"valueName":"search_term_string"}}],"inLanguage":"fr-FR"},{"@type":"Organization","@id":"https://culture.ixelles.be/fr/#organization","name":"Service culture Ixelles","url":"https://culture.ixelles.be/fr/","logo":{"@type":"ImageObject","inLanguage":"fr-FR","@id":"https://culture.ixelles.be/fr/#/schema/logo/image/","url":"https://culture.ixelles.be/wp-content/uploads/2021/05/ixelles_green.svg","contentUrl":"https://culture.ixelles.be/wp-content/uploads/2021/05/ixelles_green.svg","width":1,"height":1,"caption":"Service culture Ixelles"},"image":{"@id":"https://culture.ixelles.be/fr/#/schema/logo/image/"}}]}</script>
<!-- / Yoast SEO plugin. -->

Le QG est le projet d’occupation temporaire du site Usquare.brussels. Alors que les travaux continuent sur le site Usquare.brussels, pali pali vous a concocté un nouveau lieu de rencontre dans l’esprit See U ! Occupé par une vingtaine de projets à orientation sociale, culturelle et de développement durable, le QG offre à ses visiteurs une [&hellip;]
