{"id":1901743,"date":"2026-04-23T23:10:59","date_gmt":"2026-04-23T23:10:59","guid":{"rendered":"https:\/\/culture.ixelles.be\/events\/hair-paper-water-2\/"},"modified":"2026-04-23T23:10:59","modified_gmt":"2026-04-23T23:10:59","slug":"hair-paper-water-2","status":"publish","type":"events","link":"https:\/\/culture.ixelles.be\/nl\/events\/hair-paper-water-2\/","title":{"rendered":"Hair, paper, water\u2026"},"content":{"rendered":"<p>Hair, Paper, Water\u2026 volgt Cao Th\u1ecb H\u1eadu, die werd geboren in een traditionele grotwoning, in haar poging de taal van het R\u1ee5c-volk levend te houden. Te midden van paradijselijke landschappen, vastgelegd op korrelige 16 mm door Nicolas Graux, biedt de film van Tr\u01b0\u01a1ng Minh Qu\u00fd en Graux een po\u00ebtische blik op een van Azi\u00eb\u2019s meest afgelegen culturen en bewaart zij een kosmogonie voor toekomstige generaties.<\/p>\n<p>Cineflagey by Cinematek &amp; Kinograph<\/p>\n<p>\u20ac 10,5 &gt; \u20ac 7<\/p>\n","protected":false},"excerpt":{"rendered":"<p>Hair, Paper, Water\u2026 volgt Cao Th\u1ecb H\u1eadu, die werd geboren in een traditionele grotwoning, in haar poging de taal van het R\u1ee5c-volk levend te houden. Te midden van paradijselijke landschappen, vastgelegd op korrelige 16 mm door Nicolas Graux, biedt de film van Tr\u01b0\u01a1ng Minh Qu\u00fd en Graux een po\u00ebtische blik op een van Azi\u00eb\u2019s meest [&hellip;]<\/p>\n","protected":false},"author":1,"featured_media":1901745,"comment_status":"","ping_status":"closed","template":"","acf":[],"yoast_head":"<!-- This site is optimized with the Yoast SEO plugin v24.5 - https:\/\/yoast.com\/wordpress\/plugins\/seo\/ -->\n<title>Hair, paper, water\u2026 - Ixelles<\/title>\n<meta name=\"robots\" content=\"index, follow, max-snippet:-1, max-image-preview:large, max-video-preview:-1\" \/>\n<link rel=\"canonical\" href=\"https:\/\/culture.ixelles.be\/nl\/events\/hair-paper-water-2\/\" \/>\n<meta property=\"og:locale\" content=\"nl_NL\" \/>\n<meta property=\"og:type\" content=\"article\" \/>\n<meta property=\"og:title\" content=\"Hair, paper, water\u2026 - Ixelles\" \/>\n<meta property=\"og:url\" content=\"https:\/\/culture.ixelles.be\/nl\/events\/hair-paper-water-2\/\" \/>\n<meta property=\"og:site_name\" content=\"Ixelles\" \/>\n<meta name=\"twitter:card\" content=\"summary_large_image\" \/>\n<script type=\"application\/ld+json\" class=\"yoast-schema-graph\">{\"@context\":\"https:\/\/schema.org\",\"@graph\":[{\"@type\":\"WebPage\",\"@id\":\"https:\/\/culture.ixelles.be\/nl\/events\/hair-paper-water-2\/\",\"url\":\"https:\/\/culture.ixelles.be\/nl\/events\/hair-paper-water-2\/\",\"name\":\"Hair, paper, water\u2026 - Ixelles\",\"isPartOf\":{\"@id\":\"https:\/\/culture.ixelles.be\/nl\/#website\"},\"primaryImageOfPage\":{\"@id\":\"https:\/\/culture.ixelles.be\/nl\/events\/hair-paper-water-2\/#primaryimage\"},\"image\":{\"@id\":\"https:\/\/culture.ixelles.be\/nl\/events\/hair-paper-water-2\/#primaryimage\"},\"thumbnailUrl\":\"https:\/\/culture.ixelles.be\/wp-content\/uploads\/2026\/04\/1776918681572-f311361fddb2d1b1f59352990438657464cb0997.jpg\",\"datePublished\":\"2026-04-23T23:10:59+00:00\",\"breadcrumb\":{\"@id\":\"https:\/\/culture.ixelles.be\/nl\/events\/hair-paper-water-2\/#breadcrumb\"},\"inLanguage\":\"nl-NL\",\"potentialAction\":[{\"@type\":\"ReadAction\",\"target\":[\"https:\/\/culture.ixelles.be\/nl\/events\/hair-paper-water-2\/\"]}]},{\"@type\":\"ImageObject\",\"inLanguage\":\"nl-NL\",\"@id\":\"https:\/\/culture.ixelles.be\/nl\/events\/hair-paper-water-2\/#primaryimage\",\"url\":\"https:\/\/culture.ixelles.be\/wp-content\/uploads\/2026\/04\/1776918681572-f311361fddb2d1b1f59352990438657464cb0997.jpg\",\"contentUrl\":\"https:\/\/culture.ixelles.be\/wp-content\/uploads\/2026\/04\/1776918681572-f311361fddb2d1b1f59352990438657464cb0997.jpg\",\"width\":1200,\"height\":630},{\"@type\":\"BreadcrumbList\",\"@id\":\"https:\/\/culture.ixelles.be\/nl\/events\/hair-paper-water-2\/#breadcrumb\",\"itemListElement\":[{\"@type\":\"ListItem\",\"position\":1,\"name\":\"Accueil\",\"item\":\"https:\/\/culture.ixelles.be\/nl\/\"},{\"@type\":\"ListItem\",\"position\":2,\"name\":\"Events\",\"item\":\"https:\/\/culture.ixelles.be\/nl\/events\/\"},{\"@type\":\"ListItem\",\"position\":3,\"name\":\"Hair, paper, water\u2026\"}]},{\"@type\":\"WebSite\",\"@id\":\"https:\/\/culture.ixelles.be\/nl\/#website\",\"url\":\"https:\/\/culture.ixelles.be\/nl\/\",\"name\":\"Ixelles\",\"description\":\"\",\"publisher\":{\"@id\":\"https:\/\/culture.ixelles.be\/nl\/#organization\"},\"potentialAction\":[{\"@type\":\"SearchAction\",\"target\":{\"@type\":\"EntryPoint\",\"urlTemplate\":\"https:\/\/culture.ixelles.be\/nl\/?s={search_term_string}\"},\"query-input\":{\"@type\":\"PropertyValueSpecification\",\"valueRequired\":true,\"valueName\":\"search_term_string\"}}],\"inLanguage\":\"nl-NL\"},{\"@type\":\"Organization\",\"@id\":\"https:\/\/culture.ixelles.be\/nl\/#organization\",\"name\":\"Service culture Ixelles\",\"url\":\"https:\/\/culture.ixelles.be\/nl\/\",\"logo\":{\"@type\":\"ImageObject\",\"inLanguage\":\"nl-NL\",\"@id\":\"https:\/\/culture.ixelles.be\/nl\/#\/schema\/logo\/image\/\",\"url\":\"https:\/\/culture.ixelles.be\/wp-content\/uploads\/2021\/05\/ixelles_green.svg\",\"contentUrl\":\"https:\/\/culture.ixelles.be\/wp-content\/uploads\/2021\/05\/ixelles_green.svg\",\"width\":1,\"height\":1,\"caption\":\"Service culture Ixelles\"},\"image\":{\"@id\":\"https:\/\/culture.ixelles.be\/nl\/#\/schema\/logo\/image\/\"}}]}<\/script>\n<!-- \/ Yoast SEO plugin. -->","yoast_head_json":{"title":"Hair, paper, water\u2026 - Ixelles","robots":{"index":"index","follow":"follow","max-snippet":"max-snippet:-1","max-image-preview":"max-image-preview:large","max-video-preview":"max-video-preview:-1"},"canonical":"https:\/\/culture.ixelles.be\/nl\/events\/hair-paper-water-2\/","og_locale":"nl_NL","og_type":"article","og_title":"Hair, paper, water\u2026 - Ixelles","og_url":"https:\/\/culture.ixelles.be\/nl\/events\/hair-paper-water-2\/","og_site_name":"Ixelles","twitter_card":"summary_large_image","schema":{"@context":"https:\/\/schema.org","@graph":[{"@type":"WebPage","@id":"https:\/\/culture.ixelles.be\/nl\/events\/hair-paper-water-2\/","url":"https:\/\/culture.ixelles.be\/nl\/events\/hair-paper-water-2\/","name":"Hair, paper, water\u2026 - Ixelles","isPartOf":{"@id":"https:\/\/culture.ixelles.be\/nl\/#website"},"primaryImageOfPage":{"@id":"https:\/\/culture.ixelles.be\/nl\/events\/hair-paper-water-2\/#primaryimage"},"image":{"@id":"https:\/\/culture.ixelles.be\/nl\/events\/hair-paper-water-2\/#primaryimage"},"thumbnailUrl":"https:\/\/culture.ixelles.be\/wp-content\/uploads\/2026\/04\/1776918681572-f311361fddb2d1b1f59352990438657464cb0997.jpg","datePublished":"2026-04-23T23:10:59+00:00","breadcrumb":{"@id":"https:\/\/culture.ixelles.be\/nl\/events\/hair-paper-water-2\/#breadcrumb"},"inLanguage":"nl-NL","potentialAction":[{"@type":"ReadAction","target":["https:\/\/culture.ixelles.be\/nl\/events\/hair-paper-water-2\/"]}]},{"@type":"ImageObject","inLanguage":"nl-NL","@id":"https:\/\/culture.ixelles.be\/nl\/events\/hair-paper-water-2\/#primaryimage","url":"https:\/\/culture.ixelles.be\/wp-content\/uploads\/2026\/04\/1776918681572-f311361fddb2d1b1f59352990438657464cb0997.jpg","contentUrl":"https:\/\/culture.ixelles.be\/wp-content\/uploads\/2026\/04\/1776918681572-f311361fddb2d1b1f59352990438657464cb0997.jpg","width":1200,"height":630},{"@type":"BreadcrumbList","@id":"https:\/\/culture.ixelles.be\/nl\/events\/hair-paper-water-2\/#breadcrumb","itemListElement":[{"@type":"ListItem","position":1,"name":"Accueil","item":"https:\/\/culture.ixelles.be\/nl\/"},{"@type":"ListItem","position":2,"name":"Events","item":"https:\/\/culture.ixelles.be\/nl\/events\/"},{"@type":"ListItem","position":3,"name":"Hair, paper, water\u2026"}]},{"@type":"WebSite","@id":"https:\/\/culture.ixelles.be\/nl\/#website","url":"https:\/\/culture.ixelles.be\/nl\/","name":"Ixelles","description":"","publisher":{"@id":"https:\/\/culture.ixelles.be\/nl\/#organization"},"potentialAction":[{"@type":"SearchAction","target":{"@type":"EntryPoint","urlTemplate":"https:\/\/culture.ixelles.be\/nl\/?s={search_term_string}"},"query-input":{"@type":"PropertyValueSpecification","valueRequired":true,"valueName":"search_term_string"}}],"inLanguage":"nl-NL"},{"@type":"Organization","@id":"https:\/\/culture.ixelles.be\/nl\/#organization","name":"Service culture Ixelles","url":"https:\/\/culture.ixelles.be\/nl\/","logo":{"@type":"ImageObject","inLanguage":"nl-NL","@id":"https:\/\/culture.ixelles.be\/nl\/#\/schema\/logo\/image\/","url":"https:\/\/culture.ixelles.be\/wp-content\/uploads\/2021\/05\/ixelles_green.svg","contentUrl":"https:\/\/culture.ixelles.be\/wp-content\/uploads\/2021\/05\/ixelles_green.svg","width":1,"height":1,"caption":"Service culture Ixelles"},"image":{"@id":"https:\/\/culture.ixelles.be\/nl\/#\/schema\/logo\/image\/"}}]}},"_links":{"self":[{"href":"https:\/\/culture.ixelles.be\/nl\/wp-json\/wp\/v2\/events\/1901743"}],"collection":[{"href":"https:\/\/culture.ixelles.be\/nl\/wp-json\/wp\/v2\/events"}],"about":[{"href":"https:\/\/culture.ixelles.be\/nl\/wp-json\/wp\/v2\/types\/events"}],"author":[{"embeddable":true,"href":"https:\/\/culture.ixelles.be\/nl\/wp-json\/wp\/v2\/users\/1"}],"replies":[{"embeddable":true,"href":"https:\/\/culture.ixelles.be\/nl\/wp-json\/wp\/v2\/comments?post=1901743"}],"version-history":[{"count":0,"href":"https:\/\/culture.ixelles.be\/nl\/wp-json\/wp\/v2\/events\/1901743\/revisions"}],"wp:featuredmedia":[{"embeddable":true,"href":"https:\/\/culture.ixelles.be\/nl\/wp-json\/wp\/v2\/media\/1901745"}],"wp:attachment":[{"href":"https:\/\/culture.ixelles.be\/nl\/wp-json\/wp\/v2\/media?parent=1901743"}],"curies":[{"name":"wp","href":"https:\/\/api.w.org\/{rel}","templated":true}]}}

<p>Hair, Paper, Water… volgt Cao Thị Hậu, die werd geboren in een traditionele grotwoning, in haar poging de taal van het Rục-volk levend te houden. Te midden van paradijselijke landschappen, vastgelegd op korrelige 16 mm door Nicolas Graux, biedt de film van Trương Minh Quý en Graux een poëtische blik op een van Azië’s meest afgelegen culturen en bewaart zij een kosmogonie voor toekomstige generaties.</p>
<p>Cineflagey by Cinematek &amp; Kinograph</p>
<p>€ 10,5 &gt; € 7</p>

<p>Hair, Paper, Water… volgt Cao Thị Hậu, die werd geboren in een traditionele grotwoning, in haar poging de taal van het Rục-volk levend te houden. Te midden van paradijselijke landschappen, vastgelegd op korrelige 16 mm door Nicolas Graux, biedt de film van Trương Minh Quý en Graux een poëtische blik op een van Azië’s meest [&hellip;]</p>
