{"id":1989551,"date":"2026-09-01T23:09:21","date_gmt":"2026-09-01T23:09:21","guid":{"rendered":"https:\/\/culture.ixelles.be\/events\/fundraiser-patat-tegen-armoede-patate-contre-la-pauvrete\/"},"modified":"2026-09-01T23:09:21","modified_gmt":"2026-09-01T23:09:21","slug":"fundraiser-patat-tegen-armoede-patate-contre-la-pauvrete","status":"publish","type":"events","link":"https:\/\/culture.ixelles.be\/nl\/events\/fundraiser-patat-tegen-armoede-patate-contre-la-pauvrete\/","title":{"rendered":"Fundraiser Patat Tegen Armoede &#8211;  Patate contre la pauvret\u00e9"},"content":{"rendered":"<p>Locatie\/lieu: Den Teirling (Maesstraat 89, Rue Maes 89, Elsene\/Ixelles)  NL \/  Fundraiser in het kader van de Werelddag van het Verzet tegen Armoede. Kom een lekkere Stoemp Saucisse eten (vlees of veggie) ten voordele van 8 Brusselse armoede-verenigingen. Klaargemaakt en geserveerd door vrijwilligers.   FR \/  Collecte de fonds dans le cadre de la Journ\u00e9e mondiale de lutte contre la pauvret\u00e9. Rejoignez-nous pour d\u00e9guster un d\u00e9licieux \u00ab Stoemp Saucisse \u00bb pr\u00e9par\u00e9 et servi par des b\u00e9n\u00e9voles, au profit des associations bruxelloises de lutte contre la pauvret\u00e9.   Deze activiteit maakt deel uit van &#8216;Een stevige patat tegen armoede&#8217;, een solidariteitsactie van N22, het netwerk van de 22 Brusselse gemeenschapscentra. Samen zetten we ons in voor Brusselaars in een kwetsbare situatie. Meer info vind je op de campagnepagina: Een stevige patat tegen armoede.  Org. vrijwilligers\/b\u00e9n\u00e9voles Elzenhof, Femma Elsene &amp; Den Teirling<\/p>\n","protected":false},"excerpt":{"rendered":"<p>Locatie\/lieu: Den Teirling (Maesstraat 89, Rue Maes 89, Elsene\/Ixelles) NL \/ Fundraiser in het kader van de Werelddag van het Verzet tegen Armoede. Kom een lekkere Stoemp Saucisse eten (vlees of veggie) ten voordele van 8 Brusselse armoede-verenigingen. Klaargemaakt en geserveerd door vrijwilligers. FR \/ Collecte de fonds dans le cadre de la Journ\u00e9e mondiale [&hellip;]<\/p>\n","protected":false},"author":1,"featured_media":1989553,"comment_status":"","ping_status":"closed","template":"","acf":[],"yoast_head":"<!-- This site is optimized with the Yoast SEO plugin v24.5 - https:\/\/yoast.com\/wordpress\/plugins\/seo\/ -->\n<title>Fundraiser Patat Tegen Armoede - Patate contre la pauvret\u00e9 - Ixelles<\/title>\n<meta name=\"robots\" content=\"index, follow, max-snippet:-1, max-image-preview:large, max-video-preview:-1\" \/>\n<link rel=\"canonical\" href=\"https:\/\/culture.ixelles.be\/nl\/events\/fundraiser-patat-tegen-armoede-patate-contre-la-pauvrete\/\" \/>\n<meta property=\"og:locale\" content=\"nl_NL\" \/>\n<meta property=\"og:type\" content=\"article\" \/>\n<meta property=\"og:title\" content=\"Fundraiser Patat Tegen Armoede - Patate contre la pauvret\u00e9 - Ixelles\" \/>\n<meta property=\"og:url\" content=\"https:\/\/culture.ixelles.be\/nl\/events\/fundraiser-patat-tegen-armoede-patate-contre-la-pauvrete\/\" \/>\n<meta property=\"og:site_name\" content=\"Ixelles\" \/>\n<meta name=\"twitter:card\" content=\"summary_large_image\" \/>\n<meta name=\"twitter:label1\" content=\"Geschatte leestijd\" \/>\n\t<meta name=\"twitter:data1\" content=\"1 minuut\" \/>\n<script type=\"application\/ld+json\" class=\"yoast-schema-graph\">{\"@context\":\"https:\/\/schema.org\",\"@graph\":[{\"@type\":\"WebPage\",\"@id\":\"https:\/\/culture.ixelles.be\/nl\/events\/fundraiser-patat-tegen-armoede-patate-contre-la-pauvrete\/\",\"url\":\"https:\/\/culture.ixelles.be\/nl\/events\/fundraiser-patat-tegen-armoede-patate-contre-la-pauvrete\/\",\"name\":\"Fundraiser Patat Tegen Armoede - Patate contre la pauvret\u00e9 - Ixelles\",\"isPartOf\":{\"@id\":\"https:\/\/culture.ixelles.be\/nl\/#website\"},\"primaryImageOfPage\":{\"@id\":\"https:\/\/culture.ixelles.be\/nl\/events\/fundraiser-patat-tegen-armoede-patate-contre-la-pauvrete\/#primaryimage\"},\"image\":{\"@id\":\"https:\/\/culture.ixelles.be\/nl\/events\/fundraiser-patat-tegen-armoede-patate-contre-la-pauvrete\/#primaryimage\"},\"thumbnailUrl\":\"https:\/\/culture.ixelles.be\/wp-content\/uploads\/2026\/09\/1788237197774-47bd5d956db4b18fc818cab016e4dc61a395ace2.png\",\"datePublished\":\"2026-09-01T23:09:21+00:00\",\"breadcrumb\":{\"@id\":\"https:\/\/culture.ixelles.be\/nl\/events\/fundraiser-patat-tegen-armoede-patate-contre-la-pauvrete\/#breadcrumb\"},\"inLanguage\":\"nl-NL\",\"potentialAction\":[{\"@type\":\"ReadAction\",\"target\":[\"https:\/\/culture.ixelles.be\/nl\/events\/fundraiser-patat-tegen-armoede-patate-contre-la-pauvrete\/\"]}]},{\"@type\":\"ImageObject\",\"inLanguage\":\"nl-NL\",\"@id\":\"https:\/\/culture.ixelles.be\/nl\/events\/fundraiser-patat-tegen-armoede-patate-contre-la-pauvrete\/#primaryimage\",\"url\":\"https:\/\/culture.ixelles.be\/wp-content\/uploads\/2026\/09\/1788237197774-47bd5d956db4b18fc818cab016e4dc61a395ace2.png\",\"contentUrl\":\"https:\/\/culture.ixelles.be\/wp-content\/uploads\/2026\/09\/1788237197774-47bd5d956db4b18fc818cab016e4dc61a395ace2.png\",\"width\":600,\"height\":422},{\"@type\":\"BreadcrumbList\",\"@id\":\"https:\/\/culture.ixelles.be\/nl\/events\/fundraiser-patat-tegen-armoede-patate-contre-la-pauvrete\/#breadcrumb\",\"itemListElement\":[{\"@type\":\"ListItem\",\"position\":1,\"name\":\"Accueil\",\"item\":\"https:\/\/culture.ixelles.be\/nl\/\"},{\"@type\":\"ListItem\",\"position\":2,\"name\":\"Events\",\"item\":\"https:\/\/culture.ixelles.be\/nl\/events\/\"},{\"@type\":\"ListItem\",\"position\":3,\"name\":\"Fundraiser Patat Tegen Armoede &#8211; Patate contre la pauvret\u00e9\"}]},{\"@type\":\"WebSite\",\"@id\":\"https:\/\/culture.ixelles.be\/nl\/#website\",\"url\":\"https:\/\/culture.ixelles.be\/nl\/\",\"name\":\"Ixelles\",\"description\":\"\",\"publisher\":{\"@id\":\"https:\/\/culture.ixelles.be\/nl\/#organization\"},\"potentialAction\":[{\"@type\":\"SearchAction\",\"target\":{\"@type\":\"EntryPoint\",\"urlTemplate\":\"https:\/\/culture.ixelles.be\/nl\/?s={search_term_string}\"},\"query-input\":{\"@type\":\"PropertyValueSpecification\",\"valueRequired\":true,\"valueName\":\"search_term_string\"}}],\"inLanguage\":\"nl-NL\"},{\"@type\":\"Organization\",\"@id\":\"https:\/\/culture.ixelles.be\/nl\/#organization\",\"name\":\"Service culture Ixelles\",\"url\":\"https:\/\/culture.ixelles.be\/nl\/\",\"logo\":{\"@type\":\"ImageObject\",\"inLanguage\":\"nl-NL\",\"@id\":\"https:\/\/culture.ixelles.be\/nl\/#\/schema\/logo\/image\/\",\"url\":\"https:\/\/culture.ixelles.be\/wp-content\/uploads\/2021\/05\/ixelles_green.svg\",\"contentUrl\":\"https:\/\/culture.ixelles.be\/wp-content\/uploads\/2021\/05\/ixelles_green.svg\",\"width\":1,\"height\":1,\"caption\":\"Service culture Ixelles\"},\"image\":{\"@id\":\"https:\/\/culture.ixelles.be\/nl\/#\/schema\/logo\/image\/\"}}]}<\/script>\n<!-- \/ Yoast SEO plugin. -->","yoast_head_json":{"title":"Fundraiser Patat Tegen Armoede - Patate contre la pauvret\u00e9 - Ixelles","robots":{"index":"index","follow":"follow","max-snippet":"max-snippet:-1","max-image-preview":"max-image-preview:large","max-video-preview":"max-video-preview:-1"},"canonical":"https:\/\/culture.ixelles.be\/nl\/events\/fundraiser-patat-tegen-armoede-patate-contre-la-pauvrete\/","og_locale":"nl_NL","og_type":"article","og_title":"Fundraiser Patat Tegen Armoede - Patate contre la pauvret\u00e9 - Ixelles","og_url":"https:\/\/culture.ixelles.be\/nl\/events\/fundraiser-patat-tegen-armoede-patate-contre-la-pauvrete\/","og_site_name":"Ixelles","twitter_card":"summary_large_image","twitter_misc":{"Geschatte leestijd":"1 minuut"},"schema":{"@context":"https:\/\/schema.org","@graph":[{"@type":"WebPage","@id":"https:\/\/culture.ixelles.be\/nl\/events\/fundraiser-patat-tegen-armoede-patate-contre-la-pauvrete\/","url":"https:\/\/culture.ixelles.be\/nl\/events\/fundraiser-patat-tegen-armoede-patate-contre-la-pauvrete\/","name":"Fundraiser Patat Tegen Armoede - Patate contre la pauvret\u00e9 - Ixelles","isPartOf":{"@id":"https:\/\/culture.ixelles.be\/nl\/#website"},"primaryImageOfPage":{"@id":"https:\/\/culture.ixelles.be\/nl\/events\/fundraiser-patat-tegen-armoede-patate-contre-la-pauvrete\/#primaryimage"},"image":{"@id":"https:\/\/culture.ixelles.be\/nl\/events\/fundraiser-patat-tegen-armoede-patate-contre-la-pauvrete\/#primaryimage"},"thumbnailUrl":"https:\/\/culture.ixelles.be\/wp-content\/uploads\/2026\/09\/1788237197774-47bd5d956db4b18fc818cab016e4dc61a395ace2.png","datePublished":"2026-09-01T23:09:21+00:00","breadcrumb":{"@id":"https:\/\/culture.ixelles.be\/nl\/events\/fundraiser-patat-tegen-armoede-patate-contre-la-pauvrete\/#breadcrumb"},"inLanguage":"nl-NL","potentialAction":[{"@type":"ReadAction","target":["https:\/\/culture.ixelles.be\/nl\/events\/fundraiser-patat-tegen-armoede-patate-contre-la-pauvrete\/"]}]},{"@type":"ImageObject","inLanguage":"nl-NL","@id":"https:\/\/culture.ixelles.be\/nl\/events\/fundraiser-patat-tegen-armoede-patate-contre-la-pauvrete\/#primaryimage","url":"https:\/\/culture.ixelles.be\/wp-content\/uploads\/2026\/09\/1788237197774-47bd5d956db4b18fc818cab016e4dc61a395ace2.png","contentUrl":"https:\/\/culture.ixelles.be\/wp-content\/uploads\/2026\/09\/1788237197774-47bd5d956db4b18fc818cab016e4dc61a395ace2.png","width":600,"height":422},{"@type":"BreadcrumbList","@id":"https:\/\/culture.ixelles.be\/nl\/events\/fundraiser-patat-tegen-armoede-patate-contre-la-pauvrete\/#breadcrumb","itemListElement":[{"@type":"ListItem","position":1,"name":"Accueil","item":"https:\/\/culture.ixelles.be\/nl\/"},{"@type":"ListItem","position":2,"name":"Events","item":"https:\/\/culture.ixelles.be\/nl\/events\/"},{"@type":"ListItem","position":3,"name":"Fundraiser Patat Tegen Armoede &#8211; Patate contre la pauvret\u00e9"}]},{"@type":"WebSite","@id":"https:\/\/culture.ixelles.be\/nl\/#website","url":"https:\/\/culture.ixelles.be\/nl\/","name":"Ixelles","description":"","publisher":{"@id":"https:\/\/culture.ixelles.be\/nl\/#organization"},"potentialAction":[{"@type":"SearchAction","target":{"@type":"EntryPoint","urlTemplate":"https:\/\/culture.ixelles.be\/nl\/?s={search_term_string}"},"query-input":{"@type":"PropertyValueSpecification","valueRequired":true,"valueName":"search_term_string"}}],"inLanguage":"nl-NL"},{"@type":"Organization","@id":"https:\/\/culture.ixelles.be\/nl\/#organization","name":"Service culture Ixelles","url":"https:\/\/culture.ixelles.be\/nl\/","logo":{"@type":"ImageObject","inLanguage":"nl-NL","@id":"https:\/\/culture.ixelles.be\/nl\/#\/schema\/logo\/image\/","url":"https:\/\/culture.ixelles.be\/wp-content\/uploads\/2021\/05\/ixelles_green.svg","contentUrl":"https:\/\/culture.ixelles.be\/wp-content\/uploads\/2021\/05\/ixelles_green.svg","width":1,"height":1,"caption":"Service culture Ixelles"},"image":{"@id":"https:\/\/culture.ixelles.be\/nl\/#\/schema\/logo\/image\/"}}]}},"_links":{"self":[{"href":"https:\/\/culture.ixelles.be\/nl\/wp-json\/wp\/v2\/events\/1989551"}],"collection":[{"href":"https:\/\/culture.ixelles.be\/nl\/wp-json\/wp\/v2\/events"}],"about":[{"href":"https:\/\/culture.ixelles.be\/nl\/wp-json\/wp\/v2\/types\/events"}],"author":[{"embeddable":true,"href":"https:\/\/culture.ixelles.be\/nl\/wp-json\/wp\/v2\/users\/1"}],"replies":[{"embeddable":true,"href":"https:\/\/culture.ixelles.be\/nl\/wp-json\/wp\/v2\/comments?post=1989551"}],"version-history":[{"count":0,"href":"https:\/\/culture.ixelles.be\/nl\/wp-json\/wp\/v2\/events\/1989551\/revisions"}],"wp:featuredmedia":[{"embeddable":true,"href":"https:\/\/culture.ixelles.be\/nl\/wp-json\/wp\/v2\/media\/1989553"}],"wp:attachment":[{"href":"https:\/\/culture.ixelles.be\/nl\/wp-json\/wp\/v2\/media?parent=1989551"}],"curies":[{"name":"wp","href":"https:\/\/api.w.org\/{rel}","templated":true}]}}

Fundraiser Patat Tegen Armoede &#8211;  Patate contre la pauvreté

<p>Locatie/lieu: Den Teirling (Maesstraat 89, Rue Maes 89, Elsene/Ixelles)  NL /  Fundraiser in het kader van de Werelddag van het Verzet tegen Armoede. Kom een lekkere Stoemp Saucisse eten (vlees of veggie) ten voordele van 8 Brusselse armoede-verenigingen. Klaargemaakt en geserveerd door vrijwilligers.   FR /  Collecte de fonds dans le cadre de la Journée mondiale de lutte contre la pauvreté. Rejoignez-nous pour déguster un délicieux « Stoemp Saucisse » préparé et servi par des bénévoles, au profit des associations bruxelloises de lutte contre la pauvreté.   Deze activiteit maakt deel uit van &#8216;Een stevige patat tegen armoede&#8217;, een solidariteitsactie van N22, het netwerk van de 22 Brusselse gemeenschapscentra. Samen zetten we ons in voor Brusselaars in een kwetsbare situatie. Meer info vind je op de campagnepagina: Een stevige patat tegen armoede.  Org. vrijwilligers/bénévoles Elzenhof, Femma Elsene &amp; Den Teirling</p>

<p>Locatie/lieu: Den Teirling (Maesstraat 89, Rue Maes 89, Elsene/Ixelles) NL / Fundraiser in het kader van de Werelddag van het Verzet tegen Armoede. Kom een lekkere Stoemp Saucisse eten (vlees of veggie) ten voordele van 8 Brusselse armoede-verenigingen. Klaargemaakt en geserveerd door vrijwilligers. FR / Collecte de fonds dans le cadre de la Journée mondiale [&hellip;]</p>

<!-- This site is optimized with the Yoast SEO plugin v24.5 - https://yoast.com/wordpress/plugins/seo/ -->
<title>Fundraiser Patat Tegen Armoede - Patate contre la pauvreté - Ixelles</title>
<meta name="robots" content="index, follow, max-snippet:-1, max-image-preview:large, max-video-preview:-1" />
<link rel="canonical" href="https://culture.ixelles.be/nl/events/fundraiser-patat-tegen-armoede-patate-contre-la-pauvrete/" />
<meta property="og:locale" content="nl_NL" />
<meta property="og:type" content="article" />
<meta property="og:title" content="Fundraiser Patat Tegen Armoede - Patate contre la pauvreté - Ixelles" />
<meta property="og:url" content="https://culture.ixelles.be/nl/events/fundraiser-patat-tegen-armoede-patate-contre-la-pauvrete/" />
<meta property="og:site_name" content="Ixelles" />
<meta name="twitter:card" content="summary_large_image" />
<meta name="twitter:label1" content="Geschatte leestijd" />
	<meta name="twitter:data1" content="1 minuut" />
<script type="application/ld+json" class="yoast-schema-graph">{"@context":"https://schema.org","@graph":[{"@type":"WebPage","@id":"https://culture.ixelles.be/nl/events/fundraiser-patat-tegen-armoede-patate-contre-la-pauvrete/","url":"https://culture.ixelles.be/nl/events/fundraiser-patat-tegen-armoede-patate-contre-la-pauvrete/","name":"Fundraiser Patat Tegen Armoede - Patate contre la pauvreté - Ixelles","isPartOf":{"@id":"https://culture.ixelles.be/nl/#website"},"primaryImageOfPage":{"@id":"https://culture.ixelles.be/nl/events/fundraiser-patat-tegen-armoede-patate-contre-la-pauvrete/#primaryimage"},"image":{"@id":"https://culture.ixelles.be/nl/events/fundraiser-patat-tegen-armoede-patate-contre-la-pauvrete/#primaryimage"},"thumbnailUrl":"https://culture.ixelles.be/wp-content/uploads/2026/09/1788237197774-47bd5d956db4b18fc818cab016e4dc61a395ace2.png","datePublished":"2026-09-01T23:09:21+00:00","breadcrumb":{"@id":"https://culture.ixelles.be/nl/events/fundraiser-patat-tegen-armoede-patate-contre-la-pauvrete/#breadcrumb"},"inLanguage":"nl-NL","potentialAction":[{"@type":"ReadAction","target":["https://culture.ixelles.be/nl/events/fundraiser-patat-tegen-armoede-patate-contre-la-pauvrete/"]}]},{"@type":"ImageObject","inLanguage":"nl-NL","@id":"https://culture.ixelles.be/nl/events/fundraiser-patat-tegen-armoede-patate-contre-la-pauvrete/#primaryimage","url":"https://culture.ixelles.be/wp-content/uploads/2026/09/1788237197774-47bd5d956db4b18fc818cab016e4dc61a395ace2.png","contentUrl":"https://culture.ixelles.be/wp-content/uploads/2026/09/1788237197774-47bd5d956db4b18fc818cab016e4dc61a395ace2.png","width":600,"height":422},{"@type":"BreadcrumbList","@id":"https://culture.ixelles.be/nl/events/fundraiser-patat-tegen-armoede-patate-contre-la-pauvrete/#breadcrumb","itemListElement":[{"@type":"ListItem","position":1,"name":"Accueil","item":"https://culture.ixelles.be/nl/"},{"@type":"ListItem","position":2,"name":"Events","item":"https://culture.ixelles.be/nl/events/"},{"@type":"ListItem","position":3,"name":"Fundraiser Patat Tegen Armoede &#8211; Patate contre la pauvreté"}]},{"@type":"WebSite","@id":"https://culture.ixelles.be/nl/#website","url":"https://culture.ixelles.be/nl/","name":"Ixelles","description":"","publisher":{"@id":"https://culture.ixelles.be/nl/#organization"},"potentialAction":[{"@type":"SearchAction","target":{"@type":"EntryPoint","urlTemplate":"https://culture.ixelles.be/nl/?s={search_term_string}"},"query-input":{"@type":"PropertyValueSpecification","valueRequired":true,"valueName":"search_term_string"}}],"inLanguage":"nl-NL"},{"@type":"Organization","@id":"https://culture.ixelles.be/nl/#organization","name":"Service culture Ixelles","url":"https://culture.ixelles.be/nl/","logo":{"@type":"ImageObject","inLanguage":"nl-NL","@id":"https://culture.ixelles.be/nl/#/schema/logo/image/","url":"https://culture.ixelles.be/wp-content/uploads/2021/05/ixelles_green.svg","contentUrl":"https://culture.ixelles.be/wp-content/uploads/2021/05/ixelles_green.svg","width":1,"height":1,"caption":"Service culture Ixelles"},"image":{"@id":"https://culture.ixelles.be/nl/#/schema/logo/image/"}}]}</script>
<!-- / Yoast SEO plugin. -->

Fundraiser Patat Tegen Armoede - Patate contre la pauvreté - Ixelles

Fundraiser Patat Tegen Armoede &#8211; Patate contre la pauvreté
