{"id":1379141,"date":"2023-02-03T01:00:04","date_gmt":"2023-02-03T01:00:04","guid":{"rendered":"https:\/\/culture.ixelles.be\/places\/qg-van-usquare-brussels\/"},"modified":"2024-04-20T00:10:21","modified_gmt":"2024-04-20T00:10:21","slug":"qg-van-usquare-brussels","status":"publish","type":"places","link":"https:\/\/culture.ixelles.be\/nl\/places\/qg-van-usquare-brussels\/","title":{"rendered":"QG van Usquare.brussels"},"content":{"rendered":"<p>Het HQ is de tijdelijke bezetting van de site Usquare.brussels. <\/p>\n<p>Terwijl de werken aan de site Usquare.brussels doorgaan, heeft pali pali voor u een nieuwe ontmoetingsplaats bedacht in de geest van See U! Het HQ huisvest een twintigtal projecten met een sociale, culturele en duurzame ontwikkelingsori\u00ebntatie en biedt zijn bezoekers een rijk en gevarieerd programma: yogalessen, een co\u00f6peratieve supermarkt (P\u00e9dalo), een ontsnappingsspel (Dystopia), kunsttentoonstellingen, allerhande workshops, eet- en muziekevenementen. <\/p>\n<p>Het HQ is als de See U, maar dan kleiner en gezelliger!<\/p>\n","protected":false},"excerpt":{"rendered":"<p>Het HQ is de tijdelijke bezetting van de site Usquare.brussels. Terwijl de werken aan de site Usquare.brussels doorgaan, heeft pali pali voor u een nieuwe ontmoetingsplaats bedacht in de geest van See U! Het HQ huisvest een twintigtal projecten met een sociale, culturele en duurzame ontwikkelingsori\u00ebntatie en biedt zijn bezoekers een rijk en gevarieerd programma: [&hellip;]<\/p>\n","protected":false},"author":1,"featured_media":1546734,"parent":0,"comment_status":"closed","ping_status":"closed","template":"","meta":{"_acf_changed":false,"_monsterinsights_skip_tracking":false,"_monsterinsights_sitenote_active":false,"_monsterinsights_sitenote_note":"","_monsterinsights_sitenote_category":0,"footnotes":""},"acf":{"original_id":"279902","published_at":"2023-02-02T15:22:32+01:00","last_updated_at":"2024-04-19T21:00:20+02:00","website":"https:\/\/www.facebook.com\/Usquare.brussels","phone_booking":"","address_city":"Elsene","phone_contact":"","lat":"50.82271671","lon":"4.38486828","address_line1":"Rue Fritz Toussaint, 8","prices":"[]","ratings":"{}","stib_mivb_stops":"[]","is_closed_on_public_holidays":"","can_be_privatized":"","is_accessible_pmr":"","facebook_link":"","date_exceptions":"[]","closing_days":"[]","weekschema":"[]","_event_gallery":"https:\/\/culture.ixelles.be\/wp-content\/uploads\/2023\/02\/79d8943689f0cee2e2155600487e08b35483f967.jpg","_event_pictures":"https:\/\/culture.ixelles.be\/wp-content\/uploads\/2023\/02\/79d8943689f0cee2e2155600487e08b35483f967.jpg"},"yoast_head":"<!-- This site is optimized with the Yoast SEO plugin v24.5 - https:\/\/yoast.com\/wordpress\/plugins\/seo\/ -->\n<title>QG van Usquare.brussels - Ixelles<\/title>\n<meta name=\"robots\" content=\"index, follow, max-snippet:-1, max-image-preview:large, max-video-preview:-1\" \/>\n<link rel=\"canonical\" href=\"https:\/\/culture.ixelles.be\/nl\/places\/qg-van-usquare-brussels\/\" \/>\n<meta property=\"og:locale\" content=\"nl_NL\" \/>\n<meta property=\"og:type\" content=\"article\" \/>\n<meta property=\"og:title\" content=\"QG van Usquare.brussels - Ixelles\" \/>\n<meta property=\"og:description\" content=\"Het HQ is de tijdelijke bezetting van de site Usquare.brussels. Terwijl de werken aan de site Usquare.brussels doorgaan, heeft pali pali voor u een nieuwe ontmoetingsplaats bedacht in de geest van See U! Het HQ huisvest een twintigtal projecten met een sociale, culturele en duurzame ontwikkelingsori\u00ebntatie en biedt zijn bezoekers een rijk en gevarieerd programma: [&hellip;]\" \/>\n<meta property=\"og:url\" content=\"https:\/\/culture.ixelles.be\/nl\/places\/qg-van-usquare-brussels\/\" \/>\n<meta property=\"og:site_name\" content=\"Ixelles\" \/>\n<meta property=\"article:modified_time\" content=\"2024-04-20T00:10:21+00:00\" \/>\n<meta property=\"og:image\" content=\"https:\/\/i0.wp.com\/culture.ixelles.be\/wp-content\/uploads\/2023\/02\/79d8943689f0cee2e2155600487e08b35483f967.jpg?fit=1920%2C1080&ssl=1\" \/>\n\t<meta property=\"og:image:width\" content=\"1920\" \/>\n\t<meta property=\"og:image:height\" content=\"1080\" \/>\n\t<meta property=\"og:image:type\" content=\"image\/jpeg\" \/>\n<meta name=\"twitter:card\" content=\"summary_large_image\" \/>\n<script type=\"application\/ld+json\" class=\"yoast-schema-graph\">{\"@context\":\"https:\/\/schema.org\",\"@graph\":[{\"@type\":\"WebPage\",\"@id\":\"https:\/\/culture.ixelles.be\/nl\/places\/qg-van-usquare-brussels\/\",\"url\":\"https:\/\/culture.ixelles.be\/nl\/places\/qg-van-usquare-brussels\/\",\"name\":\"QG van Usquare.brussels - Ixelles\",\"isPartOf\":{\"@id\":\"https:\/\/culture.ixelles.be\/nl\/#website\"},\"primaryImageOfPage\":{\"@id\":\"https:\/\/culture.ixelles.be\/nl\/places\/qg-van-usquare-brussels\/#primaryimage\"},\"image\":{\"@id\":\"https:\/\/culture.ixelles.be\/nl\/places\/qg-van-usquare-brussels\/#primaryimage\"},\"thumbnailUrl\":\"https:\/\/culture.ixelles.be\/wp-content\/uploads\/2023\/02\/79d8943689f0cee2e2155600487e08b35483f967.jpg\",\"datePublished\":\"2023-02-03T01:00:04+00:00\",\"dateModified\":\"2024-04-20T00:10:21+00:00\",\"breadcrumb\":{\"@id\":\"https:\/\/culture.ixelles.be\/nl\/places\/qg-van-usquare-brussels\/#breadcrumb\"},\"inLanguage\":\"nl-NL\",\"potentialAction\":[{\"@type\":\"ReadAction\",\"target\":[\"https:\/\/culture.ixelles.be\/nl\/places\/qg-van-usquare-brussels\/\"]}]},{\"@type\":\"ImageObject\",\"inLanguage\":\"nl-NL\",\"@id\":\"https:\/\/culture.ixelles.be\/nl\/places\/qg-van-usquare-brussels\/#primaryimage\",\"url\":\"https:\/\/culture.ixelles.be\/wp-content\/uploads\/2023\/02\/79d8943689f0cee2e2155600487e08b35483f967.jpg\",\"contentUrl\":\"https:\/\/culture.ixelles.be\/wp-content\/uploads\/2023\/02\/79d8943689f0cee2e2155600487e08b35483f967.jpg\",\"width\":1920,\"height\":1080},{\"@type\":\"BreadcrumbList\",\"@id\":\"https:\/\/culture.ixelles.be\/nl\/places\/qg-van-usquare-brussels\/#breadcrumb\",\"itemListElement\":[{\"@type\":\"ListItem\",\"position\":1,\"name\":\"Accueil\",\"item\":\"https:\/\/culture.ixelles.be\/nl\/\"},{\"@type\":\"ListItem\",\"position\":2,\"name\":\"Places\",\"item\":\"https:\/\/culture.ixelles.be\/nl\/places\/\"},{\"@type\":\"ListItem\",\"position\":3,\"name\":\"QG van Usquare.brussels\"}]},{\"@type\":\"WebSite\",\"@id\":\"https:\/\/culture.ixelles.be\/nl\/#website\",\"url\":\"https:\/\/culture.ixelles.be\/nl\/\",\"name\":\"Ixelles\",\"description\":\"\",\"publisher\":{\"@id\":\"https:\/\/culture.ixelles.be\/nl\/#organization\"},\"potentialAction\":[{\"@type\":\"SearchAction\",\"target\":{\"@type\":\"EntryPoint\",\"urlTemplate\":\"https:\/\/culture.ixelles.be\/nl\/?s={search_term_string}\"},\"query-input\":{\"@type\":\"PropertyValueSpecification\",\"valueRequired\":true,\"valueName\":\"search_term_string\"}}],\"inLanguage\":\"nl-NL\"},{\"@type\":\"Organization\",\"@id\":\"https:\/\/culture.ixelles.be\/nl\/#organization\",\"name\":\"Service culture Ixelles\",\"url\":\"https:\/\/culture.ixelles.be\/nl\/\",\"logo\":{\"@type\":\"ImageObject\",\"inLanguage\":\"nl-NL\",\"@id\":\"https:\/\/culture.ixelles.be\/nl\/#\/schema\/logo\/image\/\",\"url\":\"https:\/\/culture.ixelles.be\/wp-content\/uploads\/2021\/05\/ixelles_green.svg\",\"contentUrl\":\"https:\/\/culture.ixelles.be\/wp-content\/uploads\/2021\/05\/ixelles_green.svg\",\"width\":1,\"height\":1,\"caption\":\"Service culture Ixelles\"},\"image\":{\"@id\":\"https:\/\/culture.ixelles.be\/nl\/#\/schema\/logo\/image\/\"}}]}<\/script>\n<!-- \/ Yoast SEO plugin. -->","yoast_head_json":{"title":"QG van Usquare.brussels - Ixelles","robots":{"index":"index","follow":"follow","max-snippet":"max-snippet:-1","max-image-preview":"max-image-preview:large","max-video-preview":"max-video-preview:-1"},"canonical":"https:\/\/culture.ixelles.be\/nl\/places\/qg-van-usquare-brussels\/","og_locale":"nl_NL","og_type":"article","og_title":"QG van Usquare.brussels - Ixelles","og_description":"Het HQ is de tijdelijke bezetting van de site Usquare.brussels. Terwijl de werken aan de site Usquare.brussels doorgaan, heeft pali pali voor u een nieuwe ontmoetingsplaats bedacht in de geest van See U! Het HQ huisvest een twintigtal projecten met een sociale, culturele en duurzame ontwikkelingsori\u00ebntatie en biedt zijn bezoekers een rijk en gevarieerd programma: [&hellip;]","og_url":"https:\/\/culture.ixelles.be\/nl\/places\/qg-van-usquare-brussels\/","og_site_name":"Ixelles","article_modified_time":"2024-04-20T00:10:21+00:00","og_image":[{"width":1920,"height":1080,"url":"https:\/\/i0.wp.com\/culture.ixelles.be\/wp-content\/uploads\/2023\/02\/79d8943689f0cee2e2155600487e08b35483f967.jpg?fit=1920%2C1080&ssl=1","type":"image\/jpeg"}],"twitter_card":"summary_large_image","schema":{"@context":"https:\/\/schema.org","@graph":[{"@type":"WebPage","@id":"https:\/\/culture.ixelles.be\/nl\/places\/qg-van-usquare-brussels\/","url":"https:\/\/culture.ixelles.be\/nl\/places\/qg-van-usquare-brussels\/","name":"QG van Usquare.brussels - Ixelles","isPartOf":{"@id":"https:\/\/culture.ixelles.be\/nl\/#website"},"primaryImageOfPage":{"@id":"https:\/\/culture.ixelles.be\/nl\/places\/qg-van-usquare-brussels\/#primaryimage"},"image":{"@id":"https:\/\/culture.ixelles.be\/nl\/places\/qg-van-usquare-brussels\/#primaryimage"},"thumbnailUrl":"https:\/\/culture.ixelles.be\/wp-content\/uploads\/2023\/02\/79d8943689f0cee2e2155600487e08b35483f967.jpg","datePublished":"2023-02-03T01:00:04+00:00","dateModified":"2024-04-20T00:10:21+00:00","breadcrumb":{"@id":"https:\/\/culture.ixelles.be\/nl\/places\/qg-van-usquare-brussels\/#breadcrumb"},"inLanguage":"nl-NL","potentialAction":[{"@type":"ReadAction","target":["https:\/\/culture.ixelles.be\/nl\/places\/qg-van-usquare-brussels\/"]}]},{"@type":"ImageObject","inLanguage":"nl-NL","@id":"https:\/\/culture.ixelles.be\/nl\/places\/qg-van-usquare-brussels\/#primaryimage","url":"https:\/\/culture.ixelles.be\/wp-content\/uploads\/2023\/02\/79d8943689f0cee2e2155600487e08b35483f967.jpg","contentUrl":"https:\/\/culture.ixelles.be\/wp-content\/uploads\/2023\/02\/79d8943689f0cee2e2155600487e08b35483f967.jpg","width":1920,"height":1080},{"@type":"BreadcrumbList","@id":"https:\/\/culture.ixelles.be\/nl\/places\/qg-van-usquare-brussels\/#breadcrumb","itemListElement":[{"@type":"ListItem","position":1,"name":"Accueil","item":"https:\/\/culture.ixelles.be\/nl\/"},{"@type":"ListItem","position":2,"name":"Places","item":"https:\/\/culture.ixelles.be\/nl\/places\/"},{"@type":"ListItem","position":3,"name":"QG van Usquare.brussels"}]},{"@type":"WebSite","@id":"https:\/\/culture.ixelles.be\/nl\/#website","url":"https:\/\/culture.ixelles.be\/nl\/","name":"Ixelles","description":"","publisher":{"@id":"https:\/\/culture.ixelles.be\/nl\/#organization"},"potentialAction":[{"@type":"SearchAction","target":{"@type":"EntryPoint","urlTemplate":"https:\/\/culture.ixelles.be\/nl\/?s={search_term_string}"},"query-input":{"@type":"PropertyValueSpecification","valueRequired":true,"valueName":"search_term_string"}}],"inLanguage":"nl-NL"},{"@type":"Organization","@id":"https:\/\/culture.ixelles.be\/nl\/#organization","name":"Service culture Ixelles","url":"https:\/\/culture.ixelles.be\/nl\/","logo":{"@type":"ImageObject","inLanguage":"nl-NL","@id":"https:\/\/culture.ixelles.be\/nl\/#\/schema\/logo\/image\/","url":"https:\/\/culture.ixelles.be\/wp-content\/uploads\/2021\/05\/ixelles_green.svg","contentUrl":"https:\/\/culture.ixelles.be\/wp-content\/uploads\/2021\/05\/ixelles_green.svg","width":1,"height":1,"caption":"Service culture Ixelles"},"image":{"@id":"https:\/\/culture.ixelles.be\/nl\/#\/schema\/logo\/image\/"}}]}},"_links":{"self":[{"href":"https:\/\/culture.ixelles.be\/nl\/wp-json\/wp\/v2\/places\/1379141"}],"collection":[{"href":"https:\/\/culture.ixelles.be\/nl\/wp-json\/wp\/v2\/places"}],"about":[{"href":"https:\/\/culture.ixelles.be\/nl\/wp-json\/wp\/v2\/types\/places"}],"author":[{"embeddable":true,"href":"https:\/\/culture.ixelles.be\/nl\/wp-json\/wp\/v2\/users\/1"}],"replies":[{"embeddable":true,"href":"https:\/\/culture.ixelles.be\/nl\/wp-json\/wp\/v2\/comments?post=1379141"}],"version-history":[{"count":1,"href":"https:\/\/culture.ixelles.be\/nl\/wp-json\/wp\/v2\/places\/1379141\/revisions"}],"predecessor-version":[{"id":1379194,"href":"https:\/\/culture.ixelles.be\/nl\/wp-json\/wp\/v2\/places\/1379141\/revisions\/1379194"}],"wp:featuredmedia":[{"embeddable":true,"href":"https:\/\/culture.ixelles.be\/nl\/wp-json\/wp\/v2\/media\/1546734"}],"wp:attachment":[{"href":"https:\/\/culture.ixelles.be\/nl\/wp-json\/wp\/v2\/media?parent=1379141"}],"curies":[{"name":"wp","href":"https:\/\/api.w.org\/{rel}","templated":true}]}}

<p>Het HQ is de tijdelijke bezetting van de site Usquare.brussels. </p>
<p>Terwijl de werken aan de site Usquare.brussels doorgaan, heeft pali pali voor u een nieuwe ontmoetingsplaats bedacht in de geest van See U! Het HQ huisvest een twintigtal projecten met een sociale, culturele en duurzame ontwikkelingsoriëntatie en biedt zijn bezoekers een rijk en gevarieerd programma: yogalessen, een coöperatieve supermarkt (Pédalo), een ontsnappingsspel (Dystopia), kunsttentoonstellingen, allerhande workshops, eet- en muziekevenementen. </p>
<p>Het HQ is als de See U, maar dan kleiner en gezelliger!</p>

<p>Het HQ is de tijdelijke bezetting van de site Usquare.brussels. Terwijl de werken aan de site Usquare.brussels doorgaan, heeft pali pali voor u een nieuwe ontmoetingsplaats bedacht in de geest van See U! Het HQ huisvest een twintigtal projecten met een sociale, culturele en duurzame ontwikkelingsoriëntatie en biedt zijn bezoekers een rijk en gevarieerd programma: [&hellip;]</p>

<!-- This site is optimized with the Yoast SEO plugin v24.5 - https://yoast.com/wordpress/plugins/seo/ -->
<title>QG van Usquare.brussels - Ixelles</title>
<meta name="robots" content="index, follow, max-snippet:-1, max-image-preview:large, max-video-preview:-1" />
<link rel="canonical" href="https://culture.ixelles.be/nl/places/qg-van-usquare-brussels/" />
<meta property="og:locale" content="nl_NL" />
<meta property="og:type" content="article" />
<meta property="og:title" content="QG van Usquare.brussels - Ixelles" />
<meta property="og:description" content="Het HQ is de tijdelijke bezetting van de site Usquare.brussels. Terwijl de werken aan de site Usquare.brussels doorgaan, heeft pali pali voor u een nieuwe ontmoetingsplaats bedacht in de geest van See U! Het HQ huisvest een twintigtal projecten met een sociale, culturele en duurzame ontwikkelingsoriëntatie en biedt zijn bezoekers een rijk en gevarieerd programma: [&hellip;]" />
<meta property="og:url" content="https://culture.ixelles.be/nl/places/qg-van-usquare-brussels/" />
<meta property="og:site_name" content="Ixelles" />
<meta property="article:modified_time" content="2024-04-20T00:10:21+00:00" />
<meta property="og:image" content="https://i0.wp.com/culture.ixelles.be/wp-content/uploads/2023/02/79d8943689f0cee2e2155600487e08b35483f967.jpg?fit=1920%2C1080&ssl=1" />
	<meta property="og:image:width" content="1920" />
	<meta property="og:image:height" content="1080" />
	<meta property="og:image:type" content="image/jpeg" />
<meta name="twitter:card" content="summary_large_image" />
<script type="application/ld+json" class="yoast-schema-graph">{"@context":"https://schema.org","@graph":[{"@type":"WebPage","@id":"https://culture.ixelles.be/nl/places/qg-van-usquare-brussels/","url":"https://culture.ixelles.be/nl/places/qg-van-usquare-brussels/","name":"QG van Usquare.brussels - Ixelles","isPartOf":{"@id":"https://culture.ixelles.be/nl/#website"},"primaryImageOfPage":{"@id":"https://culture.ixelles.be/nl/places/qg-van-usquare-brussels/#primaryimage"},"image":{"@id":"https://culture.ixelles.be/nl/places/qg-van-usquare-brussels/#primaryimage"},"thumbnailUrl":"https://culture.ixelles.be/wp-content/uploads/2023/02/79d8943689f0cee2e2155600487e08b35483f967.jpg","datePublished":"2023-02-03T01:00:04+00:00","dateModified":"2024-04-20T00:10:21+00:00","breadcrumb":{"@id":"https://culture.ixelles.be/nl/places/qg-van-usquare-brussels/#breadcrumb"},"inLanguage":"nl-NL","potentialAction":[{"@type":"ReadAction","target":["https://culture.ixelles.be/nl/places/qg-van-usquare-brussels/"]}]},{"@type":"ImageObject","inLanguage":"nl-NL","@id":"https://culture.ixelles.be/nl/places/qg-van-usquare-brussels/#primaryimage","url":"https://culture.ixelles.be/wp-content/uploads/2023/02/79d8943689f0cee2e2155600487e08b35483f967.jpg","contentUrl":"https://culture.ixelles.be/wp-content/uploads/2023/02/79d8943689f0cee2e2155600487e08b35483f967.jpg","width":1920,"height":1080},{"@type":"BreadcrumbList","@id":"https://culture.ixelles.be/nl/places/qg-van-usquare-brussels/#breadcrumb","itemListElement":[{"@type":"ListItem","position":1,"name":"Accueil","item":"https://culture.ixelles.be/nl/"},{"@type":"ListItem","position":2,"name":"Places","item":"https://culture.ixelles.be/nl/places/"},{"@type":"ListItem","position":3,"name":"QG van Usquare.brussels"}]},{"@type":"WebSite","@id":"https://culture.ixelles.be/nl/#website","url":"https://culture.ixelles.be/nl/","name":"Ixelles","description":"","publisher":{"@id":"https://culture.ixelles.be/nl/#organization"},"potentialAction":[{"@type":"SearchAction","target":{"@type":"EntryPoint","urlTemplate":"https://culture.ixelles.be/nl/?s={search_term_string}"},"query-input":{"@type":"PropertyValueSpecification","valueRequired":true,"valueName":"search_term_string"}}],"inLanguage":"nl-NL"},{"@type":"Organization","@id":"https://culture.ixelles.be/nl/#organization","name":"Service culture Ixelles","url":"https://culture.ixelles.be/nl/","logo":{"@type":"ImageObject","inLanguage":"nl-NL","@id":"https://culture.ixelles.be/nl/#/schema/logo/image/","url":"https://culture.ixelles.be/wp-content/uploads/2021/05/ixelles_green.svg","contentUrl":"https://culture.ixelles.be/wp-content/uploads/2021/05/ixelles_green.svg","width":1,"height":1,"caption":"Service culture Ixelles"},"image":{"@id":"https://culture.ixelles.be/nl/#/schema/logo/image/"}}]}</script>
<!-- / Yoast SEO plugin. -->

Het HQ is de tijdelijke bezetting van de site Usquare.brussels. Terwijl de werken aan de site Usquare.brussels doorgaan, heeft pali pali voor u een nieuwe ontmoetingsplaats bedacht in de geest van See U! Het HQ huisvest een twintigtal projecten met een sociale, culturele en duurzame ontwikkelingsoriëntatie en biedt zijn bezoekers een rijk en gevarieerd programma: [&hellip;]
